-- http://www.phpmyadmin.net
--
-- Erstellungszeit: 30. Mai 2014 um 17:13
-- Server Version: 5.5.9
-- PHP-Version: 5.3.5




--
-- Datenbank: `randshop_testversion`
--

-- --------------------------------------------------------

--
-- Tabellenstruktur für Tabelle `randshop_agbhosting`
--

CREATE TABLE `randshop_agbhosting` (
  `agbhosting_id` int(10) unsigned NOT NULL AUTO_INCREMENT,
  `vendor_id` int(10) unsigned NOT NULL,
  `name` varchar(255) COLLATE utf8_unicode_ci NOT NULL,
  `document` varchar(255) COLLATE utf8_unicode_ci NOT NULL,
  `text` text COLLATE utf8_unicode_ci NOT NULL,
  `last_change` datetime NOT NULL,
  PRIMARY KEY (`agbhosting_id`)
) ENGINE=InnoDB  DEFAULT CHARSET=utf8 COLLATE=utf8_unicode_ci AUTO_INCREMENT=11 ;

--
-- Daten für Tabelle `randshop_agbhosting`
--

INSERT INTO `randshop_agbhosting` VALUES(1, 1, 'Protected Shops / AGB', 'AGB', '<b>1. Geltungsbereich</b><br><br>1.1 Diese Geschäftsbedingungen der "Mustermann GmbH" (nachfolgend "Verkäufer"), gelten für alle Verträge, die der Kunde mit dem Verkäufer hinsichtlich der im Online-Shop des Verkäufers dargestellten Produkte und/oder Leistungen abschließt. Hiermit wird der Einbeziehung von eigenen Bedingungen des Kunden widersprochen, es sei denn, es ist etwas anderes vereinbart.<br><br>\n1.2 Kunden im Sinne der Ziffer 1.1 sind sowohl Verbraucher als auch Unternehmer, wobei ein Verbraucher jede natürliche Person ist, die ein Rechtsgeschäft zu einem Zweck abschließt, der weder ihrer gewerblichen noch ihrer selbständigen beruflichen Tätigkeit zugerechnet werden kann. Dagegen ist ein Unternehmer jede natürliche oder juristische Person oder eine rechtsfähige Personengesellschaft, die bei Abschluss eines Rechtsgeschäfts in Ausübung ihrer selbständigen beruflichen oder gewerblichen Tätigkeit handelt.<br><br>\n<b>2. Vertragsschluss</b><br><br>2.1 Die im Online-Shop des Verkäufers enthaltenen Produktdarstellungen dienen zur Abgabe eines rechtlich verbindlichen Angebots durch den Kunden.<br><br>\n2.2 Der Kunde kann das Angebot telefonisch, schriftlich, per Fax, per Email oder über das im Online-Shop des Verkäufers integrierte Online-Bestellformular abgeben. Bei einer Bestellung über das Online-Bestellformular gibt der Kunde nach Eingabe seiner persönlichen Daten und durch Klicken des Buttons "Bestellung Abschicken" im abschließenden Schritt des Bestellprozesses ein rechtlich verbindliches Vertragsangebot in Bezug auf die im Warenkorb enthaltenen Waren ab. Vor verbindlicher Abgabe der Bestellung können alle Eingaben laufend über die üblichen Tastatur- und Mausfunktionen korrigiert werden. Darüber hinaus werden alle Eingaben vor verbindlicher Abgabe der Bestellung noch einmal in einem Bestätigungsfenster angezeigt und können auch dort mittels der üblichen Tastatur- und Mausfunktionen korrigiert werden.<br><br>\n2.3 Gibt der Kunde sein Angebot per Fax, per E-Mail oder über das im Online-Shop des Verkäufers integrierte Online-Bestellformular ab, wird der Verkäufer den Zugang des Angebots des Kunden unverzüglich auf elektronischem Wege (Fax oder E-Mail) bestätigen.<br><br>\n2.4 Der Verkäufer kann das Angebot des Kunden durch eine schriftliche (Brief) oder elektronisch übermittelte (Fax oder E-Mail) Auftragsbestätigung oder durch Auslieferung der Ware innerhalb von fünf Tagen annehmen. Der Verkäufer ist berechtigt, die Annahme der Bestellung abzulehnen.<br><br>\n2.5 Die Bestelldaten werden vom Verkäufer gespeichert und können vom Kunden nach Absendung seiner Bestellung aber nicht über die Homepage des Verkäufers abgerufen werden.<br><br>\n2.6 Die Bestellabwicklung und Kontaktaufnahme finden in der Regel per E-Mail und automatisierter Bestellabwicklung statt. Der Kunde hat sicherzustellen, dass die von ihm zur Bestellabwicklung angegebene E-Mail-Adresse zutreffend ist, so dass unter dieser Adresse die vom Verkäufer versandten E-Mails empfangen werden können. Insbesondere hat der Kunde bei dem Einsatz von SPAM-Filtern sicherzustellen, dass alle vom Verkäufer oder von diesem mit der Bestellabwicklung beauftragten Dritten versandten Mails zugestellt werden können.<br><br>\n<b>3. Rücksendekosten bei Ausübung des Widerrufsrechts</b><br><br>Hat der Kunde ein Widerrufsrecht, so werden ihm bei Ausübung des Widerrufsrechts die regelmäßigen Kosten der Rücksendung auferlegt, wenn der Preis der zurückzusendenden Sache einen Betrag von 40,00 EUR nicht übersteigt oder wenn bei einem höheren Preis der Sache der Kunde die Gegenleistung oder eine Teilzahlung zum Zeitpunkt des Widerrufs noch nicht erbracht hat, es sei denn, dass die gelieferte Ware nicht der bestellten entspricht. In allen anderen Fällen trägt der Verkäufer die Kosten der Rücksendung.<br><br>\n<b>4. Preise und Zahlungsbedingungen</b><br><br>4.1 Die angegebenen Preise des Verkäufers sind Endpreise, d.h. sie beinhalten sämtliche Preisbestandteile, einschließlich der gesetzlichen deutschen Umsatzsteuer. Gegebenenfalls zusätzlich anfallende Liefer- und Versandkosten werden bei der jeweiligen Produktdarstellung im Angebot gesondert angegeben.<br><br>\n4.2 Für Lieferungen innerhalb Deutschlands bietet der Verkäufer folgende Zahlungsmöglichkeiten an, sofern in der jeweiligen Produktdarstellung im Angebot nichts anderes bestimmt ist:\n\n<br>- Vorauskasse per<br>- Überweisung<br>- Kreditkarte (Visa, American Express)<br>- PayPal<br>- Lieferung auf Rechnung<br><br><br>\n4.3 Wird für das jeweilige Produkt zusätzlich ein Versand ins Ausland angeboten, hat der Kunde für Lieferungen ins Ausland folgende Zahlungsmöglichkeiten, sofern in der jeweiligen Produktdarstellung im Angebot nichts anderes bestimmt ist:\n\n<br>- Vorauskasse per Kreditkarte (Visa, Mastercard, American Express)<br>- Lieferung auf Rechnung<br><br><br>\nBei Lieferungen in Länder außerhalb der Europäischen Union fallen im Einzelfall weitere Kosten an, wie z.B. weitere Steuern und/oder Abgaben, etwa in Form von Zöllen.<br><br>\n4.4 Ist Vorauskasse vereinbart, ist die Zahlung sofort nach Vertragsabschluss fällig.<br><br>\n4.5 Bei Auswahl der Zahlungsart Lieferung auf Rechnung wird der Kaufpreis fällig, nachdem die Ware geliefert und in Rechnung gestellt wurde. In diesem Fall ist der Kaufpreis innerhalb von 20 (zwanzig) Tagen ab Erhalt der Rechnung ohne Abzug zu zahlen, sofern nichts anderes vereinbart ist.<br><br>\n4.6 Bei Zahlung auf Rechung (Rechnungskauf über paymorrow) wird die bestellte Ware gemeinsam mit der Rechnung an den Kunden versandt bzw. ausgeliefert. Der Kaufpreis ist innerhalb von 30 (dreißig) Kalendertagen nach Rechnungsdatum zur Zahlung fällig.<br><br>\n4.7 Bei Auswahl der Zahlungsart Kreditkarte wird das Kreditkartenkonto des Kunden mit Abschluss der Bestellung belastet.<br><br>\n4.8 Der Kunde ist zur Aufrechnung nur dann berechtigt, wenn die Gegenforderung unbestritten, rechtskräftig festgestellt oder von dem Verkäufer anerkannt ist.<br><br>\n4.9 Der Kunde kann ein Zurückbehaltungsrecht nur ausüben, soweit es sich um Forderungen aus demselben Vertragsverhältnis handelt.<br><br>\n<b>5. Liefer und Versandbedingungen sowie Gefahrübergang</b><br><br>5.1 Die Lieferung von Waren erfolgt regelmäßig auf dem Versandwege und an die vom Kunden angegebene Lieferanschrift. Bei der Abwicklung der Transaktion, ist die in der Kaufabwicklung des Verkäufers angegebene Lieferanschrift maßgeblich. Abweichend hiervon ist bei Auswahl der Zahlungsart PayPal die vom Kunden bei PayPal hinterlegte Lieferanschrift maßgeblich.<br><br>\n5.2 Ist eine Lieferung an den Kunden nicht möglich, sendet das beauftragte Transportunternehmen die Ware an den Verkäufer zurück, wobei der Kunde die Kosten für die erfolglose Anlieferung zu tragen hat. Dies gilt nicht, wenn der Kunde vorübergehend an der Annahme der angebotenen Leistung verhindert war, es sei denn, dass der Verkäufer ihm die Leistung eine angemessene Zeit vorher angekündigt hatte oder wenn der Kunde hierdurch sein Widerrufsrecht ausübt.<br><br>\n5.3 Grundsätzlich geht die Gefahr des zufälligen Untergangs und der zufälligen Verschlechterung der verkauften Ware mit der Übergabe an den Kunden oder eine empfangsberechtigte Person über. Handelt es sich bei dem Kunden um einen Unternehmer (dieser handelt in Ausübung seiner gewerblichen oder selbständigen beruflichen Tätigkeit; § 14 BGB), geht die Gefahr des zufälligen Untergangs und der zufälligen Verschlechterung beim Versendungskauf mit der Auslieferung der Ware am Geschäftssitz des Verkäufers an eine geeignete Transportperson über.<br><br>\n5.4 Gegenüber einem Unternehmer gelten alle vereinbarten Lieferfristen vorbehaltlich richtiger und rechtzeitiger Selbstbelieferung in Fällen, in denen der Verkäufer ein konkretes Deckungsgeschäft abgeschlossen und die fehlende Verfügbarkeit nicht zu vertreten hat.<br><br>\n<b>6. Eigentumsvorbehalt</b><br><br>Die gelieferte Ware des Verkäufers bleibt bis zur vollständigen Bezahlung im Eigentum des Verkäufers.<br><br>\n<b>7. Mängelhaftung</b><br><br>Liegt ein Mangel der Kaufsache vor, gelten die gesetzlichen Vorschriften. Hiervon abweichend gilt:<br><br>\n7.1 Für Unternehmer\n- begründet ein unwesentlicher Mangel grundsätzlich keine Mängelansprüche,\n- hat der Verkäufer die Wahl der Art der Nacherfüllung,\n- beträgt bei neuen Waren die Verjährungsfrist für Mängel ein Jahr ab Gefahrübergang,\n- sind bei gebrauchten Waren die Rechte und Ansprüche wegen Mängeln  grundsätzlich ausgeschlossen,\n- beginnt die Verjährung nicht erneut, wenn im Rahmen der Mängelhaftung eine Ersatzlieferung erfolgt.<br><br>\n7.2 Für Verbraucher beträgt die Verjährungsfrist für Mängelansprüche\n<br>- bei neuen Waren zwei Jahre ab Ablieferung der Ware an den Kunden.\n<br>- bei gebrauchten Waren ein Jahr ab Ablieferung der Ware an den Kunden, mit der Einschränkung der Ziffer 7.3.<br><br>\n7.3 Für Unternehmer und Verbraucher gilt, dass die vorstehenden Haftungsbeschränkungen in Ziffer 7.1 und Ziffer 7.2 sich nicht auf Schadens- und Aufwendungsersatzansprüche beziehen, die der Käufer nach den gesetzlichen Vorschriften wegen Mängeln geltend machen kann. Für diese Ansprüche gilt Ziffer 8.<br><br>\n7.4 Darüber hinaus gilt für Unternehmer, dass  die gesetzlichen Verjährungsfristen für den Rückgriffsanspruch nach § 478 BGB unberührt bleiben. Gleiches gilt für Unternehmer und Verbraucher bei vorsätzlicher Pflichtverletzung und arglistigem Verschweigen eines Mangels.<br><br>\n7.5 Ist der Kunde Kaufmann i.S.d. § 1 HGB, trifft ihn die kaufmännische Untersuchungs- und Rügepflicht gemäß § 377 HGB. Unterlässt der Kunde die dort geregelten Anzeigepflichten, gilt die Ware als genehmigt.<br><br>\n7.6 Ist der Kunde Verbraucher, wird er gebeten, angelieferte Waren mit offensichtlichen Transportschäden bei dem Zusteller zu reklamieren und hiervon den Verkäufer in Kenntnis zu setzen. Kommt der Kunde dem nicht nach, hat dies keinerlei Auswirkungen auf seine gesetzlichen oder vertraglichen Mängelansprüche.<br><br>\n7.7 Ist die Nacherfüllung im Wege der Ersatzlieferung erfolgt, ist der Kunde dazu verpflichtet, die zuerst gelieferte Ware innerhalb von 30 Tagen an den Verkäufer auf dessen Kosten zurückzusenden. Die Rücksendung der mangelhaften Ware hat nach den gesetzlichen Vorschriften zu erfolgen.<br><br>\n7.8 Die Abtretung der Mängelansprüche des Kunden ist ausgeschlossen.<br><br>\n<b>8. Haftung</b><br><br>8.1 Der Verkäufer haftet aus jedem Rechtsgrund uneingeschränkt bei der Verletzung des Lebens, des Körpers oder der Gesundheit, bei Vorsatz  oder grober Fahrlässigkeit, bei Arglist und Garantieversprechen und wenn die Haftung nach zwingenden gesetzlichen Vorschriften, wie etwa dem Produkthaftungsgesetz, erfolgt.<br><br>\n8.2 Im Übrigen haftet der Verkäufer gleich aus welchem Rechtsgrund wie folgt:<br><br>\n8.2.1 Sofern der Verkäufer fahrlässig eine vertragswesentliche Pflicht (sog. Kardinalpflicht) verletzt hat, ist die Ersatzpflicht für Sachschäden auf den vorhersehbaren, typischerweise entstehenden Durchschnittsschaden beschränkt. Wesentliche Vertragspflichten sind Pflichten, die der Vertrag dem Verkäufer nach seinem Inhalt zur Erreichung des Vertragszwecks auferlegt, deren Erfüllung die ordnungsgemäße Durchführung des Vertrags überhaupt erst ermöglicht und auf deren Einhaltung der Kunde regelmäßig vertrauen darf.<br><br>\n8.2.2 Sofern der Verkäufer fahrlässig eine unwesentliche Vertragspflicht verletzt hat, ist die Ersatzpflicht auf  den Auftragswert begrenzt.<br><br>\n<b>9. Anwendbares Recht</b><br><br>9.1 Für sämtliche Rechtsbeziehungen der Parteien gilt das Recht der Bundesrepublik Deutschland unter Ausschluss der Gesetze über den internationalen Kauf beweglicher Waren. Bei Verbrauchern gilt diese Rechtswahl nur insoweit, als nicht der gewährte Schutz durch zwingende Bestimmungen des Rechts des Staates, in dem der Verbraucher seinen gewöhnlichen Aufenthalt hat, entzogen wird.<br><br>\n9.2 Ist der Kunde Kaufmann, juristische Person des öffentlichen Rechts oder öffentlich-rechtliches Sondervermögen, ist ausschließlicher Gerichtsstand für alle Streitigkeiten aus diesem Vertrag der Geschäftssitz des Verkäufers. Dasselbe gilt, wenn der Kunde keinen allgemeinen Gerichtsstand in Deutschland oder der EU hat oder Wohnsitz oder gewöhnlicher Aufenthalt im Zeitpunkt der Klageerhebung nicht bekannt sind. Die Befugnis, auch das Gericht an einem anderen gesetzlichen Gerichtsstand anzurufen bleibt hiervon unberührt.<br><br>\n9.3 Die Vertragssprache ist Deutsch.<br><br>', '2010-05-21 20:40:15');
INSERT INTO `randshop_agbhosting` VALUES(2, 1, 'Protected Shops / Widerruf', 'Widerruf', '<b>Widerrufsrecht</b><br><br>Sie können Ihre Vertragserklärung innerhalb von 14 Tagen ohne Angabe von Gründen in Textform (z. B. Brief, Fax, E-Mail) oder - wenn Ihnen die Sache vor Fristablauf überlassen wird - durch Rücksendung der Sache widerrufen. Die Frist beginnt nach Erhalt dieser Belehrung in Textform, jedoch nicht vor Eingang der Ware beim Empfänger (bei der wiederkehrenden Lieferung gleichartiger Waren nicht vor dem Eingang der ersten Teillieferung) und auch nicht vor Erfüllung unserer Informationspflichten gemäß § 312c Abs. 2 BGB in Verbindung mit § 1 Abs. 1, 2 und 4 BGB-InfoV sowie unserer Pflichten gemäß § 312e Abs. 1 Satz 1 BGB in Verbindung mit § 3 BGB-InfoV. Zur Wahrung der Widerrufsfrist genügt die rechtzeitige Absendung des Widerrufs oder der Sache.\n<br>\n<br>Der Widerruf ist zu richten an:<br><br>Mustermann GmbH<br>Mustermann Str. 3<br>12345 Musterstadt<br>Deutschland<br>Fax: 01234-444444<br>E-Mail: technik@protectedshops.de<br><br><br><br>\n<b>Widerrufsfolgen</b><br><br>Im Falle eines wirksamen Widerrufs sind die beiderseits empfangenen Leistungen zurückzugewähren und ggf. von uns gezogene Nutzungen (z. B. Zinsen) herauszugeben. Können Sie uns die empfangene Leistung ganz oder teilweise nicht oder nur in verschlechtertem Zustand zurückgewähren, müssen Sie uns insoweit ggf. Wertersatz leisten. Bei der Überlassung von Sachen gilt dies nicht, wenn die Verschlechterung der Sache ausschließlich auf deren Prüfung - wie sie Ihnen etwa im Ladengeschäft möglich gewesen wäre - zurückzuführen ist. Für eine durch die bestimmungsgemäße Ingebrauchnahme der Sache entstandene Verschlechterung müssen Sie keinen Wertersatz leisten. Paketversandfähige Sachen sind auf unsere Gefahr zurückzusenden. Sie haben die Kosten der Rücksendung zu tragen, wenn die gelieferte Ware der bestellten entspricht und wenn der Preis der zurückzusendenden Sache einen Betrag von 40,00 EUR nicht übersteigt oder wenn Sie bei einem höheren Preis der Sache zum Zeitpunkt des Widerrufs noch nicht die Gegenleistung oder eine vertraglich vereinbarte Teilzahlung erbracht haben. Anderenfalls ist die Rücksendung für Sie kostenfrei. Nicht paketversandfähige Sachen werden bei Ihnen abgeholt. Verpflichtungen zur Erstattung von Zahlungen müssen innerhalb von 30 Tagen erfüllt werden. Die Frist beginnt für Sie mit der Absendung Ihrer Widerrufserklärung oder der Sache, für uns mit deren Empfang.<br><br>\n- Ende der Widerrufsbelehrung -<br><br>\n<b>Ausschluss des Widerrufsrechts - Online</b><br><br>Das Widerrufsrecht besteht<br><br>\n1. nicht bei Fernabsatzverträgen zur Lieferung von Waren, die nach Kundenspezifikation angefertigt werden oder eindeutig auf die persönlichen Bedürfnisse zugeschnitten sind oder die auf Grund ihrer Beschaffenheit nicht für eine Rücksendung geeignet sind oder schnell verderben können oder deren Verfalldatum überschritten würde.<br><br>\n<b>Allgemeine Hinweise</b><br><br>1. Bitte vermeiden Sie Beschädigungen und Verunreinigungen der Ware. Senden Sie die Ware bitte möglichst in Originalverpackung mit sämtlichem Zubehör und mit allen Verpackungsbestandteilen an uns zurück. Verwenden Sie ggf. eine schützende Umverpackung. Wenn Sie die Originalverpackung nicht mehr besitzen, sorgen Sie bitte mit einer geeigneten Verpackung für einen ausreichenden Schutz vor Transportschäden.<br><br>\n2. Senden Sie die Ware bitte möglichst nicht unfrei. Wir erstatten Ihnen auch gerne auf Wunsch vorab die Portokosten, sofern diese nicht von Ihnen selbst zu tragen sind.<br><br>\n3. Bitte beachten Sie, dass die vorgenannten Ziffern 1-2 nicht Voraussetzung für die wirksame Ausübung des Widerrufsrechts sind.<br><br>', '2010-05-21 20:29:25');
INSERT INTO `randshop_agbhosting` VALUES(3, 1, 'Protected Shops / Versandinfo', 'Versandinfo', '<b>1. Zahlungsmöglichkeiten</b><br><br>1.1 Für Lieferungen innerhalb Deutschlands bieten wir folgende Zahlungsmöglichkeiten an, sofern in der jeweiligen Produktdarstellung im Angebot nichts anderes bestimmt ist:\n\n<br>- Vorauskasse per<br>- Überweisung<br>- Kreditkarte (Visa, American Express)<br>- PayPal<br>- Lieferung auf Rechnung<br><br><br>\n1.2 Für Lieferungen ins Ausland bieten wir folgende Zahlungsmöglichkeiten an, sofern in der jeweiligen Produktdarstellung im Angebot nichts anderes bestimmt ist:\n\n<br>- Vorauskasse per Kreditkarte (Visa, Mastercard, American Express)<br>- Lieferung auf Rechnung<br><br><br>\n<b>2. Lieferung</b><br><br>2.1 Je nach Umfang Ihrer Bestellung erfolgt der Versand per UPS oder Hermes.<br><br>\n2.2 Wir versenden in folgende Länder: \n<br>\n<br>\n<br>\n<br>Die jeweils anfallenden Versandkosten finden Sie unter dem Punkt <% welt_versandkosten_absatznr %>.<br><br>\n<b>3. Versandkosten</b><br><br>3.1 Innerhalb des deutschen Festlandes erfolgt die Lieferung versandkostenfrei.  Ab einem Bruttobestellwert von 100,00 Euro versenden wir frachtfrei.<br><br>\n3.2 Bitte beachten Sie, dass bei grenzüberschreitenden Lieferungen weitere Steuern (etwa im Fall eines innergemeinschaftlichen Erwerbs) und/oder Abgaben, etwa in Form von Zöllen anfallen können, die von Ihnen zu tragen sind.<br><br>\n<b>4. Lieferzeiten</b><br><br>4.1 Die Lieferzeit beträgt ca. 3-5 Werktage innerhalb Deutschlands. An (Samstagen,) Sonn- und Feiertagen erfolgt keine Zustellung. Sollte ein Artikel ausnahmsweise einmal nicht auf Lager oder nicht sofort lieferbar sein und die Lieferzeit sich entsprechend verlängern, wird auf der jeweiligen Produktseite gesondert darauf hingewiesen.<br><br>\n4.2 Für internationalen Versand beträgt die Lieferzeit ca. 10-14 Werktage. An (Samstagen,) Sonn- und Feiertagen erfolgt keine Zustellung. Sollte ein Artikel ausnahmsweise einmal nicht auf Lager oder nicht sofort lieferbar sein und die Lieferzeit sich entsprechend verlängern, wird auf der jeweiligen Produktseite gesondert darauf hingewiesen.<br><br>', '2010-05-25 10:19:10');
INSERT INTO `randshop_agbhosting` VALUES(4, 1, 'Protected Shops / Datenschutz', 'Datenschutz', '<b>1. Anonyme Datenerhebung</b><br><br>Sie können unsere Webseiten grundsätzlich besuchen, ohne uns mitzuteilen, wer Sie sind. Wir speichern nur den Namen Ihres Internet Service Providers, die Webseite, von der aus Sie uns besuchen und den Namen der angeforderten Datei. Diese Informationen werden höchstens zu statistischen Zwecken ausgewertet und dienen der Verbesserung unserer Angebote. Sie bleiben als einzelner Nutzer hierbei anonym.<br><br>\n<b>2. Erhebung, Verarbeitung und Nutzung personenbezogener Daten</b><br><br>Personenbezogene Daten werden nur erhoben, wenn Sie uns diese von sich aus zur Durchführung eines Vertrages oder bei der Eröffnung eines Kundenkontos mitteilen. Diese Daten werden ohne Ihre ausdrückliche Einwilligung allein zur Vertragsabwicklung und Bearbeitung Ihrer Anfragen genutzt. Nach vollständiger Abwicklung des Vertrages und vollständiger Kaufpreisbezahlung werden Ihre Daten mit Rücksicht auf steuer- und handelsrechtliche Aufbewahrungsfristen gespeichert, nach Ablauf dieser Fristen jedoch gelöscht, sofern Sie in die weitere Verwendung Ihrer Daten nicht ausdrücklich eingewilligt haben.<br><br>\n<b>3. Weitergabe personenbezogener Daten</b><br><br>Die von Ihnen erhobenen personenbezogenen Daten werden im Rahmen der Vertragsabwicklung an das mit der Lieferung beauftragte Transportunternehmen weitergegeben, soweit dies zur Lieferung der Ware erforderlich ist.<br><br>\nBei Auswahl der Zahlungsart „Rechnungskauf“ werden Sie von uns im Bestellablauf aufgefordert, Ihre Daten an die paymorrow GmbH, Erzbergerstraße 117, 76133 Karlsruhe (paymorrow), weiterzugeben.\n<br>\n<br>Zur Einschätzung des Haftungsrisikos und zur Bonitätsprüfung übermitteln paymorrow oder von paymorrow beauftragte Partnerunternehmen im Rahmen des gesetzlich Zulässigen und unter Berücksichtigung Ihrer jeweiligen schutzwürdigen Interessen an dem Ausschluss der Übermittlung oder Nutzung bei Anmeldung zum Rechnungskauf Ihre Adressdaten ggf. an Wirtschaftsauskunfteien zur Bonitäts- und Kreditprüfung. Dies können in Deutschland u.a. folgende Institute sein: \n<br>- Bürgel, Bürgel Wirtschaftsinformationen GmbH & Co. KG, Gasstraße 18, D-22761 Hamburg, \n<br>Tel.: +49 (0) 40 - 89 80 3 – 0, Fax: -777\n<br>- KQIS KarstadtQuelle Information Services GmbH , Adam-Opel-Straße 18, 60386 Frankfurt, \n<br>Tel.: +49 (0) 69 - 42091-255, Fax: -297\n<br>- DeltaVista. Deltavista GmbH, Kaiserstraße 217, D-76133 Karlsruhe, \n<br>Tel.: +49 721 255 11 0, Fax: - 22 \n<br>\n<br>Zum Zweck der eigenen Kreditprüfung rufen paymorrow oder von paymorrow beauftragte Partnerunternehmen ggf. Bonitätsinformationen auf der Basis mathematisch-statistischer Verfahren von den genannten Instituten ab. Für diese Fälle stimmen Sie der Mitteilung Ihres Vor- und Nachnamens, Straße, Hausnummer, Postleitzahl, Ort, sowie Ihres Geburtsdatums an die genannten Institute zu. paymorrow stellt in diesem Zusammenhang sicher, dass sowohl die beauftragten Partnerunternehmen als auch die genannten Institute ihrerseits die Daten ausschließlich im Rahmen der Zweckbestimmung verarbeiten und/oder nutzen.\n<br>\n<br>Alle Bonitätsprüfungen erfolgen, um Schwierigkeiten im Zahlungsverkehr auszuschließen. Der Datenaustausch zwischen paymorrow, von paymorrow beauftragten Partnerunternehmen und anderen Wirtschaftsinformationsdiensten schützt den Online-Handel vor Schäden, die sich langfristig auf die Verkaufspreise auswirken. So profitieren auch Sie als Endkunde von einer Prüfung der Kundendaten zu diesem Zweck.<br><br>\n<b>4. Cookies</b><br><br>Unter anderem nutzt unser Online-Shop so genannte "Cookies", welche dazu dienen, unsere Internetpräsenz insgesamt nutzerfreundlicher, effektiver sowie sicherer zu machen - etwa wenn es darum geht, das Navigieren auf unserer Plattform zu beschleunigen. Zudem versetzen uns Cookies in die Lage, etwa die Häufigkeit von Seitenaufrufen und die allgemeine Navigation zu messen. Wir weisen Sie darauf hin, dass einige dieser Cookies von unserem Server auf Ihr System überspielt werden wobei es sich dabei meist um so genannte "Session-Cookies" handelt. "Session-Cookies" zeichnen sich dadurch aus, dass diese automatisch wieder von Ihrer Festplatte gelöscht werden. Selbstverständlich können Sie Cookies jederzeit ablehnen, sofern Ihr Browser dies zulässt.<br><br>\n<b>5. Weitere Informationen und Kontakte</b><br><br>Sie haben ein Recht auf unentgeltliche Auskunft über Ihre gespeicherten Daten sowie ggf. ein Recht auf Berichtigung, Sperrung oder Löschung dieser Daten. Wenn Sie weitere Fragen zur Erhebung, Verarbeitung oder Nutzung Ihrer personenbezogenen Daten haben, kontaktieren Sie uns bitte. Gleiches gilt für Auskünfte, Löschungs- und Berichtigungswünsche hinsichtlich Ihrer personenbezogenen Daten sowie für Widerrufe erteilter Einwilligungen. Die Kontaktadresse finden Sie in unserem Impressum.<br><br>', '2010-05-21 20:29:25');
INSERT INTO `randshop_agbhosting` VALUES(5, 1, 'Protected Shops / Batteriegesetz', 'Batteriegesetz', '<b>Hinweis zur Entsorgung von Altbatterien</b><br><br>Der nachfolgende Hinweis richtet sich an diejenigen, die Batterien oder Produkte mit eingebauten Batterien nutzen und in der an sie gelieferten Form nicht mehr weiterveräußern (Endnutzer):<br><br>\n<b>Unentgeltliche Rücknahme von Altbatterien</b><br><br>Batterien dürfen nicht über den Hausmüll entsorgt werden. Sie sind zur Rückgabe von Altbatterien gesetzlich verpflichtet, damit eine fachgerechte Entsorgung gewährleistet werden kann. Sie können Altbatterien an einer kommunalen Sammelstelle oder im Handel vor Ort abgeben. Auch wir sind als Vertreiber von Batterien zur Rücknahme von Altbatterien verpflichtet, wobei sich unsere Rücknahmeverpflichtung auf Altbatterien der Art beschränkt, die wir als Neubatterien in unserem Sortiment führen oder geführt haben. Altbatterien vorgenannter Art können Sie daher entweder ausreichend frankiert an uns zurücksenden oder sie direkt an unserem Versandlager unter der folgenden Adresse unentgeltlich abgeben:\n<br>\n<br><br><br>Mustermann GmbH<br>Mustermann Str. 3<br>12345 Musterstadt<br>Deutschland<br>Fax: 01234-444444<br>E-Mail: technik@protectedshops.de<br><br><br><br>\n<b>Bedeutung der Batteriesymbole</b><br><br>Batterien sind mit dem Symbol einer durchgekreuzten Mülltonne gekennzeichnet. Dieses Symbol weist darauf hin, dass Batterien nicht in den Hausmüll gegeben werden dürfen. Bei Batterien, die mehr als 0,0005 Masseprozent Quecksilber, mehr als 0,002 Masseprozent Cadmium oder mehr als 0,004 Masseprozent Blei enthalten, befindet sich unter dem Mülltonnen-Symbol die chemische Bezeichnung des jeweils eingesetzten Schadstoffes - dabei steht "Cd" für Cadmium, "Pb" steht für Blei, und "Hg" für Quecksilber. <br /><br /><img src="https://www.protectedshops.de/gfx/document/muelltonne.jpg" width="86" height="89" /><br><br>', '2010-05-21 20:29:25');
INSERT INTO `randshop_agbhosting` VALUES(6, 1, 'Protected Shops / Impressum', 'Impressum', 'Mustermann GmbH<br>Mustermann Str. 3<br>12345 Musterstadt<br><br>Tel.: 01234-333333<br>Fax: 01234-444444<br>E-Mail: technik@protectedshops.de<br><br>Geschäftsführer: Jens Musterherr<br><br>Registergericht: Amtsgericht Musterdorf<br>Registernummer: HRB 12345645<br><br>Umsatzsteuer-Identifikationsnummer gemäß § 27 a Umsatzsteuergesetz: DE1234567789<br><br>', '2010-05-21 20:29:25');
INSERT INTO `randshop_agbhosting` VALUES(7, 2, 'Janolaw / AGB', 'agb', '', '0000-00-00 00:00:00');
INSERT INTO `randshop_agbhosting` VALUES(8, 2, 'Janolaw / Impressum', 'impressum', '', '0000-00-00 00:00:00');
INSERT INTO `randshop_agbhosting` VALUES(9, 2, 'Janolaw / Widerrufsbelehrung', 'widerrufsbelehrung', '', '0000-00-00 00:00:00');
INSERT INTO `randshop_agbhosting` VALUES(10, 2, 'Janolaw / Datenschutzerkl√§rung', 'datenschutzerklaerung', '', '0000-00-00 00:00:00');

-- --------------------------------------------------------

--
-- Tabellenstruktur für Tabelle `randshop_aktion`
--

CREATE TABLE `randshop_aktion` (
  `id` int(6) unsigned NOT NULL AUTO_INCREMENT,
  `temp` tinyint(1) unsigned NOT NULL DEFAULT '0',
  PRIMARY KEY (`id`)
) ENGINE=MyISAM  DEFAULT CHARSET=utf8 AUTO_INCREMENT=2 ;

--
-- Daten für Tabelle `randshop_aktion`
--

INSERT INTO `randshop_aktion` VALUES(1, 0);

-- --------------------------------------------------------

--
-- Tabellenstruktur für Tabelle `randshop_aktion_langu`
--

CREATE TABLE `randshop_aktion_langu` (
  `aktions_id` int(10) unsigned NOT NULL DEFAULT '0',
  `language_id` int(10) unsigned NOT NULL DEFAULT '0',
  `aktions_titel` varchar(255) NOT NULL DEFAULT '',
  `url_name_vorgabe` varchar(255) NOT NULL,
  `url_name` varchar(255) NOT NULL,
  PRIMARY KEY (`aktions_id`,`language_id`)
) ENGINE=MyISAM DEFAULT CHARSET=utf8;

--
-- Daten für Tabelle `randshop_aktion_langu`
--

INSERT INTO `randshop_aktion_langu` VALUES(1, 1, 'Fashion Aktion', '', 'Fashion-Aktion');

-- --------------------------------------------------------

--
-- Tabellenstruktur für Tabelle `randshop_archiv_bestellungen`
--

CREATE TABLE `randshop_archiv_bestellungen` (
  `id` int(7) unsigned NOT NULL AUTO_INCREMENT,
  `session` varchar(50) NOT NULL DEFAULT '',
  `kunden_id` int(6) NOT NULL DEFAULT '0',
  `anrede` varchar(5) NOT NULL DEFAULT '',
  `anrede_id` int(10) unsigned NOT NULL DEFAULT '0',
  `titel` varchar(40) NOT NULL,
  `vorname` varchar(50) NOT NULL,
  `nachname` varchar(50) NOT NULL,
  `firma` varchar(100) NOT NULL,
  `strasse` varchar(100) NOT NULL,
  `hausnummer` varchar(10) NOT NULL DEFAULT '',
  `plz` varchar(10) NOT NULL DEFAULT '',
  `ort` varchar(30) NOT NULL DEFAULT '',
  `land` varchar(30) NOT NULL DEFAULT '',
  `bundesstaat` int(11) unsigned NOT NULL,
  `land_id` int(10) unsigned NOT NULL DEFAULT '0',
  `email` varchar(50) NOT NULL DEFAULT '',
  `la_anrede` varchar(5) NOT NULL DEFAULT '',
  `la_anrede_id` int(10) unsigned NOT NULL DEFAULT '0',
  `la_titel` varchar(40) NOT NULL,
  `la_vorname` varchar(30) NOT NULL DEFAULT '',
  `la_nachname` varchar(30) NOT NULL DEFAULT '',
  `la_firma` varchar(100) NOT NULL,
  `la_strasse` varchar(50) NOT NULL DEFAULT '',
  `la_hausnummer` varchar(10) NOT NULL DEFAULT '',
  `la_plz` varchar(10) NOT NULL DEFAULT '',
  `la_ort` varchar(30) NOT NULL DEFAULT '',
  `la_land` varchar(30) NOT NULL DEFAULT '',
  `la_bundesstaat` int(11) unsigned NOT NULL,
  `la_land_id` int(10) unsigned NOT NULL DEFAULT '0',
  `bank` varchar(50) NOT NULL DEFAULT '',
  `blz` varchar(50) DEFAULT NULL,
  `kto` varchar(50) DEFAULT NULL,
  `kredit_typ` varchar(150) NOT NULL DEFAULT '',
  `kredit_nr` varchar(150) NOT NULL DEFAULT '',
  `kredit_gueltig` varchar(16) NOT NULL DEFAULT '',
  `wohin_liefern` tinyint(1) NOT NULL DEFAULT '0',
  `paymentsystem` int(1) NOT NULL DEFAULT '0',
  `kunden_ansicht` tinyint(1) NOT NULL DEFAULT '0',
  `waehrung` varchar(10) NOT NULL DEFAULT '',
  `gewicht` varchar(5) NOT NULL DEFAULT '',
  `paketnummer` varchar(50) NOT NULL DEFAULT '',
  `kundenbemerkung` text NOT NULL,
  `shopbetreiberbemerkung` text NOT NULL,
  `warenwert_netto` decimal(12,2) unsigned NOT NULL DEFAULT '0.00',
  `warenwert_brutto` decimal(12,2) unsigned NOT NULL DEFAULT '0.00',
  `versand_mwst` decimal(12,2) unsigned NOT NULL DEFAULT '0.00',
  `zahlungsart_id` int(10) unsigned NOT NULL DEFAULT '0',
  `zahl_beschreibung` text NOT NULL,
  `zahlungsart_name` varchar(150) NOT NULL DEFAULT '',
  `zahlungsart_netto` decimal(12,2) unsigned NOT NULL DEFAULT '0.00',
  `zahlungsart_brutto` decimal(12,2) unsigned NOT NULL DEFAULT '0.00',
  `versandart_id` int(10) unsigned NOT NULL DEFAULT '0',
  `versandart_name` varchar(150) NOT NULL DEFAULT '',
  `versandart_netto` decimal(12,2) unsigned NOT NULL DEFAULT '0.00',
  `versandart_brutto` decimal(12,2) unsigned NOT NULL DEFAULT '0.00',
  `rabatt_id` int(10) unsigned NOT NULL DEFAULT '0',
  `rabatt_name` varchar(150) NOT NULL DEFAULT '',
  `rabatt_prozent` int(10) unsigned NOT NULL DEFAULT '0',
  `rabatt_betrag` decimal(12,2) unsigned NOT NULL DEFAULT '0.00',
  `gesamtsumme_netto` decimal(12,2) unsigned NOT NULL DEFAULT '0.00',
  `gesamtsumme_brutto` decimal(12,2) unsigned NOT NULL DEFAULT '0.00',
  `kundengruppen_id` int(11) unsigned NOT NULL,
  `kundengruppentype` int(10) unsigned NOT NULL DEFAULT '0',
  `kundengruppenname` varchar(255) NOT NULL DEFAULT '',
  `kundengruppenkuerzel` varchar(25) NOT NULL DEFAULT '',
  `status` int(10) unsigned NOT NULL DEFAULT '0',
  `mahnung` tinyint(3) unsigned NOT NULL DEFAULT '0',
  `stornierungstext` varchar(255) NOT NULL DEFAULT '',
  `auftragsnummer` int(10) unsigned NOT NULL DEFAULT '0',
  `auftragsdatum` datetime NOT NULL DEFAULT '0000-00-00 00:00:00',
  `rechnungsnummer` int(10) unsigned NOT NULL DEFAULT '0',
  `rechnungsdatum` datetime NOT NULL DEFAULT '0000-00-00 00:00:00',
  `lieferscheinnummer` int(10) unsigned NOT NULL DEFAULT '0',
  `lieferscheindatum` datetime NOT NULL DEFAULT '0000-00-00 00:00:00',
  `mahnung1datum` datetime NOT NULL DEFAULT '0000-00-00 00:00:00',
  `mahnung2datum` datetime NOT NULL DEFAULT '0000-00-00 00:00:00',
  `mahnung3datum` datetime NOT NULL DEFAULT '0000-00-00 00:00:00',
  `versandtdatum` datetime NOT NULL DEFAULT '0000-00-00 00:00:00',
  `versandmail` tinyint(1) unsigned NOT NULL,
  `bezahldatum` datetime NOT NULL DEFAULT '0000-00-00 00:00:00',
  `stornierdatum` datetime NOT NULL DEFAULT '0000-00-00 00:00:00',
  `faelligkeitsdatum` datetime NOT NULL DEFAULT '0000-00-00 00:00:00',
  `artikel_download` int(10) NOT NULL DEFAULT '0',
  `language_id` int(11) NOT NULL,
  `bezahlt` tinyint(1) NOT NULL,
  `gutscheinaktion_name` varchar(255) NOT NULL,
  `gutscheincode` varchar(255) NOT NULL,
  `gutschein_betrag` decimal(12,2) NOT NULL,
  `trustedid` int(4) NOT NULL,
  `auftragsbestaetigungdatum` datetime NOT NULL,
  `zahlungserinnerungdatum` datetime NOT NULL,
  `bestell_quelle` int(1) unsigned NOT NULL DEFAULT '0',
  `document_id` tinyint(3) unsigned NOT NULL,
  `comments` text NOT NULL,
  `testorder` text NOT NULL,
  `set_lager_bestellung` int(10) unsigned NOT NULL,
  `set_lager` int(10) unsigned NOT NULL,
  `lieferantenbestellung` int(10) unsigned NOT NULL,
  `bestellnummer` int(10) unsigned NOT NULL,
  `lieferant_kundennummer` varchar(50) NOT NULL,
  `gesamtsumme_storno_netto` decimal(12,2) DEFAULT '0.00',
  `gesamtsumme_storno_brutto` decimal(12,2) DEFAULT '0.00',
  `gutschrift` tinyint(1) unsigned NOT NULL,
  `gutschriftdatum` datetime DEFAULT NULL,
  `gutschriftnummer` int(10) unsigned NOT NULL DEFAULT '0',
  `gutschrift_child_id` int(10) unsigned NOT NULL DEFAULT '0',
  `gutschrift_parent_id` int(10) unsigned NOT NULL DEFAULT '0',
  `bewertungsanfrage_gesendet` tinyint(1) unsigned NOT NULL,
  `telefon` varchar(30) DEFAULT NULL,
  `zahlungsart_storno_netto` decimal(12,2) DEFAULT NULL,
  `zahlungsart_storno_brutto` decimal(12,2) DEFAULT NULL,
  `versandart_storno_netto` decimal(12,2) DEFAULT NULL,
  `versandart_storno_brutto` decimal(12,2) DEFAULT NULL,
  `zahlungsschnittstelle_id` int(11) unsigned NOT NULL DEFAULT '0',
  `zahlungsschnittstelle_freiesfeld` varchar(255) DEFAULT NULL,
  `zahlungsschnittstelle_freiesfeldname` varchar(255) DEFAULT NULL,
  `spedition_preis_netto` decimal(12,2) DEFAULT NULL,
  `spedition_preis_brutto` decimal(12,2) DEFAULT NULL,
  `spedition_preis_storno_netto` decimal(12,2) DEFAULT NULL,
  `spedition_preis_storno_brutto` decimal(12,2) DEFAULT NULL,
  `zahlungsschnittstelle_bestell_id` varchar(255) DEFAULT NULL,
  `phpsessid` varchar(255) DEFAULT NULL,
  PRIMARY KEY (`id`),
  KEY `session` (`session`(32)),
  KEY `status` (`status`)
) ENGINE=MyISAM DEFAULT CHARSET=utf8 AUTO_INCREMENT=1 ;

--
-- Daten für Tabelle `randshop_archiv_bestellungen`
--


-- --------------------------------------------------------

--
-- Tabellenstruktur für Tabelle `randshop_archiv_warenkorb`
--

CREATE TABLE `randshop_archiv_warenkorb` (
  `id` int(6) unsigned NOT NULL AUTO_INCREMENT,
  `artikel_id` int(10) unsigned NOT NULL DEFAULT '0',
  `artikel_name` varchar(150) NOT NULL DEFAULT '',
  `kunden_id` int(11) unsigned NOT NULL DEFAULT '0',
  `menge` int(5) unsigned NOT NULL DEFAULT '0',
  `preis_brutto` decimal(12,2) NOT NULL,
  `preis_netto` decimal(12,2) NOT NULL,
  `variante1` varchar(150) NOT NULL DEFAULT '',
  `variante1id` int(10) unsigned NOT NULL DEFAULT '0',
  `variante2` varchar(150) NOT NULL DEFAULT '',
  `variante2id` int(10) unsigned NOT NULL DEFAULT '0',
  `variante3` varchar(150) NOT NULL DEFAULT '',
  `variante3id` int(10) unsigned NOT NULL DEFAULT '0',
  `variante4` varchar(150) NOT NULL DEFAULT '',
  `variante4id` int(10) unsigned NOT NULL DEFAULT '0',
  `session` varchar(60) NOT NULL DEFAULT '0',
  `timestamp` varchar(50) NOT NULL DEFAULT '',
  `artikel_nr` varchar(30) NOT NULL DEFAULT '',
  `pf_transactionid` varchar(255) NOT NULL DEFAULT '',
  `mwst` decimal(12,2) NOT NULL DEFAULT '0.00',
  `mwstid` int(10) unsigned NOT NULL DEFAULT '0',
  `voe_datum` date NOT NULL DEFAULT '0000-00-00',
  `gewicht` decimal(12,2) unsigned NOT NULL DEFAULT '0.00',
  `artikel_download` int(10) NOT NULL DEFAULT '0',
  `verweis_typ` int(2) unsigned DEFAULT NULL,
  `verweis_id` int(11) unsigned DEFAULT NULL,
  `is_giveaway` tinyint(1) unsigned NOT NULL DEFAULT '0',
  `beschreibung` text NOT NULL,
  `lieferant_geliefert` int(10) unsigned NOT NULL,
  `lieferant_storniert` int(10) unsigned NOT NULL,
  `menge_storniert` int(5) unsigned NOT NULL DEFAULT '0',
  `stornierungsgrund` varchar(255) DEFAULT NULL,
  `parent_warenkorb_id` int(10) unsigned NOT NULL DEFAULT '0',
  `konfig_artikel` int(11) NOT NULL,
  `lieferstatus` int(10) unsigned DEFAULT NULL,
  `spedition_versandart_id` int(10) unsigned NOT NULL DEFAULT '0',
  `spedition_versandart_name` varchar(255) DEFAULT NULL,
  `spedition_preis_netto` decimal(12,2) DEFAULT NULL,
  `spedition_preis_brutto` decimal(12,2) DEFAULT NULL,
  PRIMARY KEY (`id`),
  KEY `session` (`session`(32)),
  KEY `kunden_id` (`kunden_id`),
  KEY `artikel_id` (`artikel_id`)
) ENGINE=MyISAM DEFAULT CHARSET=utf8 AUTO_INCREMENT=1 ;

--
-- Daten für Tabelle `randshop_archiv_warenkorb`
--


-- --------------------------------------------------------

--
-- Tabellenstruktur für Tabelle `randshop_artikel`
--

CREATE TABLE `randshop_artikel` (
  `id` int(11) unsigned NOT NULL AUTO_INCREMENT,
  `artikel_nr` varchar(30) NOT NULL DEFAULT '',
  `variante1` int(10) unsigned NOT NULL DEFAULT '0',
  `variante2` int(10) unsigned NOT NULL DEFAULT '0',
  `variante3` int(10) unsigned NOT NULL DEFAULT '0',
  `variante4` int(10) unsigned NOT NULL DEFAULT '0',
  `preis_alt_netto` decimal(12,2) unsigned NOT NULL DEFAULT '0.00',
  `preis_alt_brutto` decimal(12,2) unsigned NOT NULL DEFAULT '0.00',
  `preis_netto` decimal(12,2) unsigned NOT NULL DEFAULT '0.00',
  `preis_brutto` decimal(12,2) unsigned NOT NULL DEFAULT '0.00',
  `mwst` int(10) unsigned NOT NULL DEFAULT '0',
  `timestamp` timestamp NOT NULL DEFAULT CURRENT_TIMESTAMP ON UPDATE CURRENT_TIMESTAMP,
  `aktiv` smallint(1) unsigned NOT NULL DEFAULT '0',
  `lager` int(5) NOT NULL DEFAULT '0',
  `wie_oft_bestellt` int(6) NOT NULL DEFAULT '0',
  `angebote` int(6) NOT NULL DEFAULT '0',
  `merkmalauswahl` tinyint(1) unsigned NOT NULL DEFAULT '0',
  `kundengruppenpreis` tinyint(1) unsigned NOT NULL DEFAULT '0',
  `merkmalkombination` int(10) unsigned NOT NULL DEFAULT '0',
  `merkmalkombinationparentid` int(10) unsigned NOT NULL DEFAULT '0',
  `merkmalkombinationsort` int(10) unsigned NOT NULL DEFAULT '0',
  `merkmalkombinationstandard` int(10) unsigned NOT NULL DEFAULT '0',
  `produktgruppe` int(5) NOT NULL DEFAULT '0',
  `gewicht` decimal(12,2) unsigned NOT NULL DEFAULT '0.00',
  `voe_datum` date NOT NULL DEFAULT '0000-00-00',
  `hersteller_id` int(11) unsigned NOT NULL DEFAULT '0',
  `startseitenangebot` tinyint(1) unsigned NOT NULL DEFAULT '0',
  `aktuellartikel` tinyint(1) NOT NULL DEFAULT '0',
  `lieferstatus` int(10) unsigned NOT NULL DEFAULT '0',
  `artikel_download` int(10) NOT NULL DEFAULT '0',
  `ean` varchar(50) NOT NULL DEFAULT '',
  `image_language_independent` tinyint(1) unsigned NOT NULL DEFAULT '0',
  `download_language_independent` tinyint(1) unsigned NOT NULL DEFAULT '0',
  `gruppenartikel` smallint(1) unsigned NOT NULL DEFAULT '0',
  `giveaway` tinyint(1) NOT NULL,
  `giveaway_min_bestellwert` decimal(12,2) NOT NULL DEFAULT '0.00',
  `giveaway_rabattprozent` decimal(12,0) DEFAULT '0',
  `einheit_groesse` float unsigned NOT NULL,
  `einheit_masseinheit` varchar(10) DEFAULT NULL,
  `upload` tinyint(1) unsigned NOT NULL DEFAULT '0',
  `lager_bestellungen` int(10) NOT NULL DEFAULT '0',
  `meldebestand` int(10) unsigned NOT NULL,
  `kundengruppe_id` int(11) NOT NULL,
  `highlight_id` int(11) unsigned NOT NULL DEFAULT '0',
  `highlight_preis_brutto` decimal(12,2) DEFAULT '0.00',
  `highlight_preis_netto` decimal(12,2) DEFAULT '0.00',
  `highlight_enddatum` date DEFAULT NULL,
  `spedition_versandart_id` int(10) unsigned NOT NULL DEFAULT '0',
  `autocrssell_multiplier` decimal(3,2) unsigned DEFAULT '1.00',
  PRIMARY KEY (`id`),
  KEY `mwstsatz` (`mwst`),
  KEY `INDEX_wie_oft_bestellt` (`wie_oft_bestellt`),
  KEY `merkmalkombinationparentid` (`merkmalkombinationparentid`),
  FULLTEXT KEY `FULLTEXT_artikel_nr` (`artikel_nr`)
) ENGINE=MyISAM  DEFAULT CHARSET=utf8 AUTO_INCREMENT=9 ;

--
-- Daten für Tabelle `randshop_artikel`
--

INSERT INTO `randshop_artikel` VALUES(1, '0001', 1, 0, 0, 0, 0.00, 0.00, 10.27, 12.22, 1, '2013-11-28 15:11:34', 1, 0, 0, 0, 0, 0, 0, 0, 0, 0, 0, 0.00, '0000-00-00', 1, 0, 1, 1, 0, '', 1, 1, 0, 0, 0.00, 0, 0, 'g', 0, 0, 0, 0, 0, 0.00, 0.00, NULL, 0, 1.00);
INSERT INTO `randshop_artikel` VALUES(2, '0002', 1, 2, 0, 0, 0.00, 0.00, 8.40, 10.00, 1, '2014-05-30 17:10:07', 1, 10, 1, 1, 0, 0, 7, 0, 0, 0, 0, 0.00, '0000-00-00', 1, 0, 1, 1, 0, '', 1, 0, 0, 0, 0.00, 0, 100, 'g', 0, 6, 0, 0, 1, 7.00, 5.88, '2013-12-20', 0, 1.00);
INSERT INTO `randshop_artikel` VALUES(3, '0003', 0, 0, 0, 0, 0.00, 0.00, 38.64, 45.98, 1, '2013-11-28 13:21:45', 1, 3, -3, 0, 0, 0, 0, 0, 0, 0, 0, 0.00, '0000-00-00', 0, 0, 1, 1, 0, '', 1, 1, 0, 0, 0.00, 0, 0, 'g', 0, 1, 0, 1, 1, 6.00, 5.04, '2013-12-21', 0, 1.00);
INSERT INTO `randshop_artikel` VALUES(4, '0004', 0, 0, 0, 0, 0.00, 0.00, 10.63, 12.65, 1, '2013-02-22 14:34:14', 1, 0, 0, 1, 0, 0, 0, 0, 0, 0, 0, 0.00, '0000-00-00', 0, 1, 0, 1, 0, '', 1, 1, 0, 0, 0.00, 0, 0, '', 0, 0, 0, 0, 0, 0.00, 0.00, NULL, 0, 1.00);
INSERT INTO `randshop_artikel` VALUES(5, '0005', 0, 0, 0, 0, 0.00, 0.00, 19.33, 23.00, 1, '2013-07-31 12:12:59', 1, 0, 0, 0, 0, 0, 0, 0, 0, 0, 0, 0.00, '0000-00-00', 0, 1, 0, 1, 0, '', 1, 1, 0, 0, 0.00, 0, 0, '', 0, -1, 0, 0, 0, 0.00, 0.00, NULL, 0, 1.00);
INSERT INTO `randshop_artikel` VALUES(6, '0006', 0, 0, 0, 0, 0.00, 0.00, 19.43, 23.12, 1, '2013-02-22 15:08:40', 1, 0, 0, 0, 0, 0, 0, 0, 0, 0, 0, 0.00, '0000-00-00', 0, 1, 0, 1, 0, '', 1, 1, 0, 0, 0.00, 0, 0, '', 0, 0, 0, 0, 0, 0.00, 0.00, NULL, 0, 1.00);
INSERT INTO `randshop_artikel` VALUES(7, '0002', 7, 3, 0, 0, 0.00, 0.00, 8.40, 10.00, 1, '2013-11-27 19:20:58', 1, 10, 1, 1, 0, 0, 0, 2, 1, 1, 0, 0.00, '0000-00-00', 1, 0, 0, 1, 0, '', 1, 0, 0, 0, 0.00, 0, 100, 'g', 0, 6, 0, 0, 0, 0.00, 0.00, NULL, 0, 1.00);
INSERT INTO `randshop_artikel` VALUES(8, '0002', 8, 3, 0, 0, 0.00, 0.00, 8.40, 10.00, 1, '2013-03-27 11:43:49', 1, 0, 0, 1, 0, 0, 0, 2, 2, 0, 0, 0.00, '0000-00-00', 1, 0, 0, 1, 0, '', 1, 0, 0, 0, 0.00, 0, 100, 'g', 0, 0, 0, 0, 0, 0.00, 0.00, NULL, 0, 1.00);

-- --------------------------------------------------------

--
-- Tabellenstruktur für Tabelle `randshop_artikel_abhaengig`
--

CREATE TABLE `randshop_artikel_abhaengig` (
  `artikelid` int(10) unsigned NOT NULL DEFAULT '0',
  `abartikelid` int(10) unsigned NOT NULL DEFAULT '0',
  KEY `artikelid` (`artikelid`,`abartikelid`)
) ENGINE=MyISAM DEFAULT CHARSET=utf8;

--
-- Daten für Tabelle `randshop_artikel_abhaengig`
--


-- --------------------------------------------------------

--
-- Tabellenstruktur für Tabelle `randshop_artikel_bilder`
--

CREATE TABLE `randshop_artikel_bilder` (
  `imageid` int(10) unsigned NOT NULL AUTO_INCREMENT,
  `artikel_id` int(10) unsigned NOT NULL DEFAULT '0',
  `smallImage` varchar(50) NOT NULL DEFAULT '',
  `bigImage` varchar(50) NOT NULL DEFAULT '',
  PRIMARY KEY (`imageid`)
) ENGINE=MyISAM  DEFAULT CHARSET=utf8 AUTO_INCREMENT=3 ;

--
-- Daten für Tabelle `randshop_artikel_bilder`
--

INSERT INTO `randshop_artikel_bilder` VALUES(1, 2, 'artikel_0000002_1_s.jpg', 'artikel_0000002_1_b.jpg');
INSERT INTO `randshop_artikel_bilder` VALUES(2, 2, 'artikel_0000002_2_s.jpg', 'artikel_0000002_2_b.jpg');

-- --------------------------------------------------------

--
-- Tabellenstruktur für Tabelle `randshop_artikel_download`
--

CREATE TABLE `randshop_artikel_download` (
  `id` int(10) unsigned NOT NULL AUTO_INCREMENT,
  `artikel_id` int(10) unsigned NOT NULL DEFAULT '0',
  `language_id` int(10) unsigned NOT NULL DEFAULT '0',
  `filename` varchar(255) NOT NULL DEFAULT '',
  PRIMARY KEY (`id`),
  KEY `artikel_id` (`artikel_id`)
) ENGINE=MyISAM DEFAULT CHARSET=utf8 AUTO_INCREMENT=1 ;

--
-- Daten für Tabelle `randshop_artikel_download`
--


-- --------------------------------------------------------

--
-- Tabellenstruktur für Tabelle `randshop_artikel_gruppen`
--

CREATE TABLE `randshop_artikel_gruppen` (
  `gruppenartikel_id` int(10) unsigned NOT NULL,
  `teilartikel_id` int(10) unsigned NOT NULL,
  `menge` int(4) unsigned NOT NULL DEFAULT '1',
  PRIMARY KEY (`gruppenartikel_id`,`teilartikel_id`)
) ENGINE=MyISAM DEFAULT CHARSET=latin1 COLLATE=latin1_general_ci;

--
-- Daten für Tabelle `randshop_artikel_gruppen`
--


-- --------------------------------------------------------

--
-- Tabellenstruktur für Tabelle `randshop_artikel_langu`
--

CREATE TABLE `randshop_artikel_langu` (
  `artikel_id` int(10) unsigned NOT NULL DEFAULT '0',
  `language_id` int(10) unsigned NOT NULL DEFAULT '0',
  `artikel_name` varchar(255) NOT NULL DEFAULT '',
  `beschreibung` text NOT NULL,
  `kurz_beschreibung` text NOT NULL,
  `smallImage` varchar(255) NOT NULL DEFAULT '',
  `bigImage` varchar(255) NOT NULL DEFAULT '',
  `url_artikel_name_vorgabe` varchar(255) NOT NULL,
  `url_artikel_name` varchar(255) NOT NULL,
  `wesentliche_merkmale` varchar(255) DEFAULT NULL,
  PRIMARY KEY (`artikel_id`,`language_id`)
) ENGINE=MyISAM DEFAULT CHARSET=utf8;

--
-- Daten für Tabelle `randshop_artikel_langu`
--

INSERT INTO `randshop_artikel_langu` VALUES(1, 1, 'Top', '<p>\r\n	Ein schönes Top</p>\r\n', 'Ein schönes Top', 'artikel_0000001_s_1.jpg', 'artikel_0000001_b_1.jpg', '', 'Top', NULL);
INSERT INTO `randshop_artikel_langu` VALUES(2, 1, 'Longpulli Minikleid', '<p>\r\n	<strong>Material:</strong> 92% Viscose, 8% Elastane. Made by SHK Mode.<br />\r\n	<strong>Farbe:</strong> Rosa</p>\r\n', 'Material: 92% Viscose, 8% Elastane. Made by SHK Mode.\r\nFarbe: Rosa', 'artikel_0000002_s_1.jpg', 'artikel_0000002_b_1.jpg', '', 'Longpulli-Minikleid', NULL);
INSERT INTO `randshop_artikel_langu` VALUES(3, 1, 'Jacke Fake Fur', '<p>\r\n	Material: Shell 65% Polyester, 35% Cotton. Made by Be Cool.<br />\r\n	Farbe: Grundfarbe Grau</p>\r\n', 'Material: Shell 65% Polyester, 35% Cotton. Made by Be Cool.\r\nFarbe: Grundfarbe Grau', 'artikel_0000003_s_1.jpg', 'artikel_0000003_b_1.jpg', '', 'Jacke-Fake-Fur', NULL);
INSERT INTO `randshop_artikel_langu` VALUES(4, 1, 'Pullover, ohne Gürtel', '<p>\r\n	<strong>Material:</strong> 80% Cotton, 20% Nylon. Made by Chic Lady.<br />\r\n	<strong>Farbe:</strong> Beige</p>\r\n', 'Material: 80% Cotton, 20% Nylon. Made by Chic Lady.\r\nFarbe: Beige', 'artikel_0000004_s_1.jpg', 'artikel_0000004_b_1.jpg', '', 'Pullover-ohne-Guertel', NULL);
INSERT INTO `randshop_artikel_langu` VALUES(5, 1, 'Pullover', '<p>\r\n	<strong>Material:</strong> 95% Viscosa,5% Elastane. Made by Ceril Moda. Italy<br />\r\n	<strong>Farbe:</strong> Braun</p>\r\n', 'Material: 95% Viscosa,5% Elastane. Made by Ceril Moda. Italy\r\nFarbe: Braun', 'artikel_0000005_s_1.jpg', 'artikel_0000005_b_1.jpg', '', 'Pullover', NULL);
INSERT INTO `randshop_artikel_langu` VALUES(6, 1, 'Longpulli Streifen', '<p>\r\n	<strong>Material:</strong> Mixed Fibres. Made by Destiny.<br />\r\n	<strong>Farbe:</strong> Schwarz Weiß</p>\r\n', 'Material: Mixed Fibres. Made by Destiny.\r\nFarbe: Schwarz Weiß', 'artikel_0000006_s_1.jpg', 'artikel_0000006_b_1.jpg', '', 'Longpulli-Streifen', NULL);
INSERT INTO `randshop_artikel_langu` VALUES(2, 2, 'longeng', '', '', '', '', '', 'longeng', NULL);

-- --------------------------------------------------------

--
-- Tabellenstruktur für Tabelle `randshop_artikel_lieferanten`
--

CREATE TABLE `randshop_artikel_lieferanten` (
  `artikel_id` int(10) unsigned NOT NULL,
  `lieferanten_id` int(10) unsigned NOT NULL,
  `ek_netto` decimal(12,2) NOT NULL,
  `bestellnummer` varchar(50) NOT NULL,
  `hauptlieferant` tinyint(1) unsigned NOT NULL,
  PRIMARY KEY (`artikel_id`,`lieferanten_id`),
  KEY `hauptlieferant` (`hauptlieferant`)
) ENGINE=MyISAM DEFAULT CHARSET=latin1;

--
-- Daten für Tabelle `randshop_artikel_lieferanten`
--


-- --------------------------------------------------------

--
-- Tabellenstruktur für Tabelle `randshop_ausgaben`
--

CREATE TABLE `randshop_ausgaben` (
  `ausgabenid` int(11) unsigned NOT NULL AUTO_INCREMENT,
  `kontoid` int(11) NOT NULL DEFAULT '0',
  `herstellerid` int(11) NOT NULL DEFAULT '0',
  `rechnr` varchar(100) NOT NULL DEFAULT '',
  `nettopreis` decimal(12,2) NOT NULL DEFAULT '0.00',
  `bruttopreis` decimal(12,2) NOT NULL DEFAULT '0.00',
  `bezahl_datum` date NOT NULL DEFAULT '0000-00-00',
  `sonstiges` varchar(250) NOT NULL DEFAULT '',
  PRIMARY KEY (`ausgabenid`)
) ENGINE=MyISAM DEFAULT CHARSET=utf8 AUTO_INCREMENT=1 ;

--
-- Daten für Tabelle `randshop_ausgaben`
--


-- --------------------------------------------------------

--
-- Tabellenstruktur für Tabelle `randshop_autocrsselling`
--

CREATE TABLE `randshop_autocrsselling` (
  `artikel_id` int(10) unsigned NOT NULL,
  `ab_artikel_id` int(10) unsigned NOT NULL,
  `score` decimal(10,2) DEFAULT NULL,
  PRIMARY KEY (`artikel_id`,`ab_artikel_id`)
) ENGINE=InnoDB DEFAULT CHARSET=utf8 COLLATE=utf8_unicode_ci;

--
-- Daten für Tabelle `randshop_autocrsselling`
--


-- --------------------------------------------------------

--
-- Tabellenstruktur für Tabelle `randshop_banner`
--

CREATE TABLE `randshop_banner` (
  `id` int(6) unsigned NOT NULL AUTO_INCREMENT,
  `artikel_id` int(10) unsigned NOT NULL DEFAULT '0',
  `language_independent` tinyint(1) unsigned NOT NULL DEFAULT '0',
  PRIMARY KEY (`id`)
) ENGINE=MyISAM  DEFAULT CHARSET=utf8 AUTO_INCREMENT=2 ;

--
-- Daten für Tabelle `randshop_banner`
--


-- --------------------------------------------------------

--
-- Tabellenstruktur für Tabelle `randshop_banner_langu`
--

CREATE TABLE `randshop_banner_langu` (
  `banner_id` int(10) unsigned NOT NULL DEFAULT '0',
  `language_id` int(10) unsigned NOT NULL DEFAULT '0',
  `bigImage` varchar(255) NOT NULL DEFAULT '',
  `url` varchar(255) NOT NULL DEFAULT '',
  PRIMARY KEY (`banner_id`,`language_id`)
) ENGINE=MyISAM DEFAULT CHARSET=utf8;

--
-- Daten für Tabelle `randshop_banner_langu`
--


-- --------------------------------------------------------

--
-- Tabellenstruktur für Tabelle `randshop_bestellen`
--

CREATE TABLE `randshop_bestellen` (
  `id` int(7) unsigned NOT NULL AUTO_INCREMENT,
  `session` varchar(50) NOT NULL DEFAULT '',
  `kunden_id` int(6) NOT NULL DEFAULT '0',
  `anrede` varchar(5) NOT NULL DEFAULT '',
  `anrede_id` int(10) unsigned NOT NULL DEFAULT '0',
  `titel` varchar(40) NOT NULL,
  `vorname` varchar(50) NOT NULL,
  `nachname` varchar(50) NOT NULL,
  `firma` varchar(100) NOT NULL,
  `strasse` varchar(100) NOT NULL,
  `hausnummer` varchar(10) NOT NULL DEFAULT '',
  `plz` varchar(10) NOT NULL DEFAULT '',
  `ort` varchar(30) NOT NULL DEFAULT '',
  `land` varchar(30) NOT NULL DEFAULT '',
  `bundesstaat` int(11) unsigned NOT NULL,
  `land_id` int(10) unsigned NOT NULL DEFAULT '0',
  `email` varchar(50) NOT NULL DEFAULT '',
  `la_anrede` varchar(5) NOT NULL DEFAULT '',
  `la_anrede_id` int(10) unsigned NOT NULL DEFAULT '0',
  `la_titel` varchar(40) NOT NULL,
  `la_vorname` varchar(30) NOT NULL DEFAULT '',
  `la_nachname` varchar(30) NOT NULL DEFAULT '',
  `la_firma` varchar(100) NOT NULL,
  `la_strasse` varchar(50) NOT NULL DEFAULT '',
  `la_hausnummer` varchar(10) NOT NULL DEFAULT '',
  `la_plz` varchar(10) NOT NULL DEFAULT '',
  `la_ort` varchar(30) NOT NULL DEFAULT '',
  `la_land` varchar(30) NOT NULL DEFAULT '',
  `la_bundesstaat` int(11) unsigned NOT NULL,
  `la_land_id` int(10) unsigned NOT NULL DEFAULT '0',
  `bank` varchar(50) NOT NULL DEFAULT '',
  `blz` varchar(50) DEFAULT NULL,
  `kto` varchar(50) DEFAULT NULL,
  `kredit_typ` varchar(150) NOT NULL DEFAULT '',
  `kredit_nr` varchar(150) NOT NULL DEFAULT '',
  `kredit_gueltig` varchar(16) NOT NULL DEFAULT '',
  `wohin_liefern` tinyint(1) NOT NULL DEFAULT '0',
  `paymentsystem` int(1) NOT NULL DEFAULT '0',
  `kunden_ansicht` tinyint(1) NOT NULL DEFAULT '0',
  `waehrung` varchar(10) NOT NULL DEFAULT '',
  `gewicht` varchar(5) NOT NULL DEFAULT '',
  `paketnummer` varchar(50) NOT NULL DEFAULT '',
  `kundenbemerkung` text NOT NULL,
  `shopbetreiberbemerkung` text NOT NULL,
  `warenwert_netto` decimal(12,2) unsigned NOT NULL DEFAULT '0.00',
  `warenwert_brutto` decimal(12,2) unsigned NOT NULL DEFAULT '0.00',
  `versand_mwst` decimal(12,2) unsigned NOT NULL DEFAULT '0.00',
  `zahlungsart_id` int(10) unsigned NOT NULL DEFAULT '0',
  `zahl_beschreibung` text NOT NULL,
  `zahlungsart_name` varchar(150) NOT NULL DEFAULT '',
  `zahlungsart_netto` decimal(12,2) unsigned NOT NULL DEFAULT '0.00',
  `zahlungsart_brutto` decimal(12,2) unsigned NOT NULL DEFAULT '0.00',
  `versandart_id` int(10) unsigned NOT NULL DEFAULT '0',
  `versandart_name` varchar(150) NOT NULL DEFAULT '',
  `versandart_netto` decimal(12,2) unsigned NOT NULL DEFAULT '0.00',
  `versandart_brutto` decimal(12,2) unsigned NOT NULL DEFAULT '0.00',
  `rabatt_id` int(10) unsigned NOT NULL DEFAULT '0',
  `rabatt_name` varchar(150) NOT NULL DEFAULT '',
  `rabatt_prozent` int(10) unsigned NOT NULL DEFAULT '0',
  `rabatt_betrag` decimal(12,2) unsigned NOT NULL DEFAULT '0.00',
  `gesamtsumme_netto` decimal(12,2) unsigned NOT NULL DEFAULT '0.00',
  `gesamtsumme_brutto` decimal(12,2) unsigned NOT NULL DEFAULT '0.00',
  `kundengruppen_id` int(11) unsigned NOT NULL,
  `kundengruppentype` int(10) unsigned NOT NULL DEFAULT '0',
  `kundengruppenname` varchar(255) NOT NULL DEFAULT '',
  `kundengruppenkuerzel` varchar(25) NOT NULL DEFAULT '',
  `status` int(10) unsigned NOT NULL DEFAULT '0',
  `mahnung` tinyint(3) unsigned NOT NULL DEFAULT '0',
  `stornierungstext` varchar(255) NOT NULL DEFAULT '',
  `auftragsnummer` int(10) unsigned NOT NULL DEFAULT '0',
  `auftragsdatum` datetime NOT NULL DEFAULT '0000-00-00 00:00:00',
  `rechnungsnummer` int(10) unsigned NOT NULL DEFAULT '0',
  `rechnungsdatum` datetime NOT NULL DEFAULT '0000-00-00 00:00:00',
  `lieferscheinnummer` int(10) unsigned NOT NULL DEFAULT '0',
  `lieferscheindatum` datetime NOT NULL DEFAULT '0000-00-00 00:00:00',
  `mahnung1datum` datetime NOT NULL DEFAULT '0000-00-00 00:00:00',
  `mahnung2datum` datetime NOT NULL DEFAULT '0000-00-00 00:00:00',
  `mahnung3datum` datetime NOT NULL DEFAULT '0000-00-00 00:00:00',
  `versandtdatum` datetime NOT NULL DEFAULT '0000-00-00 00:00:00',
  `versandmail` tinyint(1) unsigned NOT NULL,
  `bezahldatum` datetime NOT NULL DEFAULT '0000-00-00 00:00:00',
  `stornierdatum` datetime NOT NULL DEFAULT '0000-00-00 00:00:00',
  `faelligkeitsdatum` datetime NOT NULL DEFAULT '0000-00-00 00:00:00',
  `artikel_download` int(10) NOT NULL DEFAULT '0',
  `language_id` int(11) NOT NULL,
  `bezahlt` tinyint(1) NOT NULL,
  `gutscheinaktion_name` varchar(255) NOT NULL,
  `gutscheincode` varchar(255) NOT NULL,
  `gutschein_betrag` decimal(12,2) NOT NULL,
  `trustedid` int(4) NOT NULL,
  `auftragsbestaetigungdatum` datetime NOT NULL,
  `zahlungserinnerungdatum` datetime NOT NULL,
  `bestell_quelle` int(1) unsigned NOT NULL DEFAULT '0',
  `document_id` tinyint(3) unsigned NOT NULL,
  `comments` text NOT NULL,
  `testorder` text NOT NULL,
  `set_lager_bestellung` int(10) unsigned NOT NULL,
  `set_lager` int(10) unsigned NOT NULL,
  `lieferantenbestellung` int(10) unsigned NOT NULL,
  `bestellnummer` int(10) unsigned NOT NULL,
  `lieferant_kundennummer` varchar(50) NOT NULL,
  `gesamtsumme_storno_netto` decimal(12,2) DEFAULT '0.00',
  `gesamtsumme_storno_brutto` decimal(12,2) DEFAULT '0.00',
  `gutschrift` tinyint(1) unsigned NOT NULL,
  `gutschriftdatum` datetime DEFAULT NULL,
  `gutschriftnummer` int(10) unsigned NOT NULL DEFAULT '0',
  `gutschrift_child_id` int(10) unsigned NOT NULL DEFAULT '0',
  `gutschrift_parent_id` int(10) unsigned NOT NULL DEFAULT '0',
  `bewertungsanfrage_gesendet` tinyint(1) unsigned NOT NULL,
  `telefon` varchar(30) DEFAULT NULL,
  `zahlungsart_storno_netto` decimal(12,2) DEFAULT NULL,
  `zahlungsart_storno_brutto` decimal(12,2) DEFAULT NULL,
  `versandart_storno_netto` decimal(12,2) DEFAULT NULL,
  `versandart_storno_brutto` decimal(12,2) DEFAULT NULL,
  `zahlungsschnittstelle_id` int(11) unsigned NOT NULL DEFAULT '0',
  `zahlungsschnittstelle_freiesfeld` varchar(255) DEFAULT NULL,
  `zahlungsschnittstelle_freiesfeldname` varchar(255) DEFAULT NULL,
  `spedition_preis_netto` decimal(12,2) DEFAULT NULL,
  `spedition_preis_brutto` decimal(12,2) DEFAULT NULL,
  `spedition_preis_storno_netto` decimal(12,2) DEFAULT NULL,
  `spedition_preis_storno_brutto` decimal(12,2) DEFAULT NULL,
  `zahlungsschnittstelle_bestell_id` varchar(255) DEFAULT NULL,
  `phpsessid` varchar(255) DEFAULT NULL,
  PRIMARY KEY (`id`),
  KEY `session` (`session`(32)),
  KEY `status` (`status`)
) ENGINE=MyISAM DEFAULT CHARSET=utf8 AUTO_INCREMENT=1 ;

--
-- Daten für Tabelle `randshop_bestellen`
--


-- --------------------------------------------------------

--
-- Tabellenstruktur für Tabelle `randshop_bestellen_log`
--

CREATE TABLE `randshop_bestellen_log` (
  `logid` int(11) unsigned NOT NULL AUTO_INCREMENT,
  `bestellid` int(11) unsigned NOT NULL,
  `kunden_id` int(11) NOT NULL,
  `kommentar` text NOT NULL,
  `datum` datetime NOT NULL,
  PRIMARY KEY (`logid`)
) ENGINE=MyISAM  DEFAULT CHARSET=latin1 AUTO_INCREMENT=470 ;

--
-- Daten für Tabelle `randshop_bestellen_log`
--


-- --------------------------------------------------------

--
-- Tabellenstruktur für Tabelle `randshop_bestellen_status`
--

CREATE TABLE `randshop_bestellen_status` (
  `id` int(10) unsigned NOT NULL AUTO_INCREMENT,
  `sort` int(10) unsigned NOT NULL DEFAULT '0',
  `zahlungserinnerung_tage` int(4) unsigned NOT NULL,
  `document_id` tinyint(3) unsigned NOT NULL,
  `standard` tinyint(1) unsigned NOT NULL,
  PRIMARY KEY (`id`)
) ENGINE=MyISAM  DEFAULT CHARSET=utf8 AUTO_INCREMENT=54 ;

--
-- Daten für Tabelle `randshop_bestellen_status`
--

INSERT INTO `randshop_bestellen_status` VALUES(1, 2, 0, 0, 1);
INSERT INTO `randshop_bestellen_status` VALUES(2, 5, 0, 0, 0);
INSERT INTO `randshop_bestellen_status` VALUES(3, 1, 0, 0, 0);
INSERT INTO `randshop_bestellen_status` VALUES(4, 4, 0, 0, 0);
INSERT INTO `randshop_bestellen_status` VALUES(5, 10, 0, 0, 0);
INSERT INTO `randshop_bestellen_status` VALUES(6, 11, 0, 0, 0);
INSERT INTO `randshop_bestellen_status` VALUES(7, 12, 0, 0, 0);
INSERT INTO `randshop_bestellen_status` VALUES(8, 3, 0, 0, 0);
INSERT INTO `randshop_bestellen_status` VALUES(9, 13, 0, 0, 0);
INSERT INTO `randshop_bestellen_status` VALUES(10, 1, 0, 1, 0);
INSERT INTO `randshop_bestellen_status` VALUES(11, 2, 0, 1, 0);
INSERT INTO `randshop_bestellen_status` VALUES(12, 1, 0, 2, 0);
INSERT INTO `randshop_bestellen_status` VALUES(13, 2, 0, 2, 0);
INSERT INTO `randshop_bestellen_status` VALUES(14, 3, 0, 2, 0);
INSERT INTO `randshop_bestellen_status` VALUES(15, 4, 0, 2, 0);
INSERT INTO `randshop_bestellen_status` VALUES(16, 5, 0, 2, 0);
INSERT INTO `randshop_bestellen_status` VALUES(50, 0, 0, 3, 0);
INSERT INTO `randshop_bestellen_status` VALUES(51, 0, 0, 3, 0);
INSERT INTO `randshop_bestellen_status` VALUES(52, 20, 0, 0, 0);
INSERT INTO `randshop_bestellen_status` VALUES(53, 21, 0, 0, 0);

-- --------------------------------------------------------

--
-- Tabellenstruktur für Tabelle `randshop_bestellen_status_aktionen`
--

CREATE TABLE `randshop_bestellen_status_aktionen` (
  `status` int(10) unsigned NOT NULL,
  `aktion` int(10) unsigned NOT NULL,
  PRIMARY KEY (`status`,`aktion`)
) ENGINE=MyISAM DEFAULT CHARSET=utf8 COLLATE=utf8_unicode_ci;

--
-- Daten für Tabelle `randshop_bestellen_status_aktionen`
--

INSERT INTO `randshop_bestellen_status_aktionen` VALUES(1, 13);
INSERT INTO `randshop_bestellen_status_aktionen` VALUES(2, 1);
INSERT INTO `randshop_bestellen_status_aktionen` VALUES(2, 2);
INSERT INTO `randshop_bestellen_status_aktionen` VALUES(2, 4);
INSERT INTO `randshop_bestellen_status_aktionen` VALUES(2, 5);
INSERT INTO `randshop_bestellen_status_aktionen` VALUES(3, 13);
INSERT INTO `randshop_bestellen_status_aktionen` VALUES(4, 3);
INSERT INTO `randshop_bestellen_status_aktionen` VALUES(4, 5);
INSERT INTO `randshop_bestellen_status_aktionen` VALUES(4, 14);
INSERT INTO `randshop_bestellen_status_aktionen` VALUES(5, 6);
INSERT INTO `randshop_bestellen_status_aktionen` VALUES(6, 7);
INSERT INTO `randshop_bestellen_status_aktionen` VALUES(7, 7);
INSERT INTO `randshop_bestellen_status_aktionen` VALUES(11, 12);
INSERT INTO `randshop_bestellen_status_aktionen` VALUES(52, 13);

-- --------------------------------------------------------

--
-- Tabellenstruktur für Tabelle `randshop_bestellen_status_folgestatus`
--

CREATE TABLE `randshop_bestellen_status_folgestatus` (
  `status` int(10) unsigned NOT NULL,
  `folgestatus` int(10) unsigned NOT NULL,
  `bezahlt` tinyint(1) unsigned NOT NULL,
  KEY `status` (`status`)
) ENGINE=MyISAM DEFAULT CHARSET=utf8 COLLATE=utf8_unicode_ci;

--
-- Daten für Tabelle `randshop_bestellen_status_folgestatus`
--

INSERT INTO `randshop_bestellen_status_folgestatus` VALUES(6, 7, 0);
INSERT INTO `randshop_bestellen_status_folgestatus` VALUES(6, 2, 1);
INSERT INTO `randshop_bestellen_status_folgestatus` VALUES(1, 4, 0);
INSERT INTO `randshop_bestellen_status_folgestatus` VALUES(3, 2, 0);
INSERT INTO `randshop_bestellen_status_folgestatus` VALUES(8, 2, 1);
INSERT INTO `randshop_bestellen_status_folgestatus` VALUES(1, 8, 0);
INSERT INTO `randshop_bestellen_status_folgestatus` VALUES(1, 2, 1);
INSERT INTO `randshop_bestellen_status_folgestatus` VALUES(8, 4, 0);
INSERT INTO `randshop_bestellen_status_folgestatus` VALUES(1, 8, 1);
INSERT INTO `randshop_bestellen_status_folgestatus` VALUES(3, 8, 0);
INSERT INTO `randshop_bestellen_status_folgestatus` VALUES(4, 6, 0);
INSERT INTO `randshop_bestellen_status_folgestatus` VALUES(4, 5, 0);
INSERT INTO `randshop_bestellen_status_folgestatus` VALUES(4, 2, 0);
INSERT INTO `randshop_bestellen_status_folgestatus` VALUES(4, 5, 1);
INSERT INTO `randshop_bestellen_status_folgestatus` VALUES(2, 5, 1);
INSERT INTO `randshop_bestellen_status_folgestatus` VALUES(9, 1, 1);
INSERT INTO `randshop_bestellen_status_folgestatus` VALUES(9, 1, 0);
INSERT INTO `randshop_bestellen_status_folgestatus` VALUES(4, 2, 1);
INSERT INTO `randshop_bestellen_status_folgestatus` VALUES(10, 11, 0);

-- --------------------------------------------------------

--
-- Tabellenstruktur für Tabelle `randshop_bestellen_status_langu`
--

CREATE TABLE `randshop_bestellen_status_langu` (
  `bestellen_status_id` int(10) unsigned NOT NULL DEFAULT '0',
  `language_id` int(10) unsigned NOT NULL DEFAULT '0',
  `name` varchar(255) NOT NULL DEFAULT '',
  `name_kunde` varchar(255) NOT NULL,
  `beschreibung` text NOT NULL,
  PRIMARY KEY (`bestellen_status_id`,`language_id`)
) ENGINE=MyISAM DEFAULT CHARSET=utf8;

--
-- Daten für Tabelle `randshop_bestellen_status_langu`
--

INSERT INTO `randshop_bestellen_status_langu` VALUES(1, 1, 'Eingegangen', 'Bestellung eingegangen', 'Bestellung eingegangen, warte auf Zahlung');
INSERT INTO `randshop_bestellen_status_langu` VALUES(2, 1, 'Abgeschlossen', 'Bestellung abgeschlossen / versendet', 'Bestellung bezahlt und abgeschlossen');
INSERT INTO `randshop_bestellen_status_langu` VALUES(3, 1, 'Auf Zahlung wartend', 'Auf Zahlung wartend', '');
INSERT INTO `randshop_bestellen_status_langu` VALUES(8, 1, 'Auf Ware wartend', 'Auf Ware wartend', '');
INSERT INTO `randshop_bestellen_status_langu` VALUES(4, 1, 'Versandt', 'Bestellung versendet', 'Bestellung versendet, muss nicht bezahlt sein wegen Nachnahme');
INSERT INTO `randshop_bestellen_status_langu` VALUES(5, 1, 'Storniert', 'Bestellung storniert', '');
INSERT INTO `randshop_bestellen_status_langu` VALUES(6, 1, 'Zahlungserinnerung', 'In Zahlungserinnerung', '');
INSERT INTO `randshop_bestellen_status_langu` VALUES(7, 1, 'Mahnung', 'In Mahnung', '2. Zahlungsaufforderung');
INSERT INTO `randshop_bestellen_status_langu` VALUES(9, 1, 'Unbestaetigt', 'Nicht richtig abgeschlossen', '');
INSERT INTO `randshop_bestellen_status_langu` VALUES(10, 1, 'Offene Angebote', 'Offene Angebote', '');
INSERT INTO `randshop_bestellen_status_langu` VALUES(11, 1, 'angenommen', 'Angebot angenommen', '');
INSERT INTO `randshop_bestellen_status_langu` VALUES(12, 1, 'offen', 'offen', 'noch nicht verschickte Lieferantenbestellung');
INSERT INTO `randshop_bestellen_status_langu` VALUES(13, 1, 'versandt', 'versandt', 'verschickte Lieferantenbestellung');
INSERT INTO `randshop_bestellen_status_langu` VALUES(14, 1, 'unvollst', 'unvollst', 'unvollst');
INSERT INTO `randshop_bestellen_status_langu` VALUES(15, 1, 'geliefert', 'geliefert', 'vollst');
INSERT INTO `randshop_bestellen_status_langu` VALUES(16, 1, 'storniert', 'storniert', 'stornierte Lieferantenbestellung');
INSERT INTO `randshop_bestellen_status_langu` VALUES(50, 1, 'offen', 'offen', '');
INSERT INTO `randshop_bestellen_status_langu` VALUES(51, 1, 'abgeschlossen', 'abgeschlossen', '');
INSERT INTO `randshop_bestellen_status_langu` VALUES(52, 1, 'Zahlung in Überprüfung', 'Zahlung in Überprüfung', 'Zahlung wird durch den Zahlungsanbieter überprüft');
INSERT INTO `randshop_bestellen_status_langu` VALUES(53, 1, 'Zahlung abgelehnt', 'Zahlung abgelehnt', 'Zahlung wurde durch den Zahlungsanbieter abgelehnt');

-- --------------------------------------------------------

--
-- Tabellenstruktur für Tabelle `randshop_bestellstatus_aktionen`
--

CREATE TABLE `randshop_bestellstatus_aktionen` (
  `id` int(10) unsigned NOT NULL AUTO_INCREMENT,
  `name` varchar(255) COLLATE utf8_unicode_ci NOT NULL,
  `document_id` tinyint(3) unsigned NOT NULL,
  PRIMARY KEY (`id`)
) ENGINE=MyISAM  DEFAULT CHARSET=utf8 COLLATE=utf8_unicode_ci AUTO_INCREMENT=15 ;

--
-- Daten für Tabelle `randshop_bestellstatus_aktionen`
--

INSERT INTO `randshop_bestellstatus_aktionen` VALUES(1, 'Versanddatum setzen', 0);
INSERT INTO `randshop_bestellstatus_aktionen` VALUES(2, 'Bezahldatum setzen', 0);
INSERT INTO `randshop_bestellstatus_aktionen` VALUES(3, 'Versandbestaetigung senden', 0);
INSERT INTO `randshop_bestellstatus_aktionen` VALUES(4, 'Versandbestaetigung senden (mit Rechnung)', 0);
INSERT INTO `randshop_bestellstatus_aktionen` VALUES(5, 'Rechnung erstellen', 0);
INSERT INTO `randshop_bestellstatus_aktionen` VALUES(6, 'Bestellung stornieren', 0);
INSERT INTO `randshop_bestellstatus_aktionen` VALUES(7, 'Mahnung senden', 0);
INSERT INTO `randshop_bestellstatus_aktionen` VALUES(13, 'Bestelllagerbestand reduzieren', 0);
INSERT INTO `randshop_bestellstatus_aktionen` VALUES(14, 'Lagerbestand reduzieren', 0);
INSERT INTO `randshop_bestellstatus_aktionen` VALUES(8, 'Versanddatum setzen', 1);
INSERT INTO `randshop_bestellstatus_aktionen` VALUES(9, 'Angebot setzen', 1);
INSERT INTO `randshop_bestellstatus_aktionen` VALUES(10, 'Ablehnungsdatum setzen', 1);
INSERT INTO `randshop_bestellstatus_aktionen` VALUES(11, 'Annahmedatum setzen', 1);
INSERT INTO `randshop_bestellstatus_aktionen` VALUES(12, 'Bestellung erstellen', 1);

-- --------------------------------------------------------

--
-- Tabellenstruktur für Tabelle `randshop_bewertung`
--

CREATE TABLE `randshop_bewertung` (
  `id` int(6) unsigned NOT NULL AUTO_INCREMENT,
  `artId` int(6) NOT NULL DEFAULT '0',
  `kunId` int(6) NOT NULL DEFAULT '0',
  `bewertung` int(1) NOT NULL DEFAULT '0',
  `beschreibung` text NOT NULL,
  `headline` varchar(100) NOT NULL DEFAULT '',
  `datum` datetime DEFAULT NULL,
  `kommentar` text NOT NULL,
  PRIMARY KEY (`id`),
  KEY `artId` (`artId`),
  KEY `kunId` (`kunId`)
) ENGINE=MyISAM  DEFAULT CHARSET=utf8 AUTO_INCREMENT=5 ;

--
-- Daten für Tabelle `randshop_bewertung`
--

INSERT INTO `randshop_bewertung` VALUES(1, 3, 1000, 4, 'Ein super Produkt.', 'Jo', '2013-08-21 15:56:05', '');
INSERT INTO `randshop_bewertung` VALUES(2, 2, 1000, 5, 'Ein sehr schönes Minikleid', 'Einwandfrei', '2013-08-21 16:17:42', '');
INSERT INTO `randshop_bewertung` VALUES(3, 2, 1000, 4, 'Super sache', 'Toll', '2013-08-27 18:09:27', '');
INSERT INTO `randshop_bewertung` VALUES(4, 2, 0, 1, 'dff dsfsa d', 'sdfsfd', '2013-11-27 18:17:07', 'Ein Tstkommentar');

-- --------------------------------------------------------

--
-- Tabellenstruktur für Tabelle `randshop_boxen`
--

CREATE TABLE `randshop_boxen` (
  `boxid` tinyint(3) unsigned NOT NULL AUTO_INCREMENT,
  `position` tinyint(1) NOT NULL,
  `sortierung` tinyint(2) NOT NULL,
  `aktiv` tinyint(1) NOT NULL,
  PRIMARY KEY (`boxid`)
) ENGINE=InnoDB DEFAULT CHARSET=utf8 COLLATE=utf8_unicode_ci AUTO_INCREMENT=1 ;

--
-- Daten für Tabelle `randshop_boxen`
--


-- --------------------------------------------------------

--
-- Tabellenstruktur für Tabelle `randshop_boxen_langu`
--

CREATE TABLE `randshop_boxen_langu` (
  `boxid` tinyint(3) NOT NULL,
  `headline` varchar(255) COLLATE utf8_unicode_ci NOT NULL,
  `text` text COLLATE utf8_unicode_ci NOT NULL,
  `language_id` tinyint(2) NOT NULL
) ENGINE=InnoDB DEFAULT CHARSET=utf8 COLLATE=utf8_unicode_ci;

--
-- Daten für Tabelle `randshop_boxen_langu`
--


-- --------------------------------------------------------

--
-- Tabellenstruktur für Tabelle `randshop_bundesstaaten`
--

CREATE TABLE `randshop_bundesstaaten` (
  `id` int(11) unsigned NOT NULL AUTO_INCREMENT,
  `staatenlisten_id` int(11) DEFAULT NULL,
  `name` varchar(50) COLLATE utf8_unicode_ci DEFAULT NULL,
  `code` varchar(10) COLLATE utf8_unicode_ci DEFAULT NULL,
  PRIMARY KEY (`id`)
) ENGINE=InnoDB  DEFAULT CHARSET=utf8 COLLATE=utf8_unicode_ci AUTO_INCREMENT=72 ;

--
-- Daten für Tabelle `randshop_bundesstaaten`
--

INSERT INTO `randshop_bundesstaaten` VALUES(1, 1, 'Alberta', 'AB');
INSERT INTO `randshop_bundesstaaten` VALUES(2, 1, 'British Columbia', 'BC');
INSERT INTO `randshop_bundesstaaten` VALUES(3, 1, 'Manitoba', 'MB');
INSERT INTO `randshop_bundesstaaten` VALUES(4, 1, 'New Brunswick', 'NB');
INSERT INTO `randshop_bundesstaaten` VALUES(5, 1, 'Newfoundland and Labrador', 'NF');
INSERT INTO `randshop_bundesstaaten` VALUES(6, 1, 'Northwest Territories', 'NT');
INSERT INTO `randshop_bundesstaaten` VALUES(7, 1, 'Nova Scotia', 'NS');
INSERT INTO `randshop_bundesstaaten` VALUES(8, 1, 'Nunavut', 'NU');
INSERT INTO `randshop_bundesstaaten` VALUES(9, 1, 'Ontario', 'ON');
INSERT INTO `randshop_bundesstaaten` VALUES(10, 1, 'Prince Edward Island', 'PE');
INSERT INTO `randshop_bundesstaaten` VALUES(11, 1, 'Quebec', 'PQ');
INSERT INTO `randshop_bundesstaaten` VALUES(12, 1, 'Saskatchewan', 'SK');
INSERT INTO `randshop_bundesstaaten` VALUES(13, 1, 'Yukon Territory', 'YT');
INSERT INTO `randshop_bundesstaaten` VALUES(14, 2, 'Alabama', 'AL');
INSERT INTO `randshop_bundesstaaten` VALUES(15, 2, 'Alaska', 'AK');
INSERT INTO `randshop_bundesstaaten` VALUES(16, 2, 'Arizona', 'AZ');
INSERT INTO `randshop_bundesstaaten` VALUES(17, 2, 'Arkansas', 'AR');
INSERT INTO `randshop_bundesstaaten` VALUES(18, 2, 'California', 'CA');
INSERT INTO `randshop_bundesstaaten` VALUES(19, 2, 'Colorado', 'CO');
INSERT INTO `randshop_bundesstaaten` VALUES(20, 2, 'Connecticut', 'CT');
INSERT INTO `randshop_bundesstaaten` VALUES(21, 2, 'Delaware', 'DE');
INSERT INTO `randshop_bundesstaaten` VALUES(22, 2, 'Florida', 'FL');
INSERT INTO `randshop_bundesstaaten` VALUES(23, 2, 'Georgia', 'GA');
INSERT INTO `randshop_bundesstaaten` VALUES(24, 2, 'Hawaii', 'HI');
INSERT INTO `randshop_bundesstaaten` VALUES(25, 2, 'Idaho', 'ID');
INSERT INTO `randshop_bundesstaaten` VALUES(26, 2, 'Illinois', 'IL');
INSERT INTO `randshop_bundesstaaten` VALUES(27, 2, 'Indiana', 'IN');
INSERT INTO `randshop_bundesstaaten` VALUES(28, 2, 'Iowa', 'IA');
INSERT INTO `randshop_bundesstaaten` VALUES(29, 2, 'Kansas', 'KS');
INSERT INTO `randshop_bundesstaaten` VALUES(30, 2, 'Kentucky', 'KY');
INSERT INTO `randshop_bundesstaaten` VALUES(31, 2, 'Louisiana', 'LA');
INSERT INTO `randshop_bundesstaaten` VALUES(32, 2, 'Maine', 'ME');
INSERT INTO `randshop_bundesstaaten` VALUES(33, 2, 'Maryland', 'MD');
INSERT INTO `randshop_bundesstaaten` VALUES(34, 2, 'Massachusetts', 'MA');
INSERT INTO `randshop_bundesstaaten` VALUES(35, 2, 'Michigan', 'MI');
INSERT INTO `randshop_bundesstaaten` VALUES(36, 2, 'Minnesota', 'MN');
INSERT INTO `randshop_bundesstaaten` VALUES(37, 2, 'Mississippi', 'MS');
INSERT INTO `randshop_bundesstaaten` VALUES(38, 2, 'Missouri', 'MO');
INSERT INTO `randshop_bundesstaaten` VALUES(39, 2, 'Montana', 'MT');
INSERT INTO `randshop_bundesstaaten` VALUES(40, 2, 'Nebraska', 'NE');
INSERT INTO `randshop_bundesstaaten` VALUES(41, 2, 'Nevada', 'NV');
INSERT INTO `randshop_bundesstaaten` VALUES(42, 2, 'New Hampshire', 'NH');
INSERT INTO `randshop_bundesstaaten` VALUES(43, 2, 'New Jersey', 'NJ');
INSERT INTO `randshop_bundesstaaten` VALUES(44, 2, 'New Mexico', 'NM');
INSERT INTO `randshop_bundesstaaten` VALUES(45, 2, 'New York', 'NY');
INSERT INTO `randshop_bundesstaaten` VALUES(46, 2, 'North Carolina', 'NC');
INSERT INTO `randshop_bundesstaaten` VALUES(47, 2, 'North Dakota', 'ND');
INSERT INTO `randshop_bundesstaaten` VALUES(48, 2, 'Ohio', 'OH');
INSERT INTO `randshop_bundesstaaten` VALUES(49, 2, 'Oklahoma', 'OK');
INSERT INTO `randshop_bundesstaaten` VALUES(50, 2, 'Oregon', 'OR');
INSERT INTO `randshop_bundesstaaten` VALUES(51, 2, 'Pennsylvania', 'PA');
INSERT INTO `randshop_bundesstaaten` VALUES(52, 2, 'Rhode Island', 'RI');
INSERT INTO `randshop_bundesstaaten` VALUES(53, 2, 'South Carolina', 'SC');
INSERT INTO `randshop_bundesstaaten` VALUES(54, 2, 'South Dakota', 'SD');
INSERT INTO `randshop_bundesstaaten` VALUES(55, 2, 'Tennessee', 'TN');
INSERT INTO `randshop_bundesstaaten` VALUES(56, 2, 'Texas', 'TX');
INSERT INTO `randshop_bundesstaaten` VALUES(57, 2, 'Utah', 'UT');
INSERT INTO `randshop_bundesstaaten` VALUES(58, 2, 'Vermont', 'VT');
INSERT INTO `randshop_bundesstaaten` VALUES(59, 2, 'Virginia', 'VA');
INSERT INTO `randshop_bundesstaaten` VALUES(60, 2, 'Washington', 'WA');
INSERT INTO `randshop_bundesstaaten` VALUES(61, 2, 'West Virginia', 'WV');
INSERT INTO `randshop_bundesstaaten` VALUES(62, 2, 'Wisconsin', 'WI');
INSERT INTO `randshop_bundesstaaten` VALUES(63, 2, 'Wyoming', 'WY');
INSERT INTO `randshop_bundesstaaten` VALUES(64, 3, 'Australian Capital Territory', 'AC');
INSERT INTO `randshop_bundesstaaten` VALUES(65, 3, 'New South Wales', 'NW');
INSERT INTO `randshop_bundesstaaten` VALUES(66, 3, 'Northern Territory', 'NO');
INSERT INTO `randshop_bundesstaaten` VALUES(67, 3, 'Queensland', 'QL');
INSERT INTO `randshop_bundesstaaten` VALUES(68, 3, 'South Australia', 'SA');
INSERT INTO `randshop_bundesstaaten` VALUES(69, 3, 'Tasmania', 'TS');
INSERT INTO `randshop_bundesstaaten` VALUES(70, 3, 'Victoria', 'VC');
INSERT INTO `randshop_bundesstaaten` VALUES(71, 3, 'Western Australia', 'WS');

-- --------------------------------------------------------

--
-- Tabellenstruktur für Tabelle `randshop_bundesstaatenlisten`
--

CREATE TABLE `randshop_bundesstaatenlisten` (
  `id` int(11) unsigned NOT NULL AUTO_INCREMENT,
  `name` varchar(50) COLLATE utf8_unicode_ci DEFAULT NULL,
  PRIMARY KEY (`id`)
) ENGINE=InnoDB  DEFAULT CHARSET=utf8 COLLATE=utf8_unicode_ci AUTO_INCREMENT=4 ;

--
-- Daten für Tabelle `randshop_bundesstaatenlisten`
--

INSERT INTO `randshop_bundesstaatenlisten` VALUES(1, 'Kanada');
INSERT INTO `randshop_bundesstaatenlisten` VALUES(2, 'USA');
INSERT INTO `randshop_bundesstaatenlisten` VALUES(3, 'Australien');

-- --------------------------------------------------------

--
-- Tabellenstruktur für Tabelle `randshop_cms_artikel`
--

CREATE TABLE `randshop_cms_artikel` (
  `id` int(11) unsigned NOT NULL AUTO_INCREMENT,
  `artikel_nr` varchar(30) NOT NULL DEFAULT '',
  `variante1` int(10) unsigned NOT NULL DEFAULT '0',
  `variante2` int(10) unsigned NOT NULL DEFAULT '0',
  `variante3` int(10) unsigned NOT NULL DEFAULT '0',
  `variante4` int(10) unsigned NOT NULL DEFAULT '0',
  `preis_alt_netto` decimal(12,2) unsigned NOT NULL DEFAULT '0.00',
  `preis_alt_brutto` decimal(12,2) unsigned NOT NULL DEFAULT '0.00',
  `preis_netto` decimal(12,2) unsigned NOT NULL DEFAULT '0.00',
  `preis_brutto` decimal(12,2) unsigned NOT NULL DEFAULT '0.00',
  `mwst` int(10) unsigned NOT NULL DEFAULT '0',
  `timestamp` timestamp NOT NULL DEFAULT CURRENT_TIMESTAMP ON UPDATE CURRENT_TIMESTAMP,
  `aktiv` smallint(1) unsigned NOT NULL DEFAULT '0',
  `lager` int(5) NOT NULL DEFAULT '0',
  `wie_oft_bestellt` int(6) NOT NULL DEFAULT '0',
  `angebote` int(6) NOT NULL DEFAULT '0',
  `merkmalauswahl` tinyint(1) unsigned NOT NULL DEFAULT '0',
  `kundengruppenpreis` tinyint(1) unsigned NOT NULL DEFAULT '0',
  `merkmalkombination` int(10) unsigned NOT NULL DEFAULT '0',
  `merkmalkombinationparentid` int(10) unsigned NOT NULL DEFAULT '0',
  `merkmalkombinationsort` int(10) unsigned NOT NULL DEFAULT '0',
  `merkmalkombinationstandard` int(10) unsigned NOT NULL DEFAULT '0',
  `produktgruppe` int(5) NOT NULL DEFAULT '0',
  `gewicht` decimal(12,2) unsigned NOT NULL DEFAULT '0.00',
  `voe_datum` date NOT NULL DEFAULT '0000-00-00',
  `hersteller_id` int(11) unsigned NOT NULL DEFAULT '0',
  `startseitenangebot` tinyint(1) unsigned NOT NULL DEFAULT '0',
  `aktuellartikel` tinyint(1) NOT NULL DEFAULT '0',
  `lieferstatus` int(10) unsigned NOT NULL DEFAULT '0',
  `artikel_download` int(10) NOT NULL DEFAULT '0',
  `ean` varchar(50) NOT NULL DEFAULT '',
  `image_language_independent` tinyint(1) unsigned NOT NULL DEFAULT '0',
  `download_language_independent` tinyint(1) unsigned NOT NULL DEFAULT '0',
  PRIMARY KEY (`id`),
  KEY `mwstsatz` (`mwst`),
  KEY `INDEX_wie_oft_bestellt` (`wie_oft_bestellt`),
  KEY `merkmalkombinationparentid` (`merkmalkombinationparentid`),
  FULLTEXT KEY `FULLTEXT_artikel_nr` (`artikel_nr`)
) ENGINE=MyISAM  DEFAULT CHARSET=utf8 AUTO_INCREMENT=3 ;

--
-- Daten für Tabelle `randshop_cms_artikel`
--

INSERT INTO `randshop_cms_artikel` VALUES(1, '0000', 0, 0, 0, 0, 0.00, 0.00, 0.00, 0.00, 0, '2012-08-16 19:10:05', 1, 0, 0, 0, 0, 0, 0, 0, 0, 0, 0, 0.00, '0000-00-00', 0, 0, 1, 0, 0, '', 0, 0);
INSERT INTO `randshop_cms_artikel` VALUES(2, '00002', 0, 0, 0, 0, 0.00, 0.00, 0.00, 0.00, 0, '2013-11-29 13:06:40', 1, 0, 0, 0, 0, 0, 0, 0, 0, 0, 0, 0.00, '0000-00-00', 0, 0, 0, 0, 0, '', 0, 0);

-- --------------------------------------------------------

--
-- Tabellenstruktur für Tabelle `randshop_cms_artikel_abhaengig`
--

CREATE TABLE `randshop_cms_artikel_abhaengig` (
  `artikelid` int(10) unsigned NOT NULL DEFAULT '0',
  `abartikelid` int(10) unsigned NOT NULL DEFAULT '0',
  KEY `artikelid` (`artikelid`,`abartikelid`)
) ENGINE=MyISAM DEFAULT CHARSET=utf8;

--
-- Daten für Tabelle `randshop_cms_artikel_abhaengig`
--


-- --------------------------------------------------------

--
-- Tabellenstruktur für Tabelle `randshop_cms_artikel_bilder`
--

CREATE TABLE `randshop_cms_artikel_bilder` (
  `imageid` int(10) unsigned NOT NULL AUTO_INCREMENT,
  `artikel_id` int(10) unsigned NOT NULL DEFAULT '0',
  `smallImage` varchar(50) NOT NULL DEFAULT '',
  `bigImage` varchar(50) NOT NULL DEFAULT '',
  PRIMARY KEY (`imageid`)
) ENGINE=MyISAM DEFAULT CHARSET=utf8 AUTO_INCREMENT=1 ;

--
-- Daten für Tabelle `randshop_cms_artikel_bilder`
--


-- --------------------------------------------------------

--
-- Tabellenstruktur für Tabelle `randshop_cms_artikel_langu`
--

CREATE TABLE `randshop_cms_artikel_langu` (
  `artikel_id` int(10) unsigned NOT NULL DEFAULT '0',
  `language_id` int(10) unsigned NOT NULL DEFAULT '0',
  `artikel_name` varchar(255) NOT NULL DEFAULT '',
  `beschreibung` text NOT NULL,
  `kurz_beschreibung` text NOT NULL,
  `smallImage` varchar(255) NOT NULL DEFAULT '',
  `bigImage` varchar(255) NOT NULL DEFAULT '',
  PRIMARY KEY (`artikel_id`,`language_id`)
) ENGINE=MyISAM DEFAULT CHARSET=utf8;

--
-- Daten für Tabelle `randshop_cms_artikel_langu`
--

INSERT INTO `randshop_cms_artikel_langu` VALUES(1, 1, 'Das Shopsystem Randshop', '<p>\r\n	Einfach, schnell, gut!!<br />\r\n	Schön, dass Sie sich für unser Shopsystem entschieden haben. Damit haben Sie ein umfangreiches Tool, um Ihre Waren verkaufen zu können.</p>\r\n<p>\r\n	Wenn Sie kostenfreie Hilfe benötigen, schauen Sie in unser Randshop Forum, andernfalls können Sie sich auch gerne mit Anpassungswünschen <a href=\\"http://www.randshop.com/Randshop-Kontaktieren\\" target=\\"_blank\\">an die Shophersteller wenden</a> oder Ihr System mit <a href=\\"http://www.shop.randshop.com\\" target=\\"_blank\\">vorhandenen Modulen</a> aufwerten.</p>\r\n<p>\r\n	Viel Spass wünscht Ihnen<br />\r\n	Das Randshop Team.</p>\r\n', '', '', '');
INSERT INTO `randshop_cms_artikel_langu` VALUES(2, 1, 'Beispiel eines CMS Menüpunktes', '<p>\r\n	Dieser Menüpunkt wird im Adminbereich unter dem Hauptpunkt CMS barbeitet. Hierbei kann unter CMS Navigation ein Menüpunkt festgelegt werden sowie unter CMS Beiträge dann der Inhalt angelegt und der Kategorie zugewiesen werden.</p>\r\n', '', '', '');

-- --------------------------------------------------------

--
-- Tabellenstruktur für Tabelle `randshop_cms_datenblatt`
--

CREATE TABLE `randshop_cms_datenblatt` (
  `datenblatt_id` int(11) unsigned NOT NULL AUTO_INCREMENT,
  `artikel_id` int(11) NOT NULL DEFAULT '0',
  `symbol` int(11) NOT NULL DEFAULT '0',
  `sortierung` int(3) NOT NULL DEFAULT '0',
  `language_independent` tinyint(1) unsigned NOT NULL DEFAULT '0',
  PRIMARY KEY (`datenblatt_id`)
) ENGINE=MyISAM DEFAULT CHARSET=utf8 AUTO_INCREMENT=1 ;

--
-- Daten für Tabelle `randshop_cms_datenblatt`
--


-- --------------------------------------------------------

--
-- Tabellenstruktur für Tabelle `randshop_cms_datenblatt_langu`
--

CREATE TABLE `randshop_cms_datenblatt_langu` (
  `datenblatt_id` int(10) unsigned NOT NULL DEFAULT '0',
  `language_id` int(10) unsigned NOT NULL DEFAULT '0',
  `titelname` varchar(255) NOT NULL DEFAULT '',
  `url_feld` varchar(255) NOT NULL DEFAULT '',
  `datei_upload` varchar(255) NOT NULL DEFAULT '',
  PRIMARY KEY (`datenblatt_id`,`language_id`)
) ENGINE=MyISAM DEFAULT CHARSET=utf8;

--
-- Daten für Tabelle `randshop_cms_datenblatt_langu`
--


-- --------------------------------------------------------

--
-- Tabellenstruktur für Tabelle `randshop_cms_kategorie`
--

CREATE TABLE `randshop_cms_kategorie` (
  `id` int(10) unsigned NOT NULL AUTO_INCREMENT,
  `parentid` int(10) unsigned NOT NULL DEFAULT '0',
  `level` int(10) unsigned NOT NULL DEFAULT '0',
  `sort` int(10) unsigned NOT NULL DEFAULT '0',
  `aktiv` tinyint(1) NOT NULL DEFAULT '1',
  `language_independent` tinyint(1) unsigned NOT NULL DEFAULT '0',
  `position` tinyint(1) NOT NULL,
  PRIMARY KEY (`id`),
  KEY `kat_index` (`parentid`,`aktiv`,`sort`)
) ENGINE=MyISAM  DEFAULT CHARSET=utf8 AUTO_INCREMENT=2 ;

--
-- Daten für Tabelle `randshop_cms_kategorie`
--

INSERT INTO `randshop_cms_kategorie` VALUES(1, 0, 0, 1, 1, 0, 0);

-- --------------------------------------------------------

--
-- Tabellenstruktur für Tabelle `randshop_cms_kategorierelation`
--

CREATE TABLE `randshop_cms_kategorierelation` (
  `artikelid` int(11) NOT NULL DEFAULT '0',
  `kategorieid` int(11) NOT NULL DEFAULT '0',
  PRIMARY KEY (`artikelid`,`kategorieid`),
  KEY `kategorieid` (`kategorieid`)
) ENGINE=MyISAM DEFAULT CHARSET=utf8;

--
-- Daten für Tabelle `randshop_cms_kategorierelation`
--

INSERT INTO `randshop_cms_kategorierelation` VALUES(2, 1);

-- --------------------------------------------------------

--
-- Tabellenstruktur für Tabelle `randshop_cms_kategorie_langu`
--

CREATE TABLE `randshop_cms_kategorie_langu` (
  `kategorie_id` int(10) unsigned NOT NULL DEFAULT '0',
  `language_id` int(10) unsigned NOT NULL DEFAULT '0',
  `name` varchar(255) NOT NULL DEFAULT '',
  `smallImage` varchar(255) NOT NULL DEFAULT '',
  `url_name_vorgabe` varchar(255) NOT NULL,
  `url_name` varchar(255) NOT NULL,
  PRIMARY KEY (`kategorie_id`,`language_id`)
) ENGINE=MyISAM DEFAULT CHARSET=utf8;

--
-- Daten für Tabelle `randshop_cms_kategorie_langu`
--

INSERT INTO `randshop_cms_kategorie_langu` VALUES(1, 1, 'CMS Menüpunkt', '', '', 'CMS-Menuepunkt');

-- --------------------------------------------------------

--
-- Tabellenstruktur für Tabelle `randshop_count_hi`
--

CREATE TABLE `randshop_count_hi` (
  `hits` int(20) DEFAULT NULL,
  `login` int(20) DEFAULT NULL,
  `lastlogin` int(20) DEFAULT NULL,
  `maxuser` int(8) DEFAULT NULL
) ENGINE=MyISAM DEFAULT CHARSET=utf8;

--
-- Daten für Tabelle `randshop_count_hi`
--

INSERT INTO `randshop_count_hi` VALUES(44, 1401462301, 1385974028, 1);

-- --------------------------------------------------------

--
-- Tabellenstruktur für Tabelle `randshop_count_ip`
--

CREATE TABLE `randshop_count_ip` (
  `dates` varchar(25) DEFAULT NULL,
  `del` int(20) DEFAULT NULL,
  `ip` varchar(18) DEFAULT NULL
) ENGINE=MyISAM DEFAULT CHARSET=utf8;

--
-- Daten für Tabelle `randshop_count_ip`
--

INSERT INTO `randshop_count_ip` VALUES('30.05.2014', 1401462301, '127.0.0.1');

-- --------------------------------------------------------

--
-- Tabellenstruktur für Tabelle `randshop_count_uo`
--

CREATE TABLE `randshop_count_uo` (
  `id` int(11) NOT NULL AUTO_INCREMENT,
  `IP` varchar(30) DEFAULT NULL,
  `NAME` varchar(200) DEFAULT NULL,
  `DATE` int(30) DEFAULT NULL,
  PRIMARY KEY (`id`)
) ENGINE=MyISAM  DEFAULT CHARSET=utf8 AUTO_INCREMENT=1013 ;

--
-- Daten für Tabelle `randshop_count_uo`
--

INSERT INTO `randshop_count_uo` VALUES(1012, '127.0.0.1', '', 1401462632);

-- --------------------------------------------------------

--
-- Tabellenstruktur für Tabelle `randshop_cronjob`
--

CREATE TABLE `randshop_cronjob` (
  `cronjob_id` int(10) unsigned NOT NULL AUTO_INCREMENT,
  `command` varchar(255) COLLATE utf8_unicode_ci NOT NULL,
  `last_execute` datetime NOT NULL,
  `run_hour` int(10) unsigned NOT NULL,
  `run_minute` int(10) unsigned NOT NULL,
  PRIMARY KEY (`cronjob_id`)
) ENGINE=InnoDB  DEFAULT CHARSET=utf8 COLLATE=utf8_unicode_ci AUTO_INCREMENT=3 ;

--
-- Daten für Tabelle `randshop_cronjob`
--

INSERT INTO `randshop_cronjob` VALUES(1, 'AbgleichAGBHostingTexte', '2014-05-30 17:10:41', 288, 0);
INSERT INTO `randshop_cronjob` VALUES(2, 'CheckPendingPayments', '0000-00-00 00:00:00', 0, 0);

-- --------------------------------------------------------

--
-- Tabellenstruktur für Tabelle `randshop_dataexchange_fields`
--

CREATE TABLE `randshop_dataexchange_fields` (
  `field_id` int(10) unsigned NOT NULL AUTO_INCREMENT,
  `rs_field_id` int(10) unsigned NOT NULL,
  `field_type` int(10) unsigned NOT NULL,
  `field_name` varchar(255) NOT NULL,
  `field_csv_caption` varchar(255) NOT NULL,
  `field_alias` varchar(255) NOT NULL,
  `dataexchange_type` tinyint(3) unsigned NOT NULL,
  `relation_type` tinyint(3) unsigned NOT NULL,
  `option_mandatory` tinyint(3) unsigned DEFAULT NULL,
  `option_identifier` tinyint(3) unsigned NOT NULL,
  `option_insert` tinyint(3) unsigned NOT NULL,
  `option_insert_default_value` varchar(255) NOT NULL,
  `option_language` tinyint(3) unsigned NOT NULL,
  `option_striplinebreak` tinyint(3) unsigned NOT NULL,
  `option_striptags` tinyint(3) unsigned NOT NULL,
  `option_trim` tinyint(3) unsigned NOT NULL,
  `regexp_search` varchar(255) NOT NULL,
  `regexp_insert` varchar(255) NOT NULL,
  `mapping_default_value` varchar(255) NOT NULL,
  `main_table` varchar(255) NOT NULL,
  `main_field` varchar(255) NOT NULL,
  `main_idfield` varchar(255) NOT NULL,
  `relation_table` varchar(255) NOT NULL,
  `relation_main_idfield` varchar(255) NOT NULL,
  `relation_target_idfield` varchar(255) NOT NULL,
  `target_table` varchar(255) NOT NULL,
  `target_field` varchar(255) NOT NULL,
  `target_idfield` varchar(255) NOT NULL,
  `language_table` varchar(255) NOT NULL,
  `language_field` varchar(255) NOT NULL,
  `language_idfield` varchar(255) NOT NULL,
  `language_languagefield` varchar(255) NOT NULL,
  `tabledefault_value` varchar(255) NOT NULL,
  PRIMARY KEY (`field_id`)
) ENGINE=InnoDB  DEFAULT CHARSET=utf8 AUTO_INCREMENT=59 ;

--
-- Daten für Tabelle `randshop_dataexchange_fields`
--

INSERT INTO `randshop_dataexchange_fields` VALUES(1, 1, 1, 'Artikelnummer', 'artikelnummer', '', 0, 1, 1, 1, 0, '', 0, 0, 0, 0, '', '', '', 'artikel', 'artikel_nr', 'id', '', '', '', '', '', '', '', '', '', '', '');
INSERT INTO `randshop_dataexchange_fields` VALUES(2, 2, 1, 'Artikel ID', 'artikel_id', '', 0, 1, 1, 1, 0, '', 0, 0, 0, 0, '', '', '', 'artikel', 'id', 'id', '', '', '', '', '', '', '', '', '', '', '');
INSERT INTO `randshop_dataexchange_fields` VALUES(3, 3, 1, 'EAN Code', 'ean', '', 0, 1, 0, 0, 0, '', 0, 0, 0, 0, '', '', '', 'artikel', 'ean', 'id', '', '', '', '', '', '', '', '', '', '', '');
INSERT INTO `randshop_dataexchange_fields` VALUES(4, 4, 1, 'Preis (brutto)', 'preis_brutto', '', 0, 1, 0, 0, 0, '', 0, 0, 0, 0, '', '', '', 'artikel', 'preis_brutto', 'id', '', '', '', '', '', '', '', '', '', '', '');
INSERT INTO `randshop_dataexchange_fields` VALUES(5, 5, 1, 'Preis (netto)', 'preis_netto', '', 0, 1, 0, 0, 0, '', 0, 0, 0, 0, '', '', '', 'artikel', 'preis_netto', 'id', '', '', '', '', '', '', '', '', '', '', '');
INSERT INTO `randshop_dataexchange_fields` VALUES(6, 6, 1, 'Lagerbestand', 'lagerbestand', '', 0, 1, 0, 0, 0, '', 0, 0, 0, 0, '', '', '', 'artikel', 'lager', 'id', '', '', '', '', '', '', '', '', '', '', '');
INSERT INTO `randshop_dataexchange_fields` VALUES(7, 7, 1, 'Aktiv', 'aktiv', '', 0, 1, 0, 0, 3, '', 0, 0, 0, 0, '', '', '', 'artikel', 'aktiv', 'id', '', '', '', '', '', '', '', '', '', '', '');
INSERT INTO `randshop_dataexchange_fields` VALUES(8, 8, 1, 'Gewicht', 'gewicht', '', 0, 1, 0, 0, 0, '', 0, 0, 0, 0, '', '', '', 'artikel', 'gewicht', 'id', '', '', '', '', '', '', '', '', '', '', '');
INSERT INTO `randshop_dataexchange_fields` VALUES(9, 9, 1, 'Herstellername', 'herstellername', '', 0, 2, 0, 0, 1, '', 0, 0, 0, 0, '', '', '', 'artikel', 'hersteller_id', '', '', '', '', 'hersteller', 'name', 'id', '', '', '', '', '');
INSERT INTO `randshop_dataexchange_fields` VALUES(10, 10, 1, 'Lieferstatusname', 'lieferstatusname', '', 0, 2, 0, 0, 1, '', 1, 0, 0, 0, '', '', '', 'artikel', 'lieferstatus', '', '', '', '', 'lieferstatus', '', 'id', 'lieferstatus_langu', 'name', 'lieferstatus_id', 'language_id', '');
INSERT INTO `randshop_dataexchange_fields` VALUES(11, 11, 1, 'Artikelname', 'artikelname', '', 0, 1, 0, 0, 0, '', 1, 0, 0, 0, '', '', '', 'artikel', '', 'id', '', '', '', '', '', '', 'artikel_langu', 'artikel_name', 'artikel_id', 'language_id', '');
INSERT INTO `randshop_dataexchange_fields` VALUES(12, 12, 1, 'Artikelbeschreibung', 'artikelbeschreibung', '', 0, 1, 0, 0, 0, '', 1, 0, 0, 0, '', '', '', 'artikel', '', 'id', '', '', '', '', '', '', 'artikel_langu', 'beschreibung', 'artikel_id', 'language_id', '');
INSERT INTO `randshop_dataexchange_fields` VALUES(13, 13, 1, 'Artikelkurzbeschreibung', 'artikelkurzbeschreibung', '', 0, 1, 0, 0, 0, '', 1, 0, 0, 0, '', '', '', 'artikel', '', 'id', '', '', '', '', '', '', 'artikel_langu', 'kurz_beschreibung', 'artikel_id', 'language_id', '');
INSERT INTO `randshop_dataexchange_fields` VALUES(14, 14, 1, 'Kategoriename', 'kategoriename', '', 0, 3, 0, 0, 1, '', 1, 0, 0, 0, '', '', '', 'artikel', '', 'id', 'kategorierelation', 'artikelid', 'kategorieid', 'kategorie', '', 'id', 'kategorie_langu', 'name', 'kategorie_id', 'language_id', '');
INSERT INTO `randshop_dataexchange_fields` VALUES(15, 15, 5, 'Artikelsprachtabelle / Standardsprache', '', '', 0, 1, 0, 0, 0, '', 0, 0, 0, 0, '', '', '', 'artikel_langu', 'language_id', '', '', '', '', '', '', '', '', '', '', '', '1');
INSERT INTO `randshop_dataexchange_fields` VALUES(16, 16, 5, 'Artikeltabelle / MwSt ID', '', '', 0, 1, 0, 0, 0, '', 0, 0, 0, 0, '', '', '', 'artikel', 'mwst', '', '', '', '', '', '', '', '', '', '', '', '1');
INSERT INTO `randshop_dataexchange_fields` VALUES(17, 18, 3, 'aktive Artikel', '', '', 0, 1, 0, 0, 0, '', 0, 0, 0, 0, '', '', '', 'artikel', 'aktiv', 'id', '', '', '', '', '', '', '', '', '', '', '');
INSERT INTO `randshop_dataexchange_fields` VALUES(18, 19, 2, 'Google / Zustand', 'Zustand', '', 0, 0, 1, 0, 0, '', 0, 0, 0, 0, '', '', '', '', '', '', '', '', '', '', '', '', '', '', '', '', '');
INSERT INTO `randshop_dataexchange_fields` VALUES(19, 20, 1, 'Artikel URL', 'artikel_url', '', 0, 1, 0, 0, 0, '', 0, 0, 0, 0, '[0-9]+', '[SHOPURL]index.php&artikel_id=$0', '', 'artikel', 'id', 'id', '', '', '', '', '', '', '', '', '', '', '');
INSERT INTO `randshop_dataexchange_fields` VALUES(20, 21, 1, 'Artikelbild (klein)', 'artikelbild_klein', '', 0, 1, 0, 0, 0, '', 1, 0, 0, 0, '^[a-zA-Z0-9_\\.]*', '[SHOPURL]images/dbimages/$0', '', 'artikel', '', 'id', '', '', '', '', '', '', 'artikel_langu', 'smallImage', 'artikel_id', 'language_id', '');
INSERT INTO `randshop_dataexchange_fields` VALUES(21, 22, 1, 'Artikelbild (groß)', 'artikelbild_gross', '', 0, 1, 0, 0, 0, '', 1, 0, 0, 0, '^[a-zA-Z0-9_\\.]*', '[SHOPURL]images/dbimages/$0', '', 'artikel', '', 'id', '', '', '', '', '', '', 'artikel_langu', 'bigImage', 'artikel_id', 'language_id', '');
INSERT INTO `randshop_dataexchange_fields` VALUES(22, 23, 1, 'Kundennummer', 'kundennummer', '', 0, 1, 0, 1, 0, '', 0, 0, 0, 0, '', '', '', 'kunden', 'id', 'id', '', '', '', '', '', '', '', '', '', '', '');
INSERT INTO `randshop_dataexchange_fields` VALUES(23, 24, 1, 'Anrede', 'anrede', '', 0, 2, 0, 0, 1, '', 1, 0, 0, 0, '', '', '', 'kunden', 'anrede', '', '', '', '', 'kundenanrede', '', 'kundenanredeid', 'kundenanrede_langu', 'anrede', 'kundenanredeid', 'language_id', '');
INSERT INTO `randshop_dataexchange_fields` VALUES(24, 25, 1, 'Titel', 'titel', '', 0, 1, 0, 0, 0, '', 0, 0, 0, 0, '', '', '', 'kunden', 'titel', 'id', '', '', '', '', '', '', '', '', '', '', '');
INSERT INTO `randshop_dataexchange_fields` VALUES(25, 26, 1, 'Vorname', 'vorname', '', 0, 1, 0, 0, 0, '', 0, 0, 0, 0, '', '', '', 'kunden', 'vorname', 'id', '', '', '', '', '', '', '', '', '', '', '');
INSERT INTO `randshop_dataexchange_fields` VALUES(26, 27, 1, 'Nachname', 'nachname', '', 0, 1, 0, 0, 0, '', 0, 0, 0, 0, '', '', '', 'kunden', 'nachname', 'id', '', '', '', '', '', '', '', '', '', '', '');
INSERT INTO `randshop_dataexchange_fields` VALUES(27, 28, 1, 'Firma', 'firma', '', 0, 1, 0, 0, 0, '', 0, 0, 0, 0, '', '', '', 'kunden', 'firma', 'id', '', '', '', '', '', '', '', '', '', '', '');
INSERT INTO `randshop_dataexchange_fields` VALUES(28, 29, 1, 'Straße', 'strasse', '', 0, 1, 0, 0, 0, '', 0, 0, 0, 0, '', '', '', 'kunden', 'strasse', 'id', '', '', '', '', '', '', '', '', '', '', '');
INSERT INTO `randshop_dataexchange_fields` VALUES(29, 30, 1, 'Hausnummer', 'hausnummer', '', 0, 1, 0, 0, 0, '', 0, 0, 0, 0, '', '', '', 'kunden', 'hausnummer', 'id', '', '', '', '', '', '', '', '', '', '', '');
INSERT INTO `randshop_dataexchange_fields` VALUES(30, 31, 1, 'PLZ', 'plz', '', 0, 1, 0, 0, 0, '', 0, 0, 0, 0, '', '', '', 'kunden', 'plz', 'id', '', '', '', '', '', '', '', '', '', '', '');
INSERT INTO `randshop_dataexchange_fields` VALUES(31, 32, 1, 'Ort', 'ort', '', 0, 1, 0, 0, 0, '', 0, 0, 0, 0, '', '', '', 'kunden', 'ort', 'id', '', '', '', '', '', '', '', '', '', '', '');
INSERT INTO `randshop_dataexchange_fields` VALUES(32, 33, 1, 'Land', 'land', '', 0, 2, 0, 0, 1, '', 1, 0, 0, 0, '', '', '', 'kunden', 'land', '', '', '', '', 'land', '', 'id', 'land_langu', 'name', 'land_id', 'language_id', '');
INSERT INTO `randshop_dataexchange_fields` VALUES(33, 34, 1, 'Telefon', 'telefon', '', 0, 1, 0, 0, 0, '', 0, 0, 0, 0, '', '', '', 'kunden', 'telefon', 'id', '', '', '', '', '', '', '', '', '', '', '');
INSERT INTO `randshop_dataexchange_fields` VALUES(34, 35, 1, 'Fax', 'fax', '', 0, 1, 0, 0, 0, '', 0, 0, 0, 0, '', '', '', 'kunden', 'telefax', 'id', '', '', '', '', '', '', '', '', '', '', '');
INSERT INTO `randshop_dataexchange_fields` VALUES(35, 36, 1, 'Email', 'email', '', 0, 1, 0, 0, 0, '', 0, 0, 0, 0, '', '', '', 'kunden', 'email', 'id', '', '', '', '', '', '', '', '', '', '', '');
INSERT INTO `randshop_dataexchange_fields` VALUES(36, 37, 1, 'LA Anrede', 'la_anrede', 'table_alias', 0, 2, 0, 0, 1, '', 1, 0, 0, 0, '', '', '', 'kunden', 'la_anrede', '', '', '', '', 'kundenanrede', '', 'kundenanredeid', 'kundenanrede_langu', 'anrede', 'kundenanredeid', 'language_id', '');
INSERT INTO `randshop_dataexchange_fields` VALUES(37, 38, 1, 'LA Vorname', 'la_vorname', '', 0, 1, 0, 0, 0, '', 0, 0, 0, 0, '', '', '', 'kunden', 'la_vorname', 'vorname', '', '', '', '', '', '', '', '', '', '', '');
INSERT INTO `randshop_dataexchange_fields` VALUES(38, 39, 1, 'LA Nachname', 'la_nachname', '', 0, 1, 0, 0, 0, '', 0, 0, 0, 0, '', '', '', 'kunden', 'la_nachname', 'id', '', '', '', '', '', '', '', '', '', '', '');
INSERT INTO `randshop_dataexchange_fields` VALUES(39, 40, 1, 'LA Titel', 'la_titel', '', 0, 1, 0, 0, 0, '', 0, 0, 0, 0, '', '', '', 'kunden', 'la_titel', 'id', '', '', '', '', '', '', '', '', '', '', '');
INSERT INTO `randshop_dataexchange_fields` VALUES(40, 41, 1, 'LA Firma', 'la_firma', '', 0, 1, 0, 0, 0, '', 0, 0, 0, 0, '', '', '', 'kunden', 'la_firma', 'id', '', '', '', '', '', '', '', '', '', '', '');
INSERT INTO `randshop_dataexchange_fields` VALUES(41, 42, 1, 'LA Straße', 'la_strasse', '', 0, 1, 0, 0, 0, '', 0, 0, 0, 0, '', '', '', 'kunden', 'la_strasse', 'id', '', '', '', '', '', '', '', '', '', '', '');
INSERT INTO `randshop_dataexchange_fields` VALUES(42, 43, 1, 'LA Hausnummer', 'la_hausnummer', '', 0, 1, 0, 0, 0, '', 0, 0, 0, 0, '', '', '', 'kunden', 'la_hausnummer', 'id', '', '', '', '', '', '', '', '', '', '', '');
INSERT INTO `randshop_dataexchange_fields` VALUES(43, 44, 1, 'LA PLZ', 'la_plz', '', 0, 1, 0, 0, 0, '', 0, 0, 0, 0, '', '', '', 'kunden', 'la_plz', 'id', '', '', '', '', '', '', '', '', '', '', '');
INSERT INTO `randshop_dataexchange_fields` VALUES(44, 45, 1, 'LA Ort', 'la_ort', '', 0, 1, 0, 0, 0, '', 0, 0, 0, 0, '', '', '', 'kunden', 'la_ort', 'id', '', '', '', '', '', '', '', '', '', '', '');
INSERT INTO `randshop_dataexchange_fields` VALUES(45, 46, 1, 'LA Land', 'la_land', 'table_alias', 0, 2, 0, 0, 1, '', 1, 0, 0, 0, '', '', '', 'kunden', 'la_land', '', '', '', '', 'land', '', 'id', 'land_langu', 'name', 'land_id', 'language_id', '');
INSERT INTO `randshop_dataexchange_fields` VALUES(46, 47, 5, 'Ländersprachtabelle / Sprach ID', '', '', 0, 1, 0, 0, 0, '', 0, 0, 0, 0, '', '', '', 'land_langu', 'language_id', '', '', '', '', '', '', '', '', '', '', '', '1');
INSERT INTO `randshop_dataexchange_fields` VALUES(47, 48, 5, 'Kundenanredesprachtabelle / Sprach DI', '', '', 0, 1, 0, 0, 0, '', 0, 0, 0, 0, '', '', '', 'kundenanrede_langu', 'language_id', '', '', '', '', '', '', '', '', '', '', '', '1');
INSERT INTO `randshop_dataexchange_fields` VALUES(48, 49, 1, 'Google / Beschreibung', 'beschreibung', '', 0, 1, 0, 0, 0, '', 1, 1, 1, 0, '', '', '', 'artikel', '', 'id', '', '', '', '', '', '', 'artikel_langu', 'kurz_beschreibung', 'artikel_id', 'language_id', '');
INSERT INTO `randshop_dataexchange_fields` VALUES(49, 50, 1, 'Google / Bild', 'bild_url', '', 0, 1, 0, 0, 0, '', 1, 0, 0, 0, '^[a-zA-Z0-9_\\.]*', '[SHOPURL]images/dbimages/$0', '', 'artikel', '', 'id', '', '', '', '', '', '', 'artikel_langu', 'smallImage', 'artikel_id', 'language_id', '');
INSERT INTO `randshop_dataexchange_fields` VALUES(50, 51, 1, 'Google / EAN', 'ean', '', 0, 1, 0, 0, 0, '', 0, 0, 0, 0, '', '', '', 'artikel', 'ean', 'id', '', '', '', '', '', '', '', '', '', '', '');
INSERT INTO `randshop_dataexchange_fields` VALUES(51, 52, 1, 'Google / Artikel ID', 'id', '', 0, 1, 0, 1, 0, '', 0, 0, 0, 0, '', '', '', 'artikel', 'id', 'id', '', '', '', '', '', '', '', '', '', '', '');
INSERT INTO `randshop_dataexchange_fields` VALUES(52, 53, 1, 'Google / Artikel URL', 'link', '', 0, 1, 0, 0, 0, '', 0, 0, 0, 0, '[0-9]+', '[SHOPURL]themes/kategorie/detail.php?artikelid=$0', '', 'artikel', 'id', 'id', '', '', '', '', '', '', '', '', '', '', '');
INSERT INTO `randshop_dataexchange_fields` VALUES(53, 54, 1, 'Google / Preis', 'preis', '', 0, 1, 0, 0, 0, '', 0, 0, 0, 0, '[.]', ',', '', 'artikel', 'preis_brutto', 'id', '', '', '', '', '', '', '', '', '', '', '');
INSERT INTO `randshop_dataexchange_fields` VALUES(54, 55, 1, 'Google / Artikelname', 'titel', '', 0, 1, 0, 0, 0, '', 1, 0, 0, 0, '', '', '', 'artikel', '', 'id', '', '', '', '', '', '', 'artikel_langu', 'artikel_name', 'artikel_id', 'language_id', '');
INSERT INTO `randshop_dataexchange_fields` VALUES(55, 56, 1, 'Google / Marke', 'Marke', '', 0, 2, 0, 0, 1, '', 0, 0, 0, 0, '', '', '', 'artikel', 'hersteller_id', '', '', '', '', 'hersteller', 'name', 'id', '', '', '', '', '');
INSERT INTO `randshop_dataexchange_fields` VALUES(56, 58, 2, 'Google / Versand', 'Versand', '', 0, 0, 1, 0, 0, '', 0, 0, 0, 0, '', '', '', '', '', '', '', '', '', '', '', '', '', '', '', '', '');
INSERT INTO `randshop_dataexchange_fields` VALUES(57, 0, 1, 'Variante 1', 'Variante 1', '', 0, 2, 0, 0, 1, '', 0, 0, 0, 0, '', '', '', 'artikel', 'variante1', '', '', '', '', 'schema_langu', 'name', 'variante_id', '', '', '', '', '');
INSERT INTO `randshop_dataexchange_fields` VALUES(58, 0, 1, 'Variante 2', 'Variante 2', 'schema2', 0, 2, 0, 0, 1, '', 0, 0, 0, 0, '', '', '', 'artikel', 'variante2', '', '', '', '', 'schema_langu', 'name', 'variante_id', '', '', '', '', '');

-- --------------------------------------------------------

--
-- Tabellenstruktur für Tabelle `randshop_dataexchange_fields_mapping`
--

CREATE TABLE `randshop_dataexchange_fields_mapping` (
  `mapping_id` int(10) unsigned NOT NULL AUTO_INCREMENT,
  `rs_mapping_id` int(10) unsigned NOT NULL,
  `field_id` int(10) unsigned NOT NULL,
  `value_csv` varchar(255) NOT NULL,
  `value_mapping` varchar(255) NOT NULL,
  PRIMARY KEY (`mapping_id`),
  KEY `field_id` (`field_id`)
) ENGINE=InnoDB  DEFAULT CHARSET=utf8 AUTO_INCREMENT=3 ;

--
-- Daten für Tabelle `randshop_dataexchange_fields_mapping`
--

INSERT INTO `randshop_dataexchange_fields_mapping` VALUES(1, 1, 7, '1', 'Ja');
INSERT INTO `randshop_dataexchange_fields_mapping` VALUES(2, 2, 7, '0', 'Nein');

-- --------------------------------------------------------

--
-- Tabellenstruktur für Tabelle `randshop_dataexchange_fields_selection`
--

CREATE TABLE `randshop_dataexchange_fields_selection` (
  `selection_id` int(10) unsigned NOT NULL AUTO_INCREMENT,
  `rs_selection_id` int(10) unsigned NOT NULL,
  `field_id` int(10) unsigned NOT NULL,
  `operation_comparison` varchar(255) COLLATE utf8_unicode_ci NOT NULL,
  `operation_logical` varchar(255) COLLATE utf8_unicode_ci NOT NULL,
  `operation_value` varchar(255) COLLATE utf8_unicode_ci NOT NULL,
  `sort` int(10) unsigned NOT NULL,
  PRIMARY KEY (`selection_id`)
) ENGINE=InnoDB  DEFAULT CHARSET=utf8 COLLATE=utf8_unicode_ci AUTO_INCREMENT=2 ;

--
-- Daten für Tabelle `randshop_dataexchange_fields_selection`
--

INSERT INTO `randshop_dataexchange_fields_selection` VALUES(1, 1, 17, '=', '', '1', 1);

-- --------------------------------------------------------

--
-- Tabellenstruktur für Tabelle `randshop_dataexchange_filters`
--

CREATE TABLE `randshop_dataexchange_filters` (
  `filter_id` int(10) unsigned NOT NULL AUTO_INCREMENT,
  `rs_filter_id` int(10) unsigned NOT NULL,
  `filter_name` varchar(255) DEFAULT NULL,
  `filter_description` text NOT NULL,
  `dataexchange_type` tinyint(3) unsigned NOT NULL,
  `delimiter_ascii` int(11) DEFAULT NULL,
  `enclosure_ascii` int(11) DEFAULT NULL,
  `start_row` int(10) unsigned DEFAULT NULL,
  `row_length` int(10) unsigned DEFAULT NULL,
  `csv_headline` tinyint(3) unsigned NOT NULL,
  `option_insert` int(10) unsigned NOT NULL,
  `option_multi` tinyint(3) unsigned NOT NULL,
  `option_onetime` tinyint(3) unsigned NOT NULL,
  `option_csv_headline` tinyint(3) unsigned NOT NULL,
  `filter_image` varchar(255) NOT NULL,
  `option_history` tinyint(3) unsigned NOT NULL,
  PRIMARY KEY (`filter_id`)
) ENGINE=InnoDB  DEFAULT CHARSET=utf8 AUTO_INCREMENT=10 ;

--
-- Daten für Tabelle `randshop_dataexchange_filters`
--

INSERT INTO `randshop_dataexchange_filters` VALUES(1, 1, 'Artikelexport (einfach)', 'Über diesen einfachen Artikelexport werden die wichtigsten Grunddaten der Artikel exportiert.\r\n\r\nEs werden nur aktive Artikel exportiert.', 2, 9, 34, 1, 1000, 0, 0, 0, 0, 1, '', 0);
INSERT INTO `randshop_dataexchange_filters` VALUES(2, 2, 'Artikelexport (komplett)', 'Über diesen Artikelexport werden alle Daten eines Artikel exportiert. Inklusive aller Beschreibungen und Links zu den Bildern und dem Artikel selbst.\r\n\r\nEs werden nur aktive Artikel exportiert.', 2, 9, 34, 1, 1000, 0, 0, 0, 0, 1, '', 0);
INSERT INTO `randshop_dataexchange_filters` VALUES(3, 3, 'Artikelexport (Preisexport)', 'Über diesen Artikelexport wird lediglich die Artikelnummer, der Artikelname und der Nettopreis exportiert. Es soll die externe Preisbildung erleichtern und muss im Zusammenhang mit seinem Import Pendant gesehen werden.\r\n\r\nEs werden auch deaktivierte Artikel exportiert. ', 2, 9, 34, 1, 1000, 0, 0, 0, 0, 1, '', 0);
INSERT INTO `randshop_dataexchange_filters` VALUES(4, 4, 'Artikelimport (einfach)', 'Artikelimport (einfach)', 1, 9, 34, 2, 1000, 0, 1, 0, 0, 0, '', 1);
INSERT INTO `randshop_dataexchange_filters` VALUES(5, 5, 'Artikelimport (Preisimport)', 'Über diesen Artikelimport wird lediglich die Artikelnummer, der Artikelname und der Nettopreis importiert. \r\n\r\nEr ist das Gegenstück zum Artikelexport (Preisexport) und soll die Anpassung der Preise erleichtern. \r\n\r\nDie Daten werden lediglich abgeglichen und nicht neu in die Datenbank eingefügt.', 1, 9, 34, 2, 1000, 0, 0, 0, 0, 1, '', 1);
INSERT INTO `randshop_dataexchange_filters` VALUES(6, 6, 'Kundenexport (komplett)', 'Über diesen Filter werden alle Adressdaten der Kudnen exportiert. Neben der normalen Rechnungsadresse wird auch die Lieferadresse exportiert.\r\n\r\nDie sprachabhängigen Daten (Anrede und Land) werden auf Deutsch exportiert.', 2, 9, 34, 1, 1000, 0, 0, 0, 0, 1, '', 0);
INSERT INTO `randshop_dataexchange_filters` VALUES(7, 7, 'Google Merchant Center', 'Dieser Artikelexport ist für das Google Merchant Center (ehemals Froogle bzw. Google Base). Sie können sich unter der URL http://www.google.de/merchants/ anmelden. Die CSV Datei, die sie über diesen Filter erzeugen können sie dann dort hochladen.\r\n\r\nEs werden nur aktive Artikel berücksichtigt.', 2, 9, 32, 1, 1000, 0, 0, 0, 0, 1, 'http://www.dierandgruppe.eu/update.randshop/images/filter_0000007.gif', 0);
INSERT INTO `randshop_dataexchange_filters` VALUES(8, 8, 'Günstiger.de', 'Günstiger.de', 2, 9, 34, 1, 1000, 0, 0, 0, 0, 0, 'http://www.dierandgruppe.eu/update.randshop/images/filter_0000008.GIF', 0);
INSERT INTO `randshop_dataexchange_filters` VALUES(9, 0, 'MerkmalArtikelExport', '', 2, 59, 34, 1, 1000, 0, 0, 0, 0, 0, '', 0);

-- --------------------------------------------------------

--
-- Tabellenstruktur für Tabelle `randshop_dataexchange_filters_fields`
--

CREATE TABLE `randshop_dataexchange_filters_fields` (
  `filter_id` int(10) unsigned NOT NULL,
  `field_id` int(10) unsigned NOT NULL,
  `sort` int(10) unsigned NOT NULL DEFAULT '0',
  PRIMARY KEY (`filter_id`,`field_id`,`sort`)
) ENGINE=InnoDB DEFAULT CHARSET=utf8;

--
-- Daten für Tabelle `randshop_dataexchange_filters_fields`
--

INSERT INTO `randshop_dataexchange_filters_fields` VALUES(1, 1, 1);
INSERT INTO `randshop_dataexchange_filters_fields` VALUES(1, 5, 3);
INSERT INTO `randshop_dataexchange_filters_fields` VALUES(1, 6, 4);
INSERT INTO `randshop_dataexchange_filters_fields` VALUES(1, 11, 2);
INSERT INTO `randshop_dataexchange_filters_fields` VALUES(1, 17, 6);
INSERT INTO `randshop_dataexchange_filters_fields` VALUES(1, 19, 5);
INSERT INTO `randshop_dataexchange_filters_fields` VALUES(2, 1, 1);
INSERT INTO `randshop_dataexchange_filters_fields` VALUES(2, 3, 2);
INSERT INTO `randshop_dataexchange_filters_fields` VALUES(2, 4, 9);
INSERT INTO `randshop_dataexchange_filters_fields` VALUES(2, 5, 8);
INSERT INTO `randshop_dataexchange_filters_fields` VALUES(2, 6, 10);
INSERT INTO `randshop_dataexchange_filters_fields` VALUES(2, 7, 13);
INSERT INTO `randshop_dataexchange_filters_fields` VALUES(2, 8, 12);
INSERT INTO `randshop_dataexchange_filters_fields` VALUES(2, 9, 7);
INSERT INTO `randshop_dataexchange_filters_fields` VALUES(2, 10, 11);
INSERT INTO `randshop_dataexchange_filters_fields` VALUES(2, 11, 3);
INSERT INTO `randshop_dataexchange_filters_fields` VALUES(2, 12, 5);
INSERT INTO `randshop_dataexchange_filters_fields` VALUES(2, 13, 4);
INSERT INTO `randshop_dataexchange_filters_fields` VALUES(2, 14, 6);
INSERT INTO `randshop_dataexchange_filters_fields` VALUES(2, 17, 16);
INSERT INTO `randshop_dataexchange_filters_fields` VALUES(2, 19, 15);
INSERT INTO `randshop_dataexchange_filters_fields` VALUES(2, 20, 14);
INSERT INTO `randshop_dataexchange_filters_fields` VALUES(3, 1, 1);
INSERT INTO `randshop_dataexchange_filters_fields` VALUES(3, 5, 3);
INSERT INTO `randshop_dataexchange_filters_fields` VALUES(3, 11, 2);
INSERT INTO `randshop_dataexchange_filters_fields` VALUES(4, 1, 1);
INSERT INTO `randshop_dataexchange_filters_fields` VALUES(4, 5, 3);
INSERT INTO `randshop_dataexchange_filters_fields` VALUES(4, 6, 4);
INSERT INTO `randshop_dataexchange_filters_fields` VALUES(4, 11, 2);
INSERT INTO `randshop_dataexchange_filters_fields` VALUES(5, 1, 1);
INSERT INTO `randshop_dataexchange_filters_fields` VALUES(5, 5, 3);
INSERT INTO `randshop_dataexchange_filters_fields` VALUES(5, 11, 2);
INSERT INTO `randshop_dataexchange_filters_fields` VALUES(6, 22, 1);
INSERT INTO `randshop_dataexchange_filters_fields` VALUES(6, 23, 2);
INSERT INTO `randshop_dataexchange_filters_fields` VALUES(6, 24, 3);
INSERT INTO `randshop_dataexchange_filters_fields` VALUES(6, 25, 4);
INSERT INTO `randshop_dataexchange_filters_fields` VALUES(6, 26, 5);
INSERT INTO `randshop_dataexchange_filters_fields` VALUES(6, 27, 6);
INSERT INTO `randshop_dataexchange_filters_fields` VALUES(6, 28, 7);
INSERT INTO `randshop_dataexchange_filters_fields` VALUES(6, 30, 8);
INSERT INTO `randshop_dataexchange_filters_fields` VALUES(6, 31, 9);
INSERT INTO `randshop_dataexchange_filters_fields` VALUES(6, 32, 10);
INSERT INTO `randshop_dataexchange_filters_fields` VALUES(6, 33, 11);
INSERT INTO `randshop_dataexchange_filters_fields` VALUES(6, 34, 12);
INSERT INTO `randshop_dataexchange_filters_fields` VALUES(6, 35, 13);
INSERT INTO `randshop_dataexchange_filters_fields` VALUES(6, 36, 14);
INSERT INTO `randshop_dataexchange_filters_fields` VALUES(6, 37, 15);
INSERT INTO `randshop_dataexchange_filters_fields` VALUES(6, 38, 16);
INSERT INTO `randshop_dataexchange_filters_fields` VALUES(6, 39, 17);
INSERT INTO `randshop_dataexchange_filters_fields` VALUES(6, 40, 18);
INSERT INTO `randshop_dataexchange_filters_fields` VALUES(6, 41, 19);
INSERT INTO `randshop_dataexchange_filters_fields` VALUES(6, 42, 20);
INSERT INTO `randshop_dataexchange_filters_fields` VALUES(6, 43, 21);
INSERT INTO `randshop_dataexchange_filters_fields` VALUES(6, 44, 22);
INSERT INTO `randshop_dataexchange_filters_fields` VALUES(6, 45, 23);
INSERT INTO `randshop_dataexchange_filters_fields` VALUES(7, 8, 11);
INSERT INTO `randshop_dataexchange_filters_fields` VALUES(7, 17, 12);
INSERT INTO `randshop_dataexchange_filters_fields` VALUES(7, 18, 8);
INSERT INTO `randshop_dataexchange_filters_fields` VALUES(7, 48, 1);
INSERT INTO `randshop_dataexchange_filters_fields` VALUES(7, 49, 2);
INSERT INTO `randshop_dataexchange_filters_fields` VALUES(7, 50, 3);
INSERT INTO `randshop_dataexchange_filters_fields` VALUES(7, 51, 4);
INSERT INTO `randshop_dataexchange_filters_fields` VALUES(7, 52, 5);
INSERT INTO `randshop_dataexchange_filters_fields` VALUES(7, 53, 6);
INSERT INTO `randshop_dataexchange_filters_fields` VALUES(7, 54, 7);
INSERT INTO `randshop_dataexchange_filters_fields` VALUES(7, 55, 9);
INSERT INTO `randshop_dataexchange_filters_fields` VALUES(7, 56, 10);
INSERT INTO `randshop_dataexchange_filters_fields` VALUES(8, 48, 5);
INSERT INTO `randshop_dataexchange_filters_fields` VALUES(8, 49, 6);
INSERT INTO `randshop_dataexchange_filters_fields` VALUES(8, 50, 3);
INSERT INTO `randshop_dataexchange_filters_fields` VALUES(8, 51, 1);
INSERT INTO `randshop_dataexchange_filters_fields` VALUES(8, 52, 7);
INSERT INTO `randshop_dataexchange_filters_fields` VALUES(8, 53, 4);
INSERT INTO `randshop_dataexchange_filters_fields` VALUES(8, 54, 2);
INSERT INTO `randshop_dataexchange_filters_fields` VALUES(9, 1, 1);
INSERT INTO `randshop_dataexchange_filters_fields` VALUES(9, 11, 2);
INSERT INTO `randshop_dataexchange_filters_fields` VALUES(9, 57, 3);
INSERT INTO `randshop_dataexchange_filters_fields` VALUES(9, 58, 4);

-- --------------------------------------------------------

--
-- Tabellenstruktur für Tabelle `randshop_dataexchange_filters_fields_default`
--

CREATE TABLE `randshop_dataexchange_filters_fields_default` (
  `filter_id` int(10) unsigned NOT NULL,
  `field_id` int(10) unsigned NOT NULL,
  `option_default_field_value` varchar(255) COLLATE utf8_unicode_ci NOT NULL,
  PRIMARY KEY (`filter_id`,`field_id`)
) ENGINE=InnoDB DEFAULT CHARSET=utf8 COLLATE=utf8_unicode_ci;

--
-- Daten für Tabelle `randshop_dataexchange_filters_fields_default`
--


-- --------------------------------------------------------

--
-- Tabellenstruktur für Tabelle `randshop_dataexchange_filters_specialfunctions`
--

CREATE TABLE `randshop_dataexchange_filters_specialfunctions` (
  `filter_id` int(10) unsigned NOT NULL,
  `specialfunction_id` int(10) unsigned NOT NULL,
  PRIMARY KEY (`filter_id`,`specialfunction_id`)
) ENGINE=InnoDB DEFAULT CHARSET=utf8 COLLATE=utf8_unicode_ci;

--
-- Daten für Tabelle `randshop_dataexchange_filters_specialfunctions`
--

INSERT INTO `randshop_dataexchange_filters_specialfunctions` VALUES(4, 1);
INSERT INTO `randshop_dataexchange_filters_specialfunctions` VALUES(5, 1);

-- --------------------------------------------------------

--
-- Tabellenstruktur für Tabelle `randshop_dataexchange_history`
--

CREATE TABLE `randshop_dataexchange_history` (
  `history_id` int(10) unsigned NOT NULL AUTO_INCREMENT,
  `dataexchange_type` tinyint(3) unsigned NOT NULL,
  `date` datetime NOT NULL,
  `filename` varchar(255) NOT NULL,
  `filename_org` varchar(255) NOT NULL,
  `type` tinyint(3) unsigned NOT NULL,
  `filter_id` int(10) unsigned NOT NULL,
  PRIMARY KEY (`history_id`)
) ENGINE=InnoDB DEFAULT CHARSET=utf8 AUTO_INCREMENT=1 ;

--
-- Daten für Tabelle `randshop_dataexchange_history`
--


-- --------------------------------------------------------

--
-- Tabellenstruktur für Tabelle `randshop_dataexchange_history_fields`
--

CREATE TABLE `randshop_dataexchange_history_fields` (
  `history_id` int(11) NOT NULL,
  `history_row_number` int(11) NOT NULL,
  `table_name` varchar(155) NOT NULL,
  `field_name` varchar(155) NOT NULL,
  `field_value_old` varchar(255) NOT NULL,
  `field_value_new` varchar(255) NOT NULL,
  PRIMARY KEY (`history_id`,`history_row_number`,`table_name`,`field_name`)
) ENGINE=InnoDB DEFAULT CHARSET=utf8;

--
-- Daten für Tabelle `randshop_dataexchange_history_fields`
--


-- --------------------------------------------------------

--
-- Tabellenstruktur für Tabelle `randshop_dataexchange_history_identifier`
--

CREATE TABLE `randshop_dataexchange_history_identifier` (
  `history_id` int(10) unsigned NOT NULL,
  `filter_id` int(10) unsigned NOT NULL,
  `field_id` int(10) unsigned NOT NULL,
  `value` varchar(255) COLLATE utf8_unicode_ci NOT NULL,
  KEY `history_id` (`history_id`),
  KEY `filter_id` (`filter_id`),
  KEY `field_id` (`field_id`)
) ENGINE=InnoDB DEFAULT CHARSET=utf8 COLLATE=utf8_unicode_ci;

--
-- Daten für Tabelle `randshop_dataexchange_history_identifier`
--


-- --------------------------------------------------------

--
-- Tabellenstruktur für Tabelle `randshop_dataexchange_history_rows`
--

CREATE TABLE `randshop_dataexchange_history_rows` (
  `history_id` int(10) unsigned NOT NULL,
  `history_row_number` int(10) unsigned NOT NULL,
  `message` varchar(255) NOT NULL,
  `message_extend` varchar(255) NOT NULL,
  `error` tinyint(3) unsigned NOT NULL,
  `status` int(10) unsigned NOT NULL,
  PRIMARY KEY (`history_id`,`history_row_number`)
) ENGINE=InnoDB DEFAULT CHARSET=utf8;

--
-- Daten für Tabelle `randshop_dataexchange_history_rows`
--


-- --------------------------------------------------------

--
-- Tabellenstruktur für Tabelle `randshop_dataexchange_history_status`
--

CREATE TABLE `randshop_dataexchange_history_status` (
  `history_id` int(11) unsigned NOT NULL,
  `dataexchange_status_id` int(11) unsigned NOT NULL,
  `count` int(11) unsigned NOT NULL,
  PRIMARY KEY (`history_id`,`dataexchange_status_id`)
) ENGINE=InnoDB DEFAULT CHARSET=utf8;

--
-- Daten für Tabelle `randshop_dataexchange_history_status`
--

INSERT INTO `randshop_dataexchange_history_status` VALUES(1, 7, 2);
INSERT INTO `randshop_dataexchange_history_status` VALUES(2, 7, 2);
INSERT INTO `randshop_dataexchange_history_status` VALUES(3, 7, 2);

-- --------------------------------------------------------

--
-- Tabellenstruktur für Tabelle `randshop_dataexchange_history_tables`
--

CREATE TABLE `randshop_dataexchange_history_tables` (
  `history_id` int(10) unsigned NOT NULL,
  `history_row_number` int(10) unsigned NOT NULL,
  `table_name` varchar(255) NOT NULL,
  `table_type` int(10) unsigned NOT NULL,
  `message` varchar(255) NOT NULL,
  `message_extend` varchar(255) NOT NULL,
  `status` int(10) unsigned NOT NULL,
  PRIMARY KEY (`history_id`,`history_row_number`,`table_name`)
) ENGINE=InnoDB DEFAULT CHARSET=utf8;

--
-- Daten für Tabelle `randshop_dataexchange_history_tables`
--


-- --------------------------------------------------------

--
-- Tabellenstruktur für Tabelle `randshop_dataexchange_specialfunctions`
--

CREATE TABLE `randshop_dataexchange_specialfunctions` (
  `specialfunction_id` int(10) unsigned NOT NULL AUTO_INCREMENT,
  `rs_specialfunction_id` int(10) unsigned NOT NULL,
  `dataexchange_type` tinyint(3) unsigned NOT NULL,
  `name` varchar(255) COLLATE utf8_unicode_ci NOT NULL,
  `description` text COLLATE utf8_unicode_ci NOT NULL,
  PRIMARY KEY (`specialfunction_id`)
) ENGINE=InnoDB  DEFAULT CHARSET=utf8 COLLATE=utf8_unicode_ci AUTO_INCREMENT=3 ;

--
-- Daten für Tabelle `randshop_dataexchange_specialfunctions`
--

INSERT INTO `randshop_dataexchange_specialfunctions` VALUES(1, 1, 1, 'Preisneuberechnung (Bruttopreis)', 'Der Bruttopreis wird von allen Artikel auf Grundlage des Nettopreises und des MwSt Satzes neu berechnet. Dies ist bei Anpassungen des Nettopreises durch einen Importfilter nötig.');
INSERT INTO `randshop_dataexchange_specialfunctions` VALUES(2, 2, 1, 'Preisneuberechnung (Nettopreis)', 'Der Nettopreis wird von allen Artikel auf Grundlage des Bruttopreises und des MwSt Satzes neu berechnet. Dies ist bei Anpassungen des Bruttopreises durch einen Importfilter nötig.');

-- --------------------------------------------------------

--
-- Tabellenstruktur für Tabelle `randshop_dataexchange_status`
--

CREATE TABLE `randshop_dataexchange_status` (
  `dataexchange_status_id` int(11) NOT NULL AUTO_INCREMENT,
  `dataexchange_type` tinyint(3) unsigned NOT NULL,
  `status_text` varchar(255) CHARACTER SET latin1 NOT NULL,
  `sort` int(11) NOT NULL,
  `image` varchar(255) CHARACTER SET latin1 NOT NULL,
  PRIMARY KEY (`dataexchange_status_id`)
) ENGINE=InnoDB  DEFAULT CHARSET=utf8 COLLATE=utf8_unicode_ci AUTO_INCREMENT=9 ;

--
-- Daten für Tabelle `randshop_dataexchange_status`
--

INSERT INTO `randshop_dataexchange_status` VALUES(1, 1, 'nicht geändert', 1, 'green_button.gif');
INSERT INTO `randshop_dataexchange_status` VALUES(2, 1, 'aktualisiert', 2, 'button_yellow.gif');
INSERT INTO `randshop_dataexchange_status` VALUES(3, 1, 'eingefügt', 3, 'button_yellow.gif');
INSERT INTO `randshop_dataexchange_status` VALUES(4, 1, 'fehlerhaft', 4, 'red_button.gif');
INSERT INTO `randshop_dataexchange_status` VALUES(5, 1, 'nicht eingefügt', 5, 'green_button.gif');
INSERT INTO `randshop_dataexchange_status` VALUES(6, 1, 'mehrfach aktualisiert', 6, 'button_yellow.gif');
INSERT INTO `randshop_dataexchange_status` VALUES(7, 2, 'exportiert', 1, 'green_button.gif');
INSERT INTO `randshop_dataexchange_status` VALUES(8, 2, 'nicht exportiert', 2, 'button_yellow.gif');

-- --------------------------------------------------------

--
-- Tabellenstruktur für Tabelle `randshop_dataexchange_tables`
--

CREATE TABLE `randshop_dataexchange_tables` (
  `table_name` varchar(255) NOT NULL,
  `table_caption` varchar(255) DEFAULT NULL,
  `table_idfield` varchar(255) NOT NULL,
  `default_idfield` int(10) unsigned NOT NULL,
  `default_tablelangu` int(10) unsigned NOT NULL,
  `default_languageidfield` int(10) unsigned NOT NULL,
  `default_tablerelation` int(10) unsigned NOT NULL,
  `default_relationidfield` int(10) unsigned NOT NULL,
  PRIMARY KEY (`table_name`)
) ENGINE=InnoDB DEFAULT CHARSET=utf8;

--
-- Daten für Tabelle `randshop_dataexchange_tables`
--

INSERT INTO `randshop_dataexchange_tables` VALUES('artikel', 'Artikeltabelle', 'id', 0, 0, 0, 0, 0);
INSERT INTO `randshop_dataexchange_tables` VALUES('artikel_langu', 'Artikelsprachtabelle', '', 0, 0, 0, 0, 0);
INSERT INTO `randshop_dataexchange_tables` VALUES('hersteller', 'Herstellertabelle', '', 0, 0, 0, 0, 0);
INSERT INTO `randshop_dataexchange_tables` VALUES('kategorie', 'Kategorietabelle', '', 0, 0, 0, 0, 0);
INSERT INTO `randshop_dataexchange_tables` VALUES('kategorierelation', 'Kategoriezuordnung', '', 0, 0, 0, 0, 0);
INSERT INTO `randshop_dataexchange_tables` VALUES('kategorie_langu', 'Kategoriesprachtabelle', '', 0, 0, 0, 0, 0);
INSERT INTO `randshop_dataexchange_tables` VALUES('kunden', 'Kundentabelle', 'id', 0, 0, 0, 0, 0);
INSERT INTO `randshop_dataexchange_tables` VALUES('kundenanrede', 'Kundenanredetabelle', '', 0, 0, 0, 0, 0);
INSERT INTO `randshop_dataexchange_tables` VALUES('kundenanrede_langu', 'Kundenanredesprachtabelle', '', 0, 0, 0, 0, 0);
INSERT INTO `randshop_dataexchange_tables` VALUES('land', 'Ländertabelle', '', 0, 0, 0, 0, 0);
INSERT INTO `randshop_dataexchange_tables` VALUES('land_langu', 'Ländersprachtabelle', '', 0, 0, 0, 0, 0);
INSERT INTO `randshop_dataexchange_tables` VALUES('lieferstatus', 'Lieferstatustabelle', '', 0, 0, 0, 0, 0);
INSERT INTO `randshop_dataexchange_tables` VALUES('lieferstatus_langu', 'Lieferstatussprachtabelle', '', 0, 0, 0, 0, 0);

-- --------------------------------------------------------

--
-- Tabellenstruktur für Tabelle `randshop_dataexchange_tables_fields`
--

CREATE TABLE `randshop_dataexchange_tables_fields` (
  `table_name` varchar(155) NOT NULL,
  `field_name` varchar(155) NOT NULL,
  `field_caption` varchar(255) DEFAULT NULL,
  PRIMARY KEY (`table_name`,`field_name`)
) ENGINE=InnoDB DEFAULT CHARSET=utf8;

--
-- Daten für Tabelle `randshop_dataexchange_tables_fields`
--

INSERT INTO `randshop_dataexchange_tables_fields` VALUES('artikel', 'aktiv', 'Aktiv');
INSERT INTO `randshop_dataexchange_tables_fields` VALUES('artikel', 'artikel_nr', 'Artikelnummer');
INSERT INTO `randshop_dataexchange_tables_fields` VALUES('artikel', 'ean', 'EAN Code');
INSERT INTO `randshop_dataexchange_tables_fields` VALUES('artikel', 'gewicht', 'Gewicht');
INSERT INTO `randshop_dataexchange_tables_fields` VALUES('artikel', 'hersteller_id', 'Hersteller ID');
INSERT INTO `randshop_dataexchange_tables_fields` VALUES('artikel', 'id', 'Artikel ID');
INSERT INTO `randshop_dataexchange_tables_fields` VALUES('artikel', 'lager', 'Lagerbestand');
INSERT INTO `randshop_dataexchange_tables_fields` VALUES('artikel', 'lieferstatus', 'Lieferstatus ID');
INSERT INTO `randshop_dataexchange_tables_fields` VALUES('artikel', 'preis_brutto', 'Preis (brutto)');
INSERT INTO `randshop_dataexchange_tables_fields` VALUES('artikel', 'preis_netto', 'Preis (netto)');
INSERT INTO `randshop_dataexchange_tables_fields` VALUES('artikel_langu', 'artikel_id', 'Artikel ID');
INSERT INTO `randshop_dataexchange_tables_fields` VALUES('artikel_langu', 'artikel_name', 'Artikelname');
INSERT INTO `randshop_dataexchange_tables_fields` VALUES('artikel_langu', 'beschreibung', 'Artikelbeschreibung');
INSERT INTO `randshop_dataexchange_tables_fields` VALUES('artikel_langu', 'bigImage', 'Artikelbild (groß)');
INSERT INTO `randshop_dataexchange_tables_fields` VALUES('artikel_langu', 'kurz_beschreibung', 'Artikelkurzbeschreibung');
INSERT INTO `randshop_dataexchange_tables_fields` VALUES('artikel_langu', 'language_id', 'Sprach ID');
INSERT INTO `randshop_dataexchange_tables_fields` VALUES('artikel_langu', 'smallImage', 'Artikelbild (klein)');
INSERT INTO `randshop_dataexchange_tables_fields` VALUES('hersteller', 'id', 'Hersteller ID');
INSERT INTO `randshop_dataexchange_tables_fields` VALUES('hersteller', 'name', 'Herstellername');
INSERT INTO `randshop_dataexchange_tables_fields` VALUES('kategorie', 'id', 'Kategorie ID');
INSERT INTO `randshop_dataexchange_tables_fields` VALUES('kategorierelation', 'artikelid', 'Artikel ID');
INSERT INTO `randshop_dataexchange_tables_fields` VALUES('kategorierelation', 'kategorieid', 'Kategorie ID');
INSERT INTO `randshop_dataexchange_tables_fields` VALUES('kategorie_langu', 'kategorie_id', 'Kategorie ID');
INSERT INTO `randshop_dataexchange_tables_fields` VALUES('kategorie_langu', 'language_id', 'Sprach ID');
INSERT INTO `randshop_dataexchange_tables_fields` VALUES('kategorie_langu', 'name', 'Kategoriename');
INSERT INTO `randshop_dataexchange_tables_fields` VALUES('kunden', 'anrede', 'Anrede ID');
INSERT INTO `randshop_dataexchange_tables_fields` VALUES('kunden', 'email', 'Email');
INSERT INTO `randshop_dataexchange_tables_fields` VALUES('kunden', 'firma', 'Firma');
INSERT INTO `randshop_dataexchange_tables_fields` VALUES('kunden', 'hausnummer', 'Hausnummer');
INSERT INTO `randshop_dataexchange_tables_fields` VALUES('kunden', 'id', 'Kundennummer');
INSERT INTO `randshop_dataexchange_tables_fields` VALUES('kunden', 'land', 'Land ID');
INSERT INTO `randshop_dataexchange_tables_fields` VALUES('kunden', 'la_anrede', 'LA Anrede ID');
INSERT INTO `randshop_dataexchange_tables_fields` VALUES('kunden', 'la_firma', 'LA Firma');
INSERT INTO `randshop_dataexchange_tables_fields` VALUES('kunden', 'la_hausnummer', 'LA Hausnummer');
INSERT INTO `randshop_dataexchange_tables_fields` VALUES('kunden', 'la_land', 'LA Land ID');
INSERT INTO `randshop_dataexchange_tables_fields` VALUES('kunden', 'la_nachname', 'LA Nachname');
INSERT INTO `randshop_dataexchange_tables_fields` VALUES('kunden', 'la_ort', 'LA Ort');
INSERT INTO `randshop_dataexchange_tables_fields` VALUES('kunden', 'la_plz', 'LA PLZ');
INSERT INTO `randshop_dataexchange_tables_fields` VALUES('kunden', 'la_strasse', 'LA Straße');
INSERT INTO `randshop_dataexchange_tables_fields` VALUES('kunden', 'la_titel', 'LA Titel');
INSERT INTO `randshop_dataexchange_tables_fields` VALUES('kunden', 'la_vorname', 'LA Vorname');
INSERT INTO `randshop_dataexchange_tables_fields` VALUES('kunden', 'lieferung', 'Lieferung an Lieferadresse');
INSERT INTO `randshop_dataexchange_tables_fields` VALUES('kunden', 'nachname', 'Nachname');
INSERT INTO `randshop_dataexchange_tables_fields` VALUES('kunden', 'ort', 'Ort');
INSERT INTO `randshop_dataexchange_tables_fields` VALUES('kunden', 'plz', 'PLZ');
INSERT INTO `randshop_dataexchange_tables_fields` VALUES('kunden', 'strasse', 'Straße');
INSERT INTO `randshop_dataexchange_tables_fields` VALUES('kunden', 'telefax', 'Telefax');
INSERT INTO `randshop_dataexchange_tables_fields` VALUES('kunden', 'telefon', 'Telefon');
INSERT INTO `randshop_dataexchange_tables_fields` VALUES('kunden', 'titel', 'Titel');
INSERT INTO `randshop_dataexchange_tables_fields` VALUES('kunden', 'vorname', 'Vorname');
INSERT INTO `randshop_dataexchange_tables_fields` VALUES('kundenanrede', 'kundenanredeid', 'Kundenanrede ID');
INSERT INTO `randshop_dataexchange_tables_fields` VALUES('kundenanrede_langu', 'anrede', 'Anrede');
INSERT INTO `randshop_dataexchange_tables_fields` VALUES('kundenanrede_langu', 'kundenanredeid', 'Kundenanrede ID');
INSERT INTO `randshop_dataexchange_tables_fields` VALUES('kundenanrede_langu', 'language_id', 'Sprach ID');
INSERT INTO `randshop_dataexchange_tables_fields` VALUES('land', 'id', 'Land ID');
INSERT INTO `randshop_dataexchange_tables_fields` VALUES('land_langu', 'land_id', 'Land ID');
INSERT INTO `randshop_dataexchange_tables_fields` VALUES('land_langu', 'language_id', 'Sprach ID');
INSERT INTO `randshop_dataexchange_tables_fields` VALUES('land_langu', 'name', 'Land');
INSERT INTO `randshop_dataexchange_tables_fields` VALUES('lieferstatus', 'id', 'Lieferstatus ID');
INSERT INTO `randshop_dataexchange_tables_fields` VALUES('lieferstatus_langu', 'language_id', 'Sprach ID');
INSERT INTO `randshop_dataexchange_tables_fields` VALUES('lieferstatus_langu', 'lieferstatus_id', 'Lieferstatus ID');
INSERT INTO `randshop_dataexchange_tables_fields` VALUES('lieferstatus_langu', 'name', 'Lieferstatusname');

-- --------------------------------------------------------

--
-- Tabellenstruktur für Tabelle `randshop_datenblatt`
--

CREATE TABLE `randshop_datenblatt` (
  `datenblatt_id` int(11) unsigned NOT NULL AUTO_INCREMENT,
  `artikel_id` int(11) NOT NULL DEFAULT '0',
  `symbol` int(11) NOT NULL DEFAULT '0',
  `sortierung` int(3) NOT NULL DEFAULT '0',
  `language_independent` tinyint(1) unsigned NOT NULL DEFAULT '0',
  PRIMARY KEY (`datenblatt_id`)
) ENGINE=MyISAM DEFAULT CHARSET=utf8 AUTO_INCREMENT=1 ;

--
-- Daten für Tabelle `randshop_datenblatt`
--


-- --------------------------------------------------------

--
-- Tabellenstruktur für Tabelle `randshop_datenblatt_langu`
--

CREATE TABLE `randshop_datenblatt_langu` (
  `datenblatt_id` int(10) unsigned NOT NULL DEFAULT '0',
  `language_id` int(10) unsigned NOT NULL DEFAULT '0',
  `titelname` varchar(255) NOT NULL DEFAULT '',
  `url_feld` varchar(255) NOT NULL DEFAULT '',
  `datei_upload` varchar(255) NOT NULL DEFAULT '',
  PRIMARY KEY (`datenblatt_id`,`language_id`)
) ENGINE=MyISAM DEFAULT CHARSET=utf8;

--
-- Daten für Tabelle `randshop_datenblatt_langu`
--


-- --------------------------------------------------------

--
-- Tabellenstruktur für Tabelle `randshop_db_version`
--

CREATE TABLE `randshop_db_version` (
  `db_version` varchar(10) DEFAULT NULL
) ENGINE=MyISAM DEFAULT CHARSET=latin1;

--
-- Daten für Tabelle `randshop_db_version`
--

INSERT INTO `randshop_db_version` VALUES('2.3');

-- --------------------------------------------------------

--
-- Tabellenstruktur für Tabelle `randshop_ebay_artikel`
--

CREATE TABLE `randshop_ebay_artikel` (
  `artikel_id` int(10) unsigned NOT NULL,
  `item_id` bigint(20) unsigned NOT NULL DEFAULT '0',
  `starttime` datetime NOT NULL,
  `endtime` datetime NOT NULL,
  `timestamp` datetime NOT NULL,
  `bid_count` int(10) unsigned NOT NULL,
  `watch_count` int(4) unsigned NOT NULL,
  `current_price` decimal(12,2) NOT NULL,
  `start_price` decimal(12,2) NOT NULL,
  `buyitnow_price` decimal(12,2) NOT NULL,
  `artikel_name` varchar(255) NOT NULL,
  `item_url` varchar(255) NOT NULL,
  `artikel_bild` tinyint(1) NOT NULL,
  `artikel_beschreibung` text NOT NULL,
  `artikel_status` tinyint(1) unsigned NOT NULL,
  `artikel_menge` int(10) unsigned NOT NULL,
  `verkauft_menge` int(10) unsigned NOT NULL,
  `last_call` datetime NOT NULL,
  `listing_duration` varchar(10) NOT NULL,
  `listing_type` varchar(255) NOT NULL,
  `primary_category` int(10) unsigned NOT NULL,
  `secondary_category` int(10) unsigned DEFAULT NULL,
  PRIMARY KEY (`artikel_id`,`item_id`)
) ENGINE=MyISAM DEFAULT CHARSET=utf8;

--
-- Daten für Tabelle `randshop_ebay_artikel`
--


-- --------------------------------------------------------

--
-- Tabellenstruktur für Tabelle `randshop_ebay_artikel_versand`
--

CREATE TABLE `randshop_ebay_artikel_versand` (
  `item_id` bigint(20) unsigned NOT NULL,
  `versandart_id` int(10) unsigned NOT NULL,
  KEY `item_id` (`item_id`)
) ENGINE=MyISAM DEFAULT CHARSET=utf8;

--
-- Daten für Tabelle `randshop_ebay_artikel_versand`
--


-- --------------------------------------------------------

--
-- Tabellenstruktur für Tabelle `randshop_ebay_artikel_zahlung`
--

CREATE TABLE `randshop_ebay_artikel_zahlung` (
  `item_id` bigint(10) unsigned NOT NULL,
  `zahlungsart_id` int(4) unsigned NOT NULL,
  KEY `item_id` (`item_id`)
) ENGINE=MyISAM DEFAULT CHARSET=utf8;

--
-- Daten für Tabelle `randshop_ebay_artikel_zahlung`
--


-- --------------------------------------------------------

--
-- Tabellenstruktur für Tabelle `randshop_ebay_attributes_cs`
--

CREATE TABLE `randshop_ebay_attributes_cs` (
  `cs_id` int(4) unsigned NOT NULL,
  `attribute_system_version` varchar(50) DEFAULT NULL,
  `attribute_cs_xml` mediumtext,
  PRIMARY KEY (`cs_id`)
) ENGINE=MyISAM DEFAULT CHARSET=latin1;

--
-- Daten für Tabelle `randshop_ebay_attributes_cs`
--


-- --------------------------------------------------------

--
-- Tabellenstruktur für Tabelle `randshop_ebay_calls`
--

CREATE TABLE `randshop_ebay_calls` (
  `call_name` varchar(255) NOT NULL,
  `timestamp` datetime NOT NULL,
  PRIMARY KEY (`call_name`)
) ENGINE=MyISAM DEFAULT CHARSET=utf8;

--
-- Daten für Tabelle `randshop_ebay_calls`
--

INSERT INTO `randshop_ebay_calls` VALUES('GetSellerEvents', '1970-01-01 01:00:00');
INSERT INTO `randshop_ebay_calls` VALUES('GetSellerTransactions', '2011-10-28 11:45:28');
INSERT INTO `randshop_ebay_calls` VALUES('GetOrders', '2011-10-28 11:45:29');

-- --------------------------------------------------------

--
-- Tabellenstruktur für Tabelle `randshop_ebay_categories`
--

CREATE TABLE `randshop_ebay_categories` (
  `category_id` int(10) unsigned NOT NULL DEFAULT '0',
  `category_level` tinyint(3) unsigned NOT NULL DEFAULT '0',
  `parent_id` int(10) unsigned NOT NULL DEFAULT '0',
  `description` varchar(255) NOT NULL,
  `timestamp` datetime NOT NULL DEFAULT '0000-00-00 00:00:00',
  PRIMARY KEY (`category_id`)
) ENGINE=MyISAM DEFAULT CHARSET=utf8;

--
-- Daten für Tabelle `randshop_ebay_categories`
--


-- --------------------------------------------------------

--
-- Tabellenstruktur für Tabelle `randshop_ebay_category_cs_mapping`
--

CREATE TABLE `randshop_ebay_category_cs_mapping` (
  `category_id` int(4) unsigned NOT NULL,
  `cs_id` int(4) unsigned DEFAULT NULL,
  `attribute_system_version` varchar(100) DEFAULT NULL
) ENGINE=MyISAM DEFAULT CHARSET=latin1;

--
-- Daten für Tabelle `randshop_ebay_category_cs_mapping`
--


-- --------------------------------------------------------

--
-- Tabellenstruktur für Tabelle `randshop_ebay_globals`
--

CREATE TABLE `randshop_ebay_globals` (
  `id` int(4) unsigned NOT NULL AUTO_INCREMENT,
  `last_update` date DEFAULT NULL,
  `version` varchar(50) DEFAULT NULL,
  `parameter_name` varchar(255) DEFAULT NULL,
  `parameter_value` mediumtext,
  PRIMARY KEY (`id`)
) ENGINE=MyISAM DEFAULT CHARSET=latin1 AUTO_INCREMENT=1 ;

--
-- Daten für Tabelle `randshop_ebay_globals`
--


-- --------------------------------------------------------

--
-- Tabellenstruktur für Tabelle `randshop_ebay_settings`
--

CREATE TABLE `randshop_ebay_settings` (
  `country_name` varchar(255) NOT NULL DEFAULT '',
  `country_code` varchar(4) NOT NULL DEFAULT '0'
) ENGINE=MyISAM DEFAULT CHARSET=utf8;

--
-- Daten für Tabelle `randshop_ebay_settings`
--


-- --------------------------------------------------------

--
-- Tabellenstruktur für Tabelle `randshop_ebay_shipping`
--

CREATE TABLE `randshop_ebay_shipping` (
  `shipping_id` int(10) unsigned NOT NULL AUTO_INCREMENT,
  `shipping_method` varchar(255) NOT NULL,
  `shipping_description` varchar(255) NOT NULL,
  `international` tinyint(1) unsigned NOT NULL DEFAULT '0',
  PRIMARY KEY (`shipping_id`)
) ENGINE=MyISAM DEFAULT CHARSET=utf8 AUTO_INCREMENT=1 ;

--
-- Daten für Tabelle `randshop_ebay_shipping`
--


-- --------------------------------------------------------

--
-- Tabellenstruktur für Tabelle `randshop_ebay_store_categories`
--

CREATE TABLE `randshop_ebay_store_categories` (
  `category_id` int(10) unsigned NOT NULL AUTO_INCREMENT,
  `parent_id` int(10) unsigned NOT NULL,
  `category_name` varchar(255) NOT NULL,
  `category_order` int(10) unsigned NOT NULL,
  PRIMARY KEY (`category_id`)
) ENGINE=MyISAM DEFAULT CHARSET=utf8 AUTO_INCREMENT=1 ;

--
-- Daten für Tabelle `randshop_ebay_store_categories`
--


-- --------------------------------------------------------

--
-- Tabellenstruktur für Tabelle `randshop_ebay_transactions`
--

CREATE TABLE `randshop_ebay_transactions` (
  `item_id` bigint(20) unsigned NOT NULL,
  `transaction_id` bigint(20) unsigned NOT NULL,
  `bestell_id` int(10) unsigned DEFAULT NULL,
  `order_id` bigint(20) DEFAULT NULL,
  `menge` int(10) NOT NULL,
  `kaufdatum` datetime NOT NULL,
  `ebay_user_id` varchar(255) DEFAULT NULL,
  `buyer_email` varchar(255) DEFAULT NULL,
  PRIMARY KEY (`item_id`,`transaction_id`)
) ENGINE=MyISAM DEFAULT CHARSET=utf8;

--
-- Daten für Tabelle `randshop_ebay_transactions`
--


-- --------------------------------------------------------

--
-- Tabellenstruktur für Tabelle `randshop_ebay_vorlagen`
--

CREATE TABLE `randshop_ebay_vorlagen` (
  `id` int(10) unsigned NOT NULL AUTO_INCREMENT,
  `artikel_id` int(10) unsigned NOT NULL,
  `artikelbezeichnung` varchar(55) NOT NULL,
  `untertitel` varchar(55) NOT NULL,
  `beschreibung` text NOT NULL,
  `listingtyp` varchar(30) NOT NULL,
  `startpreis` decimal(12,2) unsigned NOT NULL,
  `waehrung` varchar(10) NOT NULL,
  `menge` int(5) unsigned NOT NULL,
  `sofortkaufpreis` decimal(12,2) unsigned NOT NULL,
  `primaerkategorie_id` int(10) unsigned NOT NULL,
  `sekundaerkategorie_id` int(10) unsigned DEFAULT NULL,
  `auktionsdauer` int(2) unsigned NOT NULL,
  `versandart_id` int(10) unsigned NOT NULL,
  `zahlungsart` varchar(30) NOT NULL,
  `storekategorie_id` int(10) unsigned NOT NULL,
  `fettschrift` tinyint(1) unsigned NOT NULL,
  `rahmen` tinyint(1) unsigned NOT NULL,
  `highlight` tinyint(1) unsigned NOT NULL,
  `galeriebild` tinyint(1) unsigned NOT NULL,
  `galeriebild_plus` tinyint(1) unsigned NOT NULL,
  `topangebot_galerie` tinyint(1) unsigned NOT NULL,
  `topangebot_kategorie` tinyint(1) unsigned NOT NULL,
  `topangebot_startseite` tinyint(1) unsigned NOT NULL,
  `zustand` tinyint(1) unsigned NOT NULL,
  `primary_cs_id` int(4) unsigned DEFAULT NULL,
  `secondary_cs_id` int(4) unsigned DEFAULT NULL,
  `rueckgabe_akzeptiert` tinyint(1) unsigned NOT NULL,
  `rueckgabe_hinweise` text,
  `sofort_und_neu` tinyint(1) unsigned NOT NULL,
  `primary_attr_raw_data` text,
  `secondary_attr_raw_data` text,
  `dispatch_time_max` int(1) unsigned NOT NULL,
  `condition_id` int(4) DEFAULT NULL,
  UNIQUE KEY `id` (`id`)
) ENGINE=MyISAM DEFAULT CHARSET=utf8 AUTO_INCREMENT=1 ;

--
-- Daten für Tabelle `randshop_ebay_vorlagen`
--


-- --------------------------------------------------------

--
-- Tabellenstruktur für Tabelle `randshop_ebay_vorlagen_bilder`
--

CREATE TABLE `randshop_ebay_vorlagen_bilder` (
  `vorlagen_id` int(10) unsigned NOT NULL,
  `imageid` int(10) unsigned NOT NULL,
  PRIMARY KEY (`vorlagen_id`,`imageid`)
) ENGINE=MyISAM DEFAULT CHARSET=utf8;

--
-- Daten für Tabelle `randshop_ebay_vorlagen_bilder`
--


-- --------------------------------------------------------

--
-- Tabellenstruktur für Tabelle `randshop_ebay_vorlagen_versand`
--

CREATE TABLE `randshop_ebay_vorlagen_versand` (
  `vorlagen_id` int(10) unsigned NOT NULL,
  `versandart_id` int(10) unsigned NOT NULL,
  PRIMARY KEY (`vorlagen_id`,`versandart_id`)
) ENGINE=MyISAM DEFAULT CHARSET=utf8;

--
-- Daten für Tabelle `randshop_ebay_vorlagen_versand`
--

INSERT INTO `randshop_ebay_vorlagen_versand` VALUES(1, 1);
INSERT INTO `randshop_ebay_vorlagen_versand` VALUES(1, 2);

-- --------------------------------------------------------

--
-- Tabellenstruktur für Tabelle `randshop_ebay_vorlagen_zahlung`
--

CREATE TABLE `randshop_ebay_vorlagen_zahlung` (
  `vorlagen_id` int(10) unsigned NOT NULL,
  `zahlungsart_id` int(4) unsigned NOT NULL,
  PRIMARY KEY (`vorlagen_id`,`zahlungsart_id`)
) ENGINE=MyISAM DEFAULT CHARSET=utf8;

--
-- Daten für Tabelle `randshop_ebay_vorlagen_zahlung`
--

INSERT INTO `randshop_ebay_vorlagen_zahlung` VALUES(1, 1);

-- --------------------------------------------------------

--
-- Tabellenstruktur für Tabelle `randshop_ebay_zahlungsarten`
--

CREATE TABLE `randshop_ebay_zahlungsarten` (
  `id` int(10) unsigned NOT NULL AUTO_INCREMENT,
  `payment_option` varchar(50) CHARACTER SET utf8 DEFAULT NULL,
  `description` varchar(255) CHARACTER SET utf8 DEFAULT NULL,
  PRIMARY KEY (`id`)
) ENGINE=MyISAM DEFAULT CHARSET=latin1 COLLATE=latin1_general_ci AUTO_INCREMENT=1 ;

--
-- Daten für Tabelle `randshop_ebay_zahlungsarten`
--


-- --------------------------------------------------------

--
-- Tabellenstruktur für Tabelle `randshop_ebay_zahlungsarten_link`
--

CREATE TABLE `randshop_ebay_zahlungsarten_link` (
  `shop_zahlungsart_id` int(4) NOT NULL,
  `ebay_zahlungsart_id` int(10) NOT NULL,
  PRIMARY KEY (`shop_zahlungsart_id`,`ebay_zahlungsart_id`)
) ENGINE=MyISAM DEFAULT CHARSET=latin1 COLLATE=latin1_general_ci;

-- --------------------------------------------------------

--
-- Tabellenstruktur für Tabelle `randshop_erloese`
--

CREATE TABLE `randshop_erloese` (
  `erloeseid` int(11) unsigned NOT NULL AUTO_INCREMENT,
  `kontoid` int(11) NOT NULL DEFAULT '0',
  `herstellerid` int(11) NOT NULL DEFAULT '0',
  `rechnr` varchar(100) NOT NULL DEFAULT '',
  `nettopreis` decimal(12,2) NOT NULL DEFAULT '0.00',
  `bruttopreis` decimal(12,2) NOT NULL DEFAULT '0.00',
  `bezahl_datum` date NOT NULL DEFAULT '0000-00-00',
  `sonstiges` varchar(250) NOT NULL DEFAULT '',
  PRIMARY KEY (`erloeseid`)
) ENGINE=MyISAM DEFAULT CHARSET=utf8 AUTO_INCREMENT=1 ;

--
-- Daten für Tabelle `randshop_erloese`
--


-- --------------------------------------------------------

--
-- Tabellenstruktur für Tabelle `randshop_facettensuche_artikel_auspraegung`
--

CREATE TABLE `randshop_facettensuche_artikel_auspraegung` (
  `artikel_id` int(10) unsigned NOT NULL,
  `auspraegung_id` int(4) unsigned NOT NULL,
  PRIMARY KEY (`artikel_id`,`auspraegung_id`)
) ENGINE=MyISAM DEFAULT CHARSET=utf8 COLLATE=utf8_unicode_ci;

--
-- Daten für Tabelle `randshop_facettensuche_artikel_auspraegung`
--


-- --------------------------------------------------------

--
-- Tabellenstruktur für Tabelle `randshop_facettensuche_auspraegungen`
--

CREATE TABLE `randshop_facettensuche_auspraegungen` (
  `id` int(4) unsigned NOT NULL AUTO_INCREMENT,
  `filter_id` int(4) unsigned NOT NULL,
  `sort` int(4) unsigned NOT NULL,
  `nur_bild_anzeige` tinyint(1) unsigned NOT NULL,
  `aktiv` tinyint(1) unsigned NOT NULL,
  `preis_von` decimal(12,2) DEFAULT NULL,
  `preis_bis` decimal(12,2) DEFAULT NULL,
  PRIMARY KEY (`id`)
) ENGINE=MyISAM DEFAULT CHARSET=utf8 COLLATE=utf8_unicode_ci AUTO_INCREMENT=1 ;

--
-- Daten für Tabelle `randshop_facettensuche_auspraegungen`
--


-- --------------------------------------------------------

--
-- Tabellenstruktur für Tabelle `randshop_facettensuche_auspraegung_langu`
--

CREATE TABLE `randshop_facettensuche_auspraegung_langu` (
  `auspraegung_id` int(4) unsigned NOT NULL,
  `langu_id` int(4) unsigned NOT NULL,
  `name` varchar(50) COLLATE utf8_unicode_ci DEFAULT NULL,
  `beschreibung` text COLLATE utf8_unicode_ci,
  `bild` varchar(50) COLLATE utf8_unicode_ci DEFAULT NULL,
  PRIMARY KEY (`auspraegung_id`,`langu_id`)
) ENGINE=MyISAM DEFAULT CHARSET=utf8 COLLATE=utf8_unicode_ci;

--
-- Daten für Tabelle `randshop_facettensuche_auspraegung_langu`
--


-- --------------------------------------------------------

--
-- Tabellenstruktur für Tabelle `randshop_facettensuche_filter`
--

CREATE TABLE `randshop_facettensuche_filter` (
  `id` int(4) unsigned NOT NULL AUTO_INCREMENT,
  `aktiv` tinyint(1) unsigned NOT NULL DEFAULT '0',
  `mehrfachselektion` tinyint(1) unsigned NOT NULL DEFAULT '0',
  `nur_bild_anzeige` tinyint(1) unsigned NOT NULL DEFAULT '0',
  `sort` int(4) unsigned NOT NULL DEFAULT '0',
  `autofilter` int(1) unsigned NOT NULL DEFAULT '0',
  `user_auspraegungen` tinyint(1) unsigned NOT NULL DEFAULT '1',
  PRIMARY KEY (`id`)
) ENGINE=MyISAM  DEFAULT CHARSET=utf8 COLLATE=utf8_unicode_ci AUTO_INCREMENT=2 ;

--
-- Daten für Tabelle `randshop_facettensuche_filter`
--

INSERT INTO `randshop_facettensuche_filter` VALUES(1, 1, 0, 0, 1, 1, 1);

-- --------------------------------------------------------

--
-- Tabellenstruktur für Tabelle `randshop_facettensuche_filter_langu`
--

CREATE TABLE `randshop_facettensuche_filter_langu` (
  `filter_id` int(4) unsigned NOT NULL,
  `langu_id` int(4) unsigned NOT NULL,
  `name` varchar(50) COLLATE utf8_unicode_ci DEFAULT NULL,
  `beschreibung` text COLLATE utf8_unicode_ci,
  `bild` varchar(50) COLLATE utf8_unicode_ci DEFAULT NULL,
  PRIMARY KEY (`filter_id`,`langu_id`)
) ENGINE=MyISAM DEFAULT CHARSET=utf8 COLLATE=utf8_unicode_ci;

--
-- Daten für Tabelle `randshop_facettensuche_filter_langu`
--

INSERT INTO `randshop_facettensuche_filter_langu` VALUES(1, 1, 'Preis', 'Preisfilter', NULL);

-- --------------------------------------------------------

--
-- Tabellenstruktur für Tabelle `randshop_feature`
--

CREATE TABLE `randshop_feature` (
  `id` tinyint(2) NOT NULL DEFAULT '0',
  `bestseller` tinyint(1) NOT NULL DEFAULT '0',
  `news` tinyint(1) NOT NULL DEFAULT '0',
  `weiterempfehlen` tinyint(1) NOT NULL DEFAULT '0',
  `bewertung` tinyint(1) NOT NULL DEFAULT '0',
  `banner` tinyint(1) NOT NULL DEFAULT '0',
  `counter` tinyint(1) NOT NULL DEFAULT '0',
  `newsletter` tinyint(1) NOT NULL DEFAULT '0',
  `anzeige_gewicht` tinyint(4) NOT NULL DEFAULT '0',
  `statusanzeige` tinyint(1) NOT NULL DEFAULT '0',
  `bestandsanzeige` tinyint(1) NOT NULL DEFAULT '0',
  `loginvariante` tinyint(1) NOT NULL DEFAULT '0',
  `hersteller` tinyint(1) NOT NULL DEFAULT '0',
  `lieferadressebearbeiten` tinyint(1) NOT NULL DEFAULT '0',
  `volltextsuche` tinyint(1) unsigned NOT NULL DEFAULT '0',
  PRIMARY KEY (`id`)
) ENGINE=MyISAM DEFAULT CHARSET=utf8;

--
-- Daten für Tabelle `randshop_feature`
--

INSERT INTO `randshop_feature` VALUES(1, 1, 1, 1, 1, 1, 1, 1, 1, 1, 1, 1, 1, 1, 0);

-- --------------------------------------------------------

--
-- Tabellenstruktur für Tabelle `randshop_gaestebuch`
--

CREATE TABLE `randshop_gaestebuch` (
  `id` int(11) unsigned NOT NULL AUTO_INCREMENT,
  `datum` datetime NOT NULL DEFAULT '0000-00-00 00:00:00',
  `autor` varchar(150) NOT NULL DEFAULT '',
  `text` text NOT NULL,
  `email` varchar(150) NOT NULL DEFAULT '',
  PRIMARY KEY (`id`)
) ENGINE=MyISAM DEFAULT CHARSET=utf8 AUTO_INCREMENT=1 ;

--
-- Daten für Tabelle `randshop_gaestebuch`
--


-- --------------------------------------------------------

--
-- Tabellenstruktur für Tabelle `randshop_gutscheinaktionen`
--

CREATE TABLE `randshop_gutscheinaktionen` (
  `gutscheinaktion_id` int(10) unsigned NOT NULL AUTO_INCREMENT,
  `anzahl` int(10) unsigned NOT NULL DEFAULT '0',
  `gueltig_von` datetime NOT NULL DEFAULT '0000-00-00 00:00:00',
  `gueltig_bis` datetime NOT NULL DEFAULT '0000-00-00 00:00:00',
  `gutscheintyp` tinyint(4) NOT NULL DEFAULT '0',
  `gutschein_festbetrag` decimal(12,2) unsigned NOT NULL DEFAULT '0.00',
  `gutschein_prozent` decimal(12,2) unsigned NOT NULL DEFAULT '0.00',
  `gueltigkeitsbereich` tinyint(4) NOT NULL DEFAULT '0',
  `min_vk` int(10) unsigned NOT NULL,
  `mindestbestellwert` decimal(12,2) unsigned NOT NULL,
  `aktionstyp` tinyint(4) unsigned NOT NULL,
  PRIMARY KEY (`gutscheinaktion_id`)
) ENGINE=MyISAM DEFAULT CHARSET=utf8 AUTO_INCREMENT=1 ;

--
-- Daten für Tabelle `randshop_gutscheinaktionen`
--


-- --------------------------------------------------------

--
-- Tabellenstruktur für Tabelle `randshop_gutscheinaktionen_langu`
--

CREATE TABLE `randshop_gutscheinaktionen_langu` (
  `gutscheinaktion_id` int(10) unsigned NOT NULL DEFAULT '0',
  `language_id` int(10) unsigned NOT NULL DEFAULT '0',
  `gutscheinaktion_name` varchar(255) NOT NULL DEFAULT '',
  `gutscheinaktion_beschreibung` text NOT NULL,
  PRIMARY KEY (`gutscheinaktion_id`,`language_id`)
) ENGINE=MyISAM DEFAULT CHARSET=utf8;

--
-- Daten für Tabelle `randshop_gutscheinaktionen_langu`
--


-- --------------------------------------------------------

--
-- Tabellenstruktur für Tabelle `randshop_gutscheinaktionen_relation`
--

CREATE TABLE `randshop_gutscheinaktionen_relation` (
  `gutscheinaktion_id` int(10) unsigned NOT NULL DEFAULT '0',
  `relation_id` int(10) unsigned NOT NULL DEFAULT '0',
  PRIMARY KEY (`gutscheinaktion_id`,`relation_id`)
) ENGINE=MyISAM DEFAULT CHARSET=utf8;

--
-- Daten für Tabelle `randshop_gutscheinaktionen_relation`
--


-- --------------------------------------------------------

--
-- Tabellenstruktur für Tabelle `randshop_gutscheine`
--

CREATE TABLE `randshop_gutscheine` (
  `gutschein_id` int(10) unsigned NOT NULL AUTO_INCREMENT,
  `gutscheinaktion_id` int(10) unsigned NOT NULL,
  `gutscheincode` varchar(255) NOT NULL,
  `bestell_id` int(10) unsigned NOT NULL,
  `gesperrt` tinyint(3) unsigned NOT NULL,
  `gesperrt_am` datetime NOT NULL,
  `generiert_am` datetime NOT NULL,
  `newsletter_id` int(10) unsigned DEFAULT NULL,
  `kunden_id` int(10) unsigned DEFAULT NULL,
  `eingeloest` int(4) unsigned DEFAULT NULL,
  `maxeinloesbar` int(4) unsigned DEFAULT NULL,
  `bewertungsgutschein` tinyint(1) NOT NULL,
  PRIMARY KEY (`gutschein_id`)
) ENGINE=MyISAM DEFAULT CHARSET=utf8 AUTO_INCREMENT=1 ;

--
-- Daten für Tabelle `randshop_gutscheine`
--


-- --------------------------------------------------------

--
-- Tabellenstruktur für Tabelle `randshop_hersteller`
--

CREATE TABLE `randshop_hersteller` (
  `id` int(11) NOT NULL AUTO_INCREMENT,
  `name` varchar(255) NOT NULL DEFAULT '',
  `beschreibung` text NOT NULL,
  `default` tinyint(4) NOT NULL DEFAULT '0',
  `url_name_vorgabe` varchar(255) NOT NULL,
  `url_name` varchar(255) NOT NULL,
  PRIMARY KEY (`id`)
) ENGINE=MyISAM  DEFAULT CHARSET=utf8 AUTO_INCREMENT=2 ;

--
-- Daten für Tabelle `randshop_hersteller`
--

INSERT INTO `randshop_hersteller` VALUES(1, 'Beispiel Hersteller', '', 0, '', 'Beispiel-Hersteller');

-- --------------------------------------------------------

--
-- Tabellenstruktur für Tabelle `randshop_hersteller_langu`
--

CREATE TABLE `randshop_hersteller_langu` (
  `hersteller_id` int(4) unsigned NOT NULL,
  `language_id` int(4) unsigned NOT NULL,
  `beschreibung` text COLLATE utf8_unicode_ci,
  PRIMARY KEY (`hersteller_id`,`language_id`)
) ENGINE=MyISAM DEFAULT CHARSET=utf8 COLLATE=utf8_unicode_ci;

--
-- Daten für Tabelle `randshop_hersteller_langu`
--

INSERT INTO `randshop_hersteller_langu` VALUES(1, 1, '');

-- --------------------------------------------------------

--
-- Tabellenstruktur für Tabelle `randshop_highlights`
--

CREATE TABLE `randshop_highlights` (
  `id` int(11) unsigned NOT NULL AUTO_INCREMENT,
  `img_language_independent` tinyint(1) unsigned NOT NULL DEFAULT '0',
  `css_class` varchar(50) DEFAULT '',
  PRIMARY KEY (`id`)
) ENGINE=InnoDB  DEFAULT CHARSET=latin1 AUTO_INCREMENT=2 ;

--
-- Daten für Tabelle `randshop_highlights`
--

INSERT INTO `randshop_highlights` VALUES(1, 0, 'highlight_left_top_45deg');

-- --------------------------------------------------------

--
-- Tabellenstruktur für Tabelle `randshop_highlights_langu`
--

CREATE TABLE `randshop_highlights_langu` (
  `highlight_id` int(11) unsigned NOT NULL,
  `language_id` int(10) unsigned NOT NULL,
  `name` varchar(50) CHARACTER SET utf8 DEFAULT NULL,
  `image` varchar(255) DEFAULT NULL,
  PRIMARY KEY (`highlight_id`,`language_id`)
) ENGINE=InnoDB DEFAULT CHARSET=latin1;

--
-- Daten für Tabelle `randshop_highlights_langu`
--

INSERT INTO `randshop_highlights_langu` VALUES(1, 1, 'AKTION', NULL);

-- --------------------------------------------------------

--
-- Tabellenstruktur für Tabelle `randshop_kategorie`
--

CREATE TABLE `randshop_kategorie` (
  `id` int(10) unsigned NOT NULL AUTO_INCREMENT,
  `parentid` int(10) unsigned NOT NULL DEFAULT '0',
  `level` int(10) unsigned NOT NULL DEFAULT '0',
  `sort` int(10) unsigned NOT NULL DEFAULT '0',
  `aktiv` tinyint(1) NOT NULL DEFAULT '1',
  `language_independent` tinyint(1) unsigned NOT NULL DEFAULT '0',
  `facettensuche_aktiv` tinyint(1) unsigned NOT NULL,
  `facettensuche_preisfilter_aktiv` tinyint(1) unsigned NOT NULL,
  `facettensuche_unterkategoriefilter_aktiv` tinyint(1) unsigned NOT NULL,
  PRIMARY KEY (`id`),
  KEY `kat_index` (`parentid`,`aktiv`,`sort`)
) ENGINE=MyISAM  DEFAULT CHARSET=utf8 AUTO_INCREMENT=4 ;

--
-- Daten für Tabelle `randshop_kategorie`
--

INSERT INTO `randshop_kategorie` VALUES(1, 2, 0, 1, 1, 0, 0, 0, 0);
INSERT INTO `randshop_kategorie` VALUES(2, 0, 0, 2, 1, 0, 0, 0, 0);

-- --------------------------------------------------------

--
-- Tabellenstruktur für Tabelle `randshop_kategorierelation`
--

CREATE TABLE `randshop_kategorierelation` (
  `artikelid` int(11) NOT NULL DEFAULT '0',
  `kategorieid` int(11) NOT NULL DEFAULT '0',
  PRIMARY KEY (`artikelid`,`kategorieid`),
  KEY `kategorieid` (`kategorieid`)
) ENGINE=MyISAM DEFAULT CHARSET=utf8;

--
-- Daten für Tabelle `randshop_kategorierelation`
--

INSERT INTO `randshop_kategorierelation` VALUES(1, 1);
INSERT INTO `randshop_kategorierelation` VALUES(2, 1);
INSERT INTO `randshop_kategorierelation` VALUES(3, 1);
INSERT INTO `randshop_kategorierelation` VALUES(4, 1);
INSERT INTO `randshop_kategorierelation` VALUES(5, 1);
INSERT INTO `randshop_kategorierelation` VALUES(6, 1);
INSERT INTO `randshop_kategorierelation` VALUES(7, 1);
INSERT INTO `randshop_kategorierelation` VALUES(8, 1);

-- --------------------------------------------------------

--
-- Tabellenstruktur für Tabelle `randshop_kategorie_langu`
--

CREATE TABLE `randshop_kategorie_langu` (
  `kategorie_id` int(10) unsigned NOT NULL DEFAULT '0',
  `language_id` int(10) unsigned NOT NULL DEFAULT '0',
  `name` varchar(255) NOT NULL DEFAULT '',
  `smallImage` varchar(255) NOT NULL DEFAULT '',
  `meta_title` varchar(255) NOT NULL,
  `meta_descr` text NOT NULL,
  `keywords` varchar(255) NOT NULL,
  `titel` varchar(255) NOT NULL,
  `beschreibung` text NOT NULL,
  `url_name_vorgabe` varchar(255) NOT NULL,
  `url_name` varchar(255) NOT NULL,
  PRIMARY KEY (`kategorie_id`,`language_id`)
) ENGINE=MyISAM DEFAULT CHARSET=utf8;

--
-- Daten für Tabelle `randshop_kategorie_langu`
--

INSERT INTO `randshop_kategorie_langu` VALUES(1, 1, 'Fashion', '', '', '', '', '', '', '', 'Fashion');
INSERT INTO `randshop_kategorie_langu` VALUES(2, 1, 'Neue Testkategorie', '', '', '', '', '', '', '', 'Neue-Testkategorie');

-- --------------------------------------------------------

--
-- Tabellenstruktur für Tabelle `randshop_konfigurator_bestellung`
--

CREATE TABLE `randshop_konfigurator_bestellung` (
  `konfigbestellungid` int(11) NOT NULL AUTO_INCREMENT,
  `name` varchar(100) NOT NULL DEFAULT '',
  `produktid` int(11) NOT NULL DEFAULT '0',
  `produktname` varchar(100) NOT NULL DEFAULT '',
  `produktartikelnummer` varchar(100) NOT NULL DEFAULT '',
  `mwst` int(11) NOT NULL DEFAULT '0',
  `farbid` int(11) NOT NULL DEFAULT '0',
  `farbname` varchar(100) NOT NULL DEFAULT '',
  `groesseid` int(11) NOT NULL DEFAULT '0',
  `groessename` varchar(100) NOT NULL DEFAULT '',
  `vorderseite_type` int(11) NOT NULL DEFAULT '0',
  `vorderseite_motivid` int(11) NOT NULL DEFAULT '0',
  `vorderseite_motivname` varchar(100) NOT NULL DEFAULT '',
  `vorderseite_motivnummer` varchar(15) NOT NULL DEFAULT '',
  `vorderseite_druckbereichid` int(11) NOT NULL DEFAULT '0',
  `vorderseite_druckbereichname` varchar(100) NOT NULL DEFAULT '',
  `rueckseite_type` int(11) NOT NULL DEFAULT '0',
  `rueckseite_motivid` int(11) NOT NULL DEFAULT '0',
  `rueckseite_motivname` varchar(100) NOT NULL DEFAULT '',
  `rueckseite_motivnummer` varchar(15) NOT NULL DEFAULT '',
  `rueckseite_druckbereichid` int(11) NOT NULL DEFAULT '0',
  `rueckseite_druckbereichname` varchar(100) NOT NULL DEFAULT '',
  PRIMARY KEY (`konfigbestellungid`)
) ENGINE=MyISAM DEFAULT CHARSET=utf8 AUTO_INCREMENT=1 ;

--
-- Daten für Tabelle `randshop_konfigurator_bestellung`
--


-- --------------------------------------------------------

--
-- Tabellenstruktur für Tabelle `randshop_konfigurator_bestellung_text`
--

CREATE TABLE `randshop_konfigurator_bestellung_text` (
  `konfigbestellungttextid` int(11) NOT NULL AUTO_INCREMENT,
  `konfigbestellungid` int(11) NOT NULL DEFAULT '0',
  `vorderseite` tinyint(4) NOT NULL DEFAULT '0',
  `rueckseite` tinyint(4) NOT NULL DEFAULT '0',
  `schrifttext` varchar(100) NOT NULL DEFAULT '',
  `schriftartid` int(11) NOT NULL DEFAULT '0',
  `schriftartname` varchar(100) NOT NULL DEFAULT '',
  `schriftfarbeid` int(11) NOT NULL DEFAULT '0',
  `schriftfarbename` varchar(100) NOT NULL DEFAULT '',
  `schriftgroesseid` int(11) NOT NULL DEFAULT '0',
  `schriftgroessename` varchar(100) NOT NULL DEFAULT '',
  `sortierung` int(11) NOT NULL DEFAULT '0',
  PRIMARY KEY (`konfigbestellungttextid`)
) ENGINE=MyISAM DEFAULT CHARSET=utf8 AUTO_INCREMENT=1 ;

--
-- Daten für Tabelle `randshop_konfigurator_bestellung_text`
--


-- --------------------------------------------------------

--
-- Tabellenstruktur für Tabelle `randshop_konfigurator_bestellung_textzeile`
--

CREATE TABLE `randshop_konfigurator_bestellung_textzeile` (
  `konfigbestellungid` int(11) NOT NULL DEFAULT '0',
  `vorderseite` tinyint(4) NOT NULL DEFAULT '0',
  `rueckseite` tinyint(4) NOT NULL DEFAULT '0',
  `text` varchar(100) NOT NULL DEFAULT '',
  `schriftartid` int(11) NOT NULL DEFAULT '0',
  `schriftartname` varchar(100) NOT NULL DEFAULT '',
  `schriftfarbeid` int(11) NOT NULL DEFAULT '0',
  `schriftfarbename` varchar(100) NOT NULL DEFAULT '',
  `schriftgroesseid` int(11) NOT NULL DEFAULT '0',
  `schriftgroessename` varchar(100) NOT NULL DEFAULT ''
) ENGINE=MyISAM DEFAULT CHARSET=utf8;

--
-- Daten für Tabelle `randshop_konfigurator_bestellung_textzeile`
--


-- --------------------------------------------------------

--
-- Tabellenstruktur für Tabelle `randshop_konfigurator_config`
--

CREATE TABLE `randshop_konfigurator_config` (
  `konfigconfigid` int(11) NOT NULL AUTO_INCREMENT,
  `konfigconfigname` varchar(255) NOT NULL DEFAULT '',
  `konfigconfigvalue` varchar(255) NOT NULL DEFAULT '',
  PRIMARY KEY (`konfigconfigid`)
) ENGINE=MyISAM  DEFAULT CHARSET=utf8 AUTO_INCREMENT=37 ;

--
-- Daten für Tabelle `randshop_konfigurator_config`
--

INSERT INTO `randshop_konfigurator_config` VALUES(1, 'preisprotextzeile', '2');
INSERT INTO `randshop_konfigurator_config` VALUES(2, 'preisprotextfarbe', '2');
INSERT INTO `randshop_konfigurator_config` VALUES(3, 'druckseitenpreis', '2');
INSERT INTO `randshop_konfigurator_config` VALUES(4, 'uploadmotivpreis', '5');
INSERT INTO `randshop_konfigurator_config` VALUES(5, 'vorderseite_defaultschrifttext1', '');
INSERT INTO `randshop_konfigurator_config` VALUES(6, 'vorderseite_defaultschriftartid1', '1');
INSERT INTO `randshop_konfigurator_config` VALUES(7, 'vorderseite_defaultschriftfarbeid1', '1');
INSERT INTO `randshop_konfigurator_config` VALUES(8, 'vorderseite_defaultschriftgroesseid1', '1');
INSERT INTO `randshop_konfigurator_config` VALUES(9, 'vorderseite_defaultschrifttext2', '');
INSERT INTO `randshop_konfigurator_config` VALUES(10, 'vorderseite_defaultschriftartid2', '1');
INSERT INTO `randshop_konfigurator_config` VALUES(11, 'vorderseite_defaultschriftfarbeid2', '1');
INSERT INTO `randshop_konfigurator_config` VALUES(12, 'vorderseite_defaultschriftgroesseid2', '1');
INSERT INTO `randshop_konfigurator_config` VALUES(13, 'vorderseite_defaultschrifttext3', '');
INSERT INTO `randshop_konfigurator_config` VALUES(14, 'vorderseite_defaultschriftartid3', '1');
INSERT INTO `randshop_konfigurator_config` VALUES(15, 'vorderseite_defaultschriftfarbeid3', '1');
INSERT INTO `randshop_konfigurator_config` VALUES(16, 'vorderseite_defaultschriftgroesseid3', '1');
INSERT INTO `randshop_konfigurator_config` VALUES(17, 'vorderseite_defaultschrifttext4', '');
INSERT INTO `randshop_konfigurator_config` VALUES(18, 'vorderseite_defaultschriftartid4', '1');
INSERT INTO `randshop_konfigurator_config` VALUES(19, 'vorderseite_defaultschriftfarbeid4', '1');
INSERT INTO `randshop_konfigurator_config` VALUES(20, 'vorderseite_defaultschriftgroesseid4', '1');
INSERT INTO `randshop_konfigurator_config` VALUES(21, 'rueckseite_defaultschrifttext1', '');
INSERT INTO `randshop_konfigurator_config` VALUES(22, 'rueckseite_defaultschriftartid1', '1');
INSERT INTO `randshop_konfigurator_config` VALUES(23, 'rueckseite_defaultschriftfarbeid1', '1');
INSERT INTO `randshop_konfigurator_config` VALUES(24, 'rueckseite_defaultschriftgroesseid1', '1');
INSERT INTO `randshop_konfigurator_config` VALUES(25, 'rueckseite_defaultschrifttext2', '');
INSERT INTO `randshop_konfigurator_config` VALUES(26, 'rueckseite_defaultschriftartid2', '1');
INSERT INTO `randshop_konfigurator_config` VALUES(27, 'rueckseite_defaultschriftfarbeid2', '1');
INSERT INTO `randshop_konfigurator_config` VALUES(28, 'rueckseite_defaultschriftgroesseid2', '1');
INSERT INTO `randshop_konfigurator_config` VALUES(29, 'rueckseite_defaultschrifttext3', '');
INSERT INTO `randshop_konfigurator_config` VALUES(30, 'rueckseite_defaultschriftartid3', '1');
INSERT INTO `randshop_konfigurator_config` VALUES(31, 'rueckseite_defaultschriftfarbeid3', '1');
INSERT INTO `randshop_konfigurator_config` VALUES(32, 'rueckseite_defaultschriftgroesseid3', '1');
INSERT INTO `randshop_konfigurator_config` VALUES(33, 'rueckseite_defaultschrifttext4', '');
INSERT INTO `randshop_konfigurator_config` VALUES(34, 'rueckseite_defaultschriftartid4', '1');
INSERT INTO `randshop_konfigurator_config` VALUES(35, 'rueckseite_defaultschriftfarbeid4', '1');
INSERT INTO `randshop_konfigurator_config` VALUES(36, 'rueckseite_defaultschriftgroesseid4', '1');

-- --------------------------------------------------------

--
-- Tabellenstruktur für Tabelle `randshop_konfigurator_druckbereich`
--

CREATE TABLE `randshop_konfigurator_druckbereich` (
  `druckbereichid` int(11) NOT NULL AUTO_INCREMENT,
  `druckbereichname` varchar(100) NOT NULL DEFAULT '',
  `konfigseite` tinyint(4) NOT NULL DEFAULT '0',
  `imagex` int(11) NOT NULL DEFAULT '0',
  `imagey` int(11) NOT NULL DEFAULT '0',
  `imagewidth` int(11) NOT NULL DEFAULT '0',
  `imageheight` int(11) NOT NULL DEFAULT '0',
  `zeilenabstand` int(11) NOT NULL DEFAULT '0',
  `fontgroesse` tinyint(4) NOT NULL DEFAULT '0',
  `sortierung` int(11) NOT NULL DEFAULT '0',
  `line1_x1` int(11) NOT NULL DEFAULT '0',
  `line1_y1` int(11) NOT NULL DEFAULT '0',
  `line1_x2` int(11) NOT NULL DEFAULT '0',
  `line1_y2` int(11) NOT NULL DEFAULT '0',
  `line2_x1` int(11) NOT NULL DEFAULT '0',
  `line2_y1` int(11) NOT NULL DEFAULT '0',
  `line2_x2` int(11) NOT NULL DEFAULT '0',
  `line2_y2` int(11) NOT NULL DEFAULT '0',
  PRIMARY KEY (`druckbereichid`)
) ENGINE=MyISAM  DEFAULT CHARSET=utf8 AUTO_INCREMENT=2 ;

--
-- Daten für Tabelle `randshop_konfigurator_druckbereich`
--

INSERT INTO `randshop_konfigurator_druckbereich` VALUES(1, 'Mittig', 1, 50, 50, 20, 20, 20, 2, 1, 30, 30, 30, 30, 30, 30, 30, 30);

-- --------------------------------------------------------

--
-- Tabellenstruktur für Tabelle `randshop_konfigurator_farbe`
--

CREATE TABLE `randshop_konfigurator_farbe` (
  `farbid` int(11) NOT NULL AUTO_INCREMENT,
  `farbname` varchar(100) NOT NULL DEFAULT '',
  `farbe_r` int(11) NOT NULL DEFAULT '0',
  `farbe_g` int(11) NOT NULL DEFAULT '0',
  `farbe_b` int(11) NOT NULL DEFAULT '0',
  `sortierung` int(11) NOT NULL DEFAULT '0',
  PRIMARY KEY (`farbid`)
) ENGINE=MyISAM  DEFAULT CHARSET=utf8 AUTO_INCREMENT=2 ;

--
-- Daten für Tabelle `randshop_konfigurator_farbe`
--

INSERT INTO `randshop_konfigurator_farbe` VALUES(1, 'Rot', 123, 3, 12, 1);

-- --------------------------------------------------------

--
-- Tabellenstruktur für Tabelle `randshop_konfigurator_groesse`
--

CREATE TABLE `randshop_konfigurator_groesse` (
  `groesseid` int(11) NOT NULL AUTO_INCREMENT,
  `groessename` varchar(100) NOT NULL DEFAULT '',
  `sortierung` int(11) NOT NULL DEFAULT '0',
  PRIMARY KEY (`groesseid`)
) ENGINE=MyISAM  DEFAULT CHARSET=utf8 AUTO_INCREMENT=3 ;

--
-- Daten für Tabelle `randshop_konfigurator_groesse`
--

INSERT INTO `randshop_konfigurator_groesse` VALUES(1, 'S', 1);
INSERT INTO `randshop_konfigurator_groesse` VALUES(2, 'M', 2);

-- --------------------------------------------------------

--
-- Tabellenstruktur für Tabelle `randshop_konfigurator_motiv`
--

CREATE TABLE `randshop_konfigurator_motiv` (
  `motivid` int(11) NOT NULL AUTO_INCREMENT,
  `motivnummer` varchar(15) NOT NULL DEFAULT '0',
  `motivname` varchar(100) NOT NULL DEFAULT '',
  `preis` decimal(12,2) NOT NULL DEFAULT '0.00',
  `druckart` varchar(15) NOT NULL DEFAULT '',
  `motivfarbe` varchar(15) NOT NULL DEFAULT '',
  `lizenzid` int(11) unsigned NOT NULL,
  PRIMARY KEY (`motivid`)
) ENGINE=MyISAM  DEFAULT CHARSET=utf8 AUTO_INCREMENT=2 ;

--
-- Daten für Tabelle `randshop_konfigurator_motiv`
--

INSERT INTO `randshop_konfigurator_motiv` VALUES(1, '1', 'test', 12.00, 'Sieb', '', 0);

-- --------------------------------------------------------

--
-- Tabellenstruktur für Tabelle `randshop_konfigurator_motivkategorie`
--

CREATE TABLE `randshop_konfigurator_motivkategorie` (
  `motivkategorieid` int(11) NOT NULL AUTO_INCREMENT,
  `motivkategoriename` varchar(100) NOT NULL DEFAULT '',
  `level` int(11) NOT NULL DEFAULT '1',
  `parentid` int(11) NOT NULL DEFAULT '0',
  `sortierung` int(11) NOT NULL DEFAULT '0',
  PRIMARY KEY (`motivkategorieid`)
) ENGINE=MyISAM  DEFAULT CHARSET=utf8 AUTO_INCREMENT=2 ;

--
-- Daten für Tabelle `randshop_konfigurator_motivkategorie`
--

INSERT INTO `randshop_konfigurator_motivkategorie` VALUES(1, 'Test', 1, 0, 1);

-- --------------------------------------------------------

--
-- Tabellenstruktur für Tabelle `randshop_konfigurator_motivrelation`
--

CREATE TABLE `randshop_konfigurator_motivrelation` (
  `motivid` int(11) NOT NULL DEFAULT '0',
  `motivkategorieid` varchar(100) NOT NULL DEFAULT '',
  `sortierung` int(11) NOT NULL DEFAULT '0',
  KEY `motivid` (`motivid`),
  KEY `motivkategorieid` (`motivkategorieid`)
) ENGINE=MyISAM DEFAULT CHARSET=utf8;

--
-- Daten für Tabelle `randshop_konfigurator_motivrelation`
--


-- --------------------------------------------------------

--
-- Tabellenstruktur für Tabelle `randshop_konfigurator_mykonfig`
--

CREATE TABLE `randshop_konfigurator_mykonfig` (
  `mykonfigid` int(11) NOT NULL AUTO_INCREMENT,
  `kundenid` int(11) NOT NULL DEFAULT '0',
  `eingetragenam` date NOT NULL DEFAULT '0000-00-00',
  `name` varchar(100) NOT NULL DEFAULT '',
  `beschreibung` text NOT NULL,
  `produktid` int(11) NOT NULL DEFAULT '0',
  `farbid` int(11) NOT NULL DEFAULT '0',
  `groesseid` int(11) NOT NULL DEFAULT '0',
  `vorderseite_type` int(11) NOT NULL DEFAULT '0',
  `vorderseite_motivid` int(11) NOT NULL DEFAULT '0',
  `vorderseite_druckbereichid` int(11) NOT NULL DEFAULT '0',
  `rueckseite_type` int(11) NOT NULL DEFAULT '0',
  `rueckseite_motivid` int(11) NOT NULL DEFAULT '0',
  `rueckseite_druckbereichid` int(11) NOT NULL DEFAULT '0',
  PRIMARY KEY (`mykonfigid`)
) ENGINE=MyISAM DEFAULT CHARSET=utf8 AUTO_INCREMENT=1 ;

--
-- Daten für Tabelle `randshop_konfigurator_mykonfig`
--


-- --------------------------------------------------------

--
-- Tabellenstruktur für Tabelle `randshop_konfigurator_mykonfig_text`
--

CREATE TABLE `randshop_konfigurator_mykonfig_text` (
  `mykonfigtextid` int(11) NOT NULL AUTO_INCREMENT,
  `mykonfigid` int(11) NOT NULL DEFAULT '0',
  `vorderseite` tinyint(4) NOT NULL DEFAULT '0',
  `rueckseite` tinyint(4) NOT NULL DEFAULT '0',
  `schrifttext` varchar(100) NOT NULL DEFAULT '',
  `schriftartid` int(11) NOT NULL DEFAULT '0',
  `schriftfarbeid` int(11) NOT NULL DEFAULT '0',
  `schriftgroesseid` int(11) NOT NULL DEFAULT '0',
  `sortierung` int(11) NOT NULL DEFAULT '0',
  PRIMARY KEY (`mykonfigtextid`)
) ENGINE=MyISAM DEFAULT CHARSET=utf8 AUTO_INCREMENT=1 ;

--
-- Daten für Tabelle `randshop_konfigurator_mykonfig_text`
--


-- --------------------------------------------------------

--
-- Tabellenstruktur für Tabelle `randshop_konfigurator_mykonfig_textzeile`
--

CREATE TABLE `randshop_konfigurator_mykonfig_textzeile` (
  `mykonfigid` int(11) NOT NULL AUTO_INCREMENT,
  `vorderseite` tinyint(4) NOT NULL DEFAULT '0',
  `rueckseite` tinyint(4) NOT NULL DEFAULT '0',
  `text` varchar(100) NOT NULL DEFAULT '',
  `schriftartid` int(11) NOT NULL DEFAULT '0',
  `schriftfarbeid` int(11) NOT NULL DEFAULT '0',
  `schriftgroesseid` int(11) NOT NULL DEFAULT '0',
  PRIMARY KEY (`mykonfigid`)
) ENGINE=MyISAM DEFAULT CHARSET=utf8 AUTO_INCREMENT=1 ;

--
-- Daten für Tabelle `randshop_konfigurator_mykonfig_textzeile`
--


-- --------------------------------------------------------

--
-- Tabellenstruktur für Tabelle `randshop_konfigurator_produkt`
--

CREATE TABLE `randshop_konfigurator_produkt` (
  `produktid` int(11) NOT NULL AUTO_INCREMENT,
  `produktartikelnummer` varchar(20) NOT NULL DEFAULT '0',
  `produktname` varchar(100) NOT NULL DEFAULT '',
  `produktbeschreibung` text NOT NULL,
  `standardfarbe` int(11) NOT NULL DEFAULT '0',
  `standardgroesse` int(11) NOT NULL DEFAULT '0',
  `standarddruckbereich` int(11) NOT NULL DEFAULT '0',
  `mwst` int(11) NOT NULL DEFAULT '0',
  `gewicht` decimal(12,2) NOT NULL DEFAULT '0.00',
  `sortierung` int(11) NOT NULL DEFAULT '0',
  `aktiv` tinyint(4) NOT NULL DEFAULT '0',
  `smallImage` varchar(150) NOT NULL DEFAULT '',
  PRIMARY KEY (`produktid`)
) ENGINE=MyISAM  DEFAULT CHARSET=utf8 AUTO_INCREMENT=3 ;

--
-- Daten für Tabelle `randshop_konfigurator_produkt`
--

INSERT INTO `randshop_konfigurator_produkt` VALUES(1, '001', 'T-Shirt', '', 0, 1, 1, 1, 0.30, 1, 0, 'produkt_0000001_s.jpg');
INSERT INTO `randshop_konfigurator_produkt` VALUES(2, '0002', 'Weiteres Shirt', '', 0, 0, 1, 1, 0.30, 2, 0, 'produkt_0000002_s.jpg');

-- --------------------------------------------------------

--
-- Tabellenstruktur für Tabelle `randshop_konfigurator_produktfarbe`
--

CREATE TABLE `randshop_konfigurator_produktfarbe` (
  `produktid` int(11) NOT NULL DEFAULT '0',
  `farbid` int(11) NOT NULL DEFAULT '0',
  `sortierung` int(11) NOT NULL DEFAULT '0'
) ENGINE=MyISAM DEFAULT CHARSET=utf8;

--
-- Daten für Tabelle `randshop_konfigurator_produktfarbe`
--

INSERT INTO `randshop_konfigurator_produktfarbe` VALUES(1, 1, 1);

-- --------------------------------------------------------

--
-- Tabellenstruktur für Tabelle `randshop_konfigurator_produktgroesse`
--

CREATE TABLE `randshop_konfigurator_produktgroesse` (
  `produktid` int(11) NOT NULL DEFAULT '0',
  `groesseid` int(11) NOT NULL DEFAULT '0',
  `sortierung` int(11) NOT NULL DEFAULT '0',
  `preis` decimal(12,2) NOT NULL DEFAULT '0.00',
  `mwst` int(11) NOT NULL DEFAULT '0',
  PRIMARY KEY (`produktid`,`groesseid`)
) ENGINE=MyISAM DEFAULT CHARSET=utf8;

--
-- Daten für Tabelle `randshop_konfigurator_produktgroesse`
--

INSERT INTO `randshop_konfigurator_produktgroesse` VALUES(1, 1, 1, 12.00, 0);
INSERT INTO `randshop_konfigurator_produktgroesse` VALUES(1, 2, 2, 13.00, 0);

-- --------------------------------------------------------

--
-- Tabellenstruktur für Tabelle `randshop_konfigurator_schriftart`
--

CREATE TABLE `randshop_konfigurator_schriftart` (
  `schriftartid` int(11) NOT NULL AUTO_INCREMENT,
  `schriftartname` varchar(100) NOT NULL DEFAULT '',
  `schriftartfontdatei` varchar(100) NOT NULL DEFAULT '',
  `sortierung` int(11) NOT NULL DEFAULT '0',
  PRIMARY KEY (`schriftartid`)
) ENGINE=MyISAM  DEFAULT CHARSET=utf8 AUTO_INCREMENT=3 ;

--
-- Daten für Tabelle `randshop_konfigurator_schriftart`
--

INSERT INTO `randshop_konfigurator_schriftart` VALUES(1, 'Arial', 'Arial Black.ttf', 1);
INSERT INTO `randshop_konfigurator_schriftart` VALUES(2, 'Times', 'APD.ttf', 2);

-- --------------------------------------------------------

--
-- Tabellenstruktur für Tabelle `randshop_konfigurator_schriftfarbe`
--

CREATE TABLE `randshop_konfigurator_schriftfarbe` (
  `schriftfarbeid` int(11) NOT NULL AUTO_INCREMENT,
  `schriftfarbename` varchar(100) NOT NULL DEFAULT '',
  `schriftfarbe_r` int(11) NOT NULL DEFAULT '0',
  `schriftfarbe_g` int(11) NOT NULL DEFAULT '0',
  `schriftfarbe_b` int(11) NOT NULL DEFAULT '0',
  `preis` decimal(12,2) NOT NULL DEFAULT '0.00',
  `sortierung` int(11) NOT NULL DEFAULT '0',
  PRIMARY KEY (`schriftfarbeid`)
) ENGINE=MyISAM  DEFAULT CHARSET=utf8 AUTO_INCREMENT=2 ;

--
-- Daten für Tabelle `randshop_konfigurator_schriftfarbe`
--

INSERT INTO `randshop_konfigurator_schriftfarbe` VALUES(1, 'Grün', 23, 255, 1, 12.00, 1);

-- --------------------------------------------------------

--
-- Tabellenstruktur für Tabelle `randshop_konfigurator_schriftgroesse`
--

CREATE TABLE `randshop_konfigurator_schriftgroesse` (
  `schriftgroesseid` int(11) NOT NULL AUTO_INCREMENT,
  `schriftgroessename` varchar(100) NOT NULL DEFAULT '',
  `schriftgroessenormal` int(11) NOT NULL DEFAULT '0',
  `schriftgroesseklein` int(11) NOT NULL DEFAULT '0',
  `sortierung` int(11) NOT NULL DEFAULT '0',
  PRIMARY KEY (`schriftgroesseid`)
) ENGINE=MyISAM  DEFAULT CHARSET=utf8 AUTO_INCREMENT=2 ;

--
-- Daten für Tabelle `randshop_konfigurator_schriftgroesse`
--

INSERT INTO `randshop_konfigurator_schriftgroesse` VALUES(1, '10', 20, 10, 1);

-- --------------------------------------------------------

--
-- Tabellenstruktur für Tabelle `randshop_konto`
--

CREATE TABLE `randshop_konto` (
  `kontoid` int(11) unsigned NOT NULL AUTO_INCREMENT,
  `kontoname` varchar(150) NOT NULL DEFAULT '',
  `kontonr` varchar(20) NOT NULL DEFAULT '',
  `typ` tinyint(1) NOT NULL DEFAULT '1',
  PRIMARY KEY (`kontoid`)
) ENGINE=MyISAM DEFAULT CHARSET=utf8 AUTO_INCREMENT=1 ;

-- --------------------------------------------------------

--
-- Tabellenstruktur für Tabelle `randshop_kundenanrede`
--

CREATE TABLE `randshop_kundenanrede` (
  `kundenanredeid` int(10) unsigned NOT NULL AUTO_INCREMENT,
  `sort` int(10) unsigned NOT NULL DEFAULT '0',
  `geschlecht` varchar(10) DEFAULT NULL,
  PRIMARY KEY (`kundenanredeid`)
) ENGINE=MyISAM  DEFAULT CHARSET=utf8 AUTO_INCREMENT=3 ;

--
-- Daten für Tabelle `randshop_kundenanrede`
--

INSERT INTO `randshop_kundenanrede` VALUES(1, 1, 'm');
INSERT INTO `randshop_kundenanrede` VALUES(2, 2, 'w');

-- --------------------------------------------------------

--
-- Tabellenstruktur für Tabelle `randshop_kundenanrede_langu`
--

CREATE TABLE `randshop_kundenanrede_langu` (
  `id` int(11) NOT NULL AUTO_INCREMENT,
  `kundenanredeid` int(11) NOT NULL,
  `language_id` int(11) NOT NULL,
  `anrede` varchar(40) COLLATE utf8_unicode_ci NOT NULL,
  `briefanrede` varchar(40) COLLATE utf8_unicode_ci NOT NULL,
  PRIMARY KEY (`id`)
) ENGINE=InnoDB  DEFAULT CHARSET=utf8 COLLATE=utf8_unicode_ci AUTO_INCREMENT=5 ;

--
-- Daten für Tabelle `randshop_kundenanrede_langu`
--

INSERT INTO `randshop_kundenanrede_langu` VALUES(1, 1, 1, 'Herr', 'Sehr geehrter Herr');
INSERT INTO `randshop_kundenanrede_langu` VALUES(2, 2, 1, 'Frau', 'Sehr geehrte Frau');
INSERT INTO `randshop_kundenanrede_langu` VALUES(3, 1, 2, 'Mr.', 'Dear Mr.');
INSERT INTO `randshop_kundenanrede_langu` VALUES(4, 2, 2, 'Ms.', 'Dear Ms.');

-- --------------------------------------------------------

--
-- Tabellenstruktur für Tabelle `randshop_kundengruppen`
--

CREATE TABLE `randshop_kundengruppen` (
  `id` int(11) unsigned NOT NULL AUTO_INCREMENT,
  `standard` tinyint(1) unsigned NOT NULL DEFAULT '0',
  `mindestbestellwert_netto` decimal(12,2) unsigned NOT NULL DEFAULT '0.00',
  `mindestbestellwert_brutto` decimal(12,2) unsigned NOT NULL DEFAULT '0.00',
  `kuerzel` varchar(25) NOT NULL DEFAULT '',
  `alleversandarten` tinyint(1) unsigned NOT NULL DEFAULT '0',
  `rabattstaffel` int(11) unsigned NOT NULL DEFAULT '0',
  `type` tinyint(1) unsigned NOT NULL DEFAULT '1',
  `kundenauswahl` tinyint(1) unsigned NOT NULL DEFAULT '0',
  PRIMARY KEY (`id`)
) ENGINE=MyISAM  DEFAULT CHARSET=utf8 AUTO_INCREMENT=3 ;

--
-- Daten für Tabelle `randshop_kundengruppen`
--

INSERT INTO `randshop_kundengruppen` VALUES(1, 1, 0.00, 0.00, 'EK', 1, 0, 1, 0);
INSERT INTO `randshop_kundengruppen` VALUES(2, 0, 0.00, 0.00, 'GK', 1, 0, 2, 0);

-- --------------------------------------------------------

--
-- Tabellenstruktur für Tabelle `randshop_kundengruppenpreise`
--

CREATE TABLE `randshop_kundengruppenpreise` (
  `artikelid` int(11) NOT NULL DEFAULT '0',
  `kundengruppenid` int(11) NOT NULL DEFAULT '0',
  `preis_netto` decimal(12,2) unsigned NOT NULL DEFAULT '0.00',
  `preis_brutto` decimal(12,2) unsigned NOT NULL DEFAULT '0.00',
  PRIMARY KEY (`artikelid`,`kundengruppenid`)
) ENGINE=MyISAM DEFAULT CHARSET=utf8;

--
-- Daten für Tabelle `randshop_kundengruppenpreise`
--


-- --------------------------------------------------------

--
-- Tabellenstruktur für Tabelle `randshop_kundengruppenversandarten`
--

CREATE TABLE `randshop_kundengruppenversandarten` (
  `kundengruppenid` int(11) NOT NULL DEFAULT '0',
  `versandartenid` int(11) NOT NULL DEFAULT '0',
  KEY `kundengruppenid` (`kundengruppenid`)
) ENGINE=MyISAM DEFAULT CHARSET=utf8;

--
-- Daten für Tabelle `randshop_kundengruppenversandarten`
--


-- --------------------------------------------------------

--
-- Tabellenstruktur für Tabelle `randshop_kundengruppen_langu`
--

CREATE TABLE `randshop_kundengruppen_langu` (
  `kundengruppen_id` int(10) unsigned NOT NULL DEFAULT '0',
  `language_id` int(10) unsigned NOT NULL DEFAULT '0',
  `name` varchar(255) NOT NULL DEFAULT '',
  `beschreibung` text NOT NULL,
  PRIMARY KEY (`kundengruppen_id`,`language_id`)
) ENGINE=MyISAM DEFAULT CHARSET=utf8;

--
-- Daten für Tabelle `randshop_kundengruppen_langu`
--

INSERT INTO `randshop_kundengruppen_langu` VALUES(1, 1, 'Endkunde', 'Kundengruppe für Endkunden, Brutto Preise inkl. MwSt.');
INSERT INTO `randshop_kundengruppen_langu` VALUES(1, 2, 'end user', 'Customers for retail, prices including VAT');
INSERT INTO `randshop_kundengruppen_langu` VALUES(2, 1, 'Geschäftskunde', 'Kundengruppe für Geschäftskunden, Netto Preise zzgl. MwSt.');
INSERT INTO `randshop_kundengruppen_langu` VALUES(2, 2, 'business customer', 'Customers for businesses, prices excluding VAT');

-- --------------------------------------------------------

--
-- Tabellenstruktur für Tabelle `randshop_kundengruppen_override`
--

CREATE TABLE `randshop_kundengruppen_override` (
  `id` int(11) unsigned NOT NULL AUTO_INCREMENT,
  `rechnungsland_id` int(11) unsigned NOT NULL,
  `rechnungsland_is_laendergruppe` tinyint(1) unsigned NOT NULL,
  `lieferland_id` int(11) unsigned NOT NULL,
  `lieferland_is_laendergruppe` tinyint(1) unsigned NOT NULL,
  `ustid_vorhanden` tinyint(1) unsigned NOT NULL,
  `kundengruppe_id` int(11) unsigned NOT NULL,
  PRIMARY KEY (`id`)
) ENGINE=InnoDB  DEFAULT CHARSET=latin1 AUTO_INCREMENT=2 ;

--
-- Daten für Tabelle `randshop_kundengruppen_override`
--

INSERT INTO `randshop_kundengruppen_override` VALUES(1, 0, 0, 0, 0, 0, 0);

-- --------------------------------------------------------

--
-- Tabellenstruktur für Tabelle `randshop_kundenmailtyp`
--

CREATE TABLE `randshop_kundenmailtyp` (
  `kundenmailtypid` int(10) unsigned NOT NULL AUTO_INCREMENT,
  `sort` int(10) unsigned NOT NULL DEFAULT '0',
  `name` varchar(255) NOT NULL DEFAULT '',
  `standardzuweisung` tinyint(4) NOT NULL DEFAULT '0',
  PRIMARY KEY (`kundenmailtypid`)
) ENGINE=MyISAM  DEFAULT CHARSET=utf8 AUTO_INCREMENT=3 ;

--
-- Daten für Tabelle `randshop_kundenmailtyp`
--

INSERT INTO `randshop_kundenmailtyp` VALUES(1, 1, 'HTML', 1);
INSERT INTO `randshop_kundenmailtyp` VALUES(2, 2, 'Text', 0);

-- --------------------------------------------------------

--
-- Tabellenstruktur für Tabelle `randshop_kundenzahlungsmoral`
--

CREATE TABLE `randshop_kundenzahlungsmoral` (
  `kundenzahlungsmoralid` int(10) unsigned NOT NULL AUTO_INCREMENT,
  `sort` int(10) unsigned NOT NULL DEFAULT '0',
  `zahlungsmoral` varchar(255) NOT NULL DEFAULT '',
  `standardzuweisung` tinyint(4) NOT NULL DEFAULT '0',
  PRIMARY KEY (`kundenzahlungsmoralid`)
) ENGINE=MyISAM  DEFAULT CHARSET=utf8 AUTO_INCREMENT=4 ;

--
-- Daten für Tabelle `randshop_kundenzahlungsmoral`
--

INSERT INTO `randshop_kundenzahlungsmoral` VALUES(1, 3, 'Schlecht', 0);
INSERT INTO `randshop_kundenzahlungsmoral` VALUES(2, 2, 'Mittel', 0);
INSERT INTO `randshop_kundenzahlungsmoral` VALUES(3, 1, 'Gut', 1);

-- --------------------------------------------------------

--
-- Tabellenstruktur für Tabelle `randshop_kunden_download`
--

CREATE TABLE `randshop_kunden_download` (
  `id` int(10) unsigned NOT NULL AUTO_INCREMENT,
  `bestell_id` int(10) unsigned NOT NULL DEFAULT '0',
  `warenkorb_id` int(10) unsigned NOT NULL DEFAULT '0',
  `kunden_id` int(10) unsigned NOT NULL DEFAULT '0',
  `download_id` int(10) unsigned NOT NULL DEFAULT '0',
  `gueltig_von` datetime NOT NULL DEFAULT '0000-00-00 00:00:00',
  `gueltig_bis` datetime NOT NULL DEFAULT '0000-00-00 00:00:00',
  `gueltig` tinyint(1) unsigned NOT NULL DEFAULT '0',
  `downloads` int(10) unsigned NOT NULL DEFAULT '0',
  PRIMARY KEY (`id`)
) ENGINE=MyISAM DEFAULT CHARSET=utf8 AUTO_INCREMENT=1 ;

--
-- Daten für Tabelle `randshop_kunden_download`
--


-- --------------------------------------------------------

--
-- Tabellenstruktur für Tabelle `randshop_laendergruppe`
--

CREATE TABLE `randshop_laendergruppe` (
  `id` int(11) NOT NULL AUTO_INCREMENT,
  `name` varchar(255) NOT NULL DEFAULT '',
  `beschreibung` text NOT NULL,
  `allelaender` int(11) NOT NULL DEFAULT '0',
  PRIMARY KEY (`id`)
) ENGINE=MyISAM  DEFAULT CHARSET=utf8 AUTO_INCREMENT=9 ;

--
-- Daten für Tabelle `randshop_laendergruppe`
--

INSERT INTO `randshop_laendergruppe` VALUES(1, 'alle Länder', 'In dieser Ländergruppe sind immer alle Länder hinterlegt. Nutzen sie diese Ländergruppe um z.B. Zahlungsarten, die für jedes Land gültig sind, auf einmal allen Ländern zuzuordnen.', 1);
INSERT INTO `randshop_laendergruppe` VALUES(2, 'DHL Paket International - Zone 1', 'Diese Ländergruppe bildet die DHL Zone 1 für Europa ab \r\n(Stand 10.03.2010). \r\nDieser Ländergruppe können sie dann eine Versandart zuordnen, bei der sie dann die entsprechende Gewichtsstaffel hinterlegen können.\r\nBitte prüfen sie die Daten nochmals vor dem Einsatz auf der Website von DHL: http://www.dhl.de.', 0);
INSERT INTO `randshop_laendergruppe` VALUES(3, 'DHL Paket International - Zone 2', 'Diese Ländergruppe bildet die DHL Zone 2 für Europa ab \r\n(Stand 10.03.2010). \r\nDieser Ländergruppe können sie dann eine Versandart zuordnen, bei der sie dann die entsprechende Gewichtsstaffel hinterlegen können.\r\nBitte prüfen sie die Daten nochmals vor dem Einsatz auf der Website von DHL: http://www.dhl.de.', 0);
INSERT INTO `randshop_laendergruppe` VALUES(4, 'DPD CLASSIC - Zone A', 'Diese Ländergruppe bildet die DPD Zone A für Europa ab (Stand 10.03.2010). \r\nDieser Ländergruppe können sie dann eine Versandart zuordnen, bei der sie dann die entsprechende Gewichtsstaffel hinterlegen können.\r\nBitte prüfen sie die Daten nochmals vor dem Einsatz.', 0);
INSERT INTO `randshop_laendergruppe` VALUES(5, 'DPD CLASSIC - Zone B', 'Diese Ländergruppe bildet die DPD Zone B für Europa ab \r\n(Stand 10.03.2010). Dieser Ländergruppe können sie dann eine Versandart zuordnen, bei der sie dann die entsprechende Gewichtsstaffel hinterlegen können.\r\nBitte prüfen sie die Daten nochmals vor dem Einsatz.', 0);
INSERT INTO `randshop_laendergruppe` VALUES(6, 'DPD CLASSIC - Zone C', 'Diese Ländergruppe bildet die DPD Zone C für Europa ab \r\n(Stand 10.03.2010). Dieser Ländergruppe können sie dann eine Versandart zuordnen, bei der sie dann die entsprechende Gewichtsstaffel hinterlegen können.\r\nBitte prüfen sie die Daten nochmals vor dem Einsatz.', 0);
INSERT INTO `randshop_laendergruppe` VALUES(7, 'DPD CLASSIC - Zone D', 'Diese Ländergruppe bildet die DPD Zone D für Europa ab \r\n(Stand 10.03.2010). Dieser Ländergruppe können sie dann eine Versandart zuordnen, bei der sie dann die entsprechende Gewichtsstaffel hinterlegen können.\r\nBitte prüfen sie die Daten nochmals vor dem Einsatz.', 0);
INSERT INTO `randshop_laendergruppe` VALUES(8, 'DPD CLASSIC - Zone E', 'Diese Ländergruppe bildet die DPD Zone E für Europa ab \r\n(Stand 10.03.2010). Dieser Ländergruppe können sie dann eine Versandart zuordnen, bei der sie dann die entsprechende Gewichtsstaffel hinterlegen können.\r\nBitte prüfen sie die Daten nochmals vor dem Einsatz.', 0);

-- --------------------------------------------------------

--
-- Tabellenstruktur für Tabelle `randshop_laendergrupperelation`
--

CREATE TABLE `randshop_laendergrupperelation` (
  `landid` int(11) NOT NULL DEFAULT '0',
  `laendergruppeid` int(11) NOT NULL DEFAULT '0',
  PRIMARY KEY (`landid`,`laendergruppeid`)
) ENGINE=MyISAM DEFAULT CHARSET=utf8;

--
-- Daten für Tabelle `randshop_laendergrupperelation`
--

INSERT INTO `randshop_laendergrupperelation` VALUES(2, 2);
INSERT INTO `randshop_laendergrupperelation` VALUES(2, 4);
INSERT INTO `randshop_laendergrupperelation` VALUES(3, 3);
INSERT INTO `randshop_laendergrupperelation` VALUES(3, 5);
INSERT INTO `randshop_laendergrupperelation` VALUES(4, 2);
INSERT INTO `randshop_laendergrupperelation` VALUES(4, 4);
INSERT INTO `randshop_laendergrupperelation` VALUES(5, 2);
INSERT INTO `randshop_laendergrupperelation` VALUES(5, 7);
INSERT INTO `randshop_laendergrupperelation` VALUES(6, 2);
INSERT INTO `randshop_laendergrupperelation` VALUES(6, 8);
INSERT INTO `randshop_laendergrupperelation` VALUES(7, 2);
INSERT INTO `randshop_laendergrupperelation` VALUES(7, 4);
INSERT INTO `randshop_laendergrupperelation` VALUES(8, 2);
INSERT INTO `randshop_laendergrupperelation` VALUES(8, 5);
INSERT INTO `randshop_laendergrupperelation` VALUES(9, 2);
INSERT INTO `randshop_laendergrupperelation` VALUES(9, 7);
INSERT INTO `randshop_laendergrupperelation` VALUES(10, 2);
INSERT INTO `randshop_laendergrupperelation` VALUES(10, 6);
INSERT INTO `randshop_laendergrupperelation` VALUES(11, 2);
INSERT INTO `randshop_laendergrupperelation` VALUES(11, 7);
INSERT INTO `randshop_laendergrupperelation` VALUES(12, 2);
INSERT INTO `randshop_laendergrupperelation` VALUES(12, 8);
INSERT INTO `randshop_laendergrupperelation` VALUES(13, 2);
INSERT INTO `randshop_laendergrupperelation` VALUES(13, 6);
INSERT INTO `randshop_laendergrupperelation` VALUES(14, 2);
INSERT INTO `randshop_laendergrupperelation` VALUES(14, 7);
INSERT INTO `randshop_laendergrupperelation` VALUES(15, 2);
INSERT INTO `randshop_laendergrupperelation` VALUES(15, 8);
INSERT INTO `randshop_laendergrupperelation` VALUES(16, 2);
INSERT INTO `randshop_laendergrupperelation` VALUES(16, 7);
INSERT INTO `randshop_laendergrupperelation` VALUES(17, 2);
INSERT INTO `randshop_laendergrupperelation` VALUES(17, 6);
INSERT INTO `randshop_laendergrupperelation` VALUES(18, 2);
INSERT INTO `randshop_laendergrupperelation` VALUES(18, 6);
INSERT INTO `randshop_laendergrupperelation` VALUES(19, 2);
INSERT INTO `randshop_laendergrupperelation` VALUES(19, 7);
INSERT INTO `randshop_laendergrupperelation` VALUES(20, 2);
INSERT INTO `randshop_laendergrupperelation` VALUES(20, 6);
INSERT INTO `randshop_laendergrupperelation` VALUES(21, 2);
INSERT INTO `randshop_laendergrupperelation` VALUES(21, 6);
INSERT INTO `randshop_laendergrupperelation` VALUES(22, 2);
INSERT INTO `randshop_laendergrupperelation` VALUES(22, 7);
INSERT INTO `randshop_laendergrupperelation` VALUES(23, 2);
INSERT INTO `randshop_laendergrupperelation` VALUES(23, 7);
INSERT INTO `randshop_laendergrupperelation` VALUES(24, 2);
INSERT INTO `randshop_laendergrupperelation` VALUES(24, 6);
INSERT INTO `randshop_laendergrupperelation` VALUES(25, 2);
INSERT INTO `randshop_laendergrupperelation` VALUES(25, 7);
INSERT INTO `randshop_laendergrupperelation` VALUES(26, 2);
INSERT INTO `randshop_laendergrupperelation` VALUES(26, 6);
INSERT INTO `randshop_laendergrupperelation` VALUES(27, 2);
INSERT INTO `randshop_laendergrupperelation` VALUES(27, 4);
INSERT INTO `randshop_laendergrupperelation` VALUES(28, 2);
INSERT INTO `randshop_laendergrupperelation` VALUES(28, 6);
INSERT INTO `randshop_laendergrupperelation` VALUES(29, 2);
INSERT INTO `randshop_laendergrupperelation` VALUES(29, 7);
INSERT INTO `randshop_laendergrupperelation` VALUES(30, 3);
INSERT INTO `randshop_laendergrupperelation` VALUES(31, 3);
INSERT INTO `randshop_laendergrupperelation` VALUES(32, 3);
INSERT INTO `randshop_laendergrupperelation` VALUES(32, 7);
INSERT INTO `randshop_laendergrupperelation` VALUES(33, 3);
INSERT INTO `randshop_laendergrupperelation` VALUES(33, 7);
INSERT INTO `randshop_laendergrupperelation` VALUES(34, 3);
INSERT INTO `randshop_laendergrupperelation` VALUES(34, 5);
INSERT INTO `randshop_laendergrupperelation` VALUES(35, 3);
INSERT INTO `randshop_laendergrupperelation` VALUES(36, 3);
INSERT INTO `randshop_laendergrupperelation` VALUES(37, 3);
INSERT INTO `randshop_laendergrupperelation` VALUES(37, 7);
INSERT INTO `randshop_laendergrupperelation` VALUES(38, 3);
INSERT INTO `randshop_laendergrupperelation` VALUES(38, 7);
INSERT INTO `randshop_laendergrupperelation` VALUES(39, 3);
INSERT INTO `randshop_laendergrupperelation` VALUES(39, 7);
INSERT INTO `randshop_laendergrupperelation` VALUES(40, 3);
INSERT INTO `randshop_laendergrupperelation` VALUES(40, 8);
INSERT INTO `randshop_laendergrupperelation` VALUES(41, 3);
INSERT INTO `randshop_laendergrupperelation` VALUES(41, 8);
INSERT INTO `randshop_laendergrupperelation` VALUES(42, 3);
INSERT INTO `randshop_laendergrupperelation` VALUES(42, 8);
INSERT INTO `randshop_laendergrupperelation` VALUES(43, 3);
INSERT INTO `randshop_laendergrupperelation` VALUES(43, 7);
INSERT INTO `randshop_laendergrupperelation` VALUES(44, 3);
INSERT INTO `randshop_laendergrupperelation` VALUES(45, 3);
INSERT INTO `randshop_laendergrupperelation` VALUES(46, 3);
INSERT INTO `randshop_laendergrupperelation` VALUES(47, 3);
INSERT INTO `randshop_laendergrupperelation` VALUES(48, 3);
INSERT INTO `randshop_laendergrupperelation` VALUES(48, 8);
INSERT INTO `randshop_laendergrupperelation` VALUES(49, 3);
INSERT INTO `randshop_laendergrupperelation` VALUES(50, 3);
INSERT INTO `randshop_laendergrupperelation` VALUES(51, 3);
INSERT INTO `randshop_laendergrupperelation` VALUES(51, 7);
INSERT INTO `randshop_laendergrupperelation` VALUES(52, 3);
INSERT INTO `randshop_laendergrupperelation` VALUES(52, 7);
INSERT INTO `randshop_laendergrupperelation` VALUES(53, 3);
INSERT INTO `randshop_laendergrupperelation` VALUES(54, 3);

-- --------------------------------------------------------

--
-- Tabellenstruktur für Tabelle `randshop_lagerbuch`
--

CREATE TABLE `randshop_lagerbuch` (
  `lagerbuch_id` int(11) NOT NULL AUTO_INCREMENT,
  `lagerbuch_vorgangs_id` int(10) unsigned NOT NULL,
  `artikel_id` int(11) NOT NULL,
  `artikel_nr` varchar(30) NOT NULL,
  `bestellnummer` varchar(255) NOT NULL,
  `artikel_name` varchar(255) NOT NULL,
  `buchungs_datum` datetime NOT NULL,
  `buchungs_menge` int(11) NOT NULL,
  `buchungs_verbrauch` int(10) unsigned NOT NULL,
  `buchungs_preis` decimal(12,2) NOT NULL,
  `buchungs_type` tinyint(3) unsigned NOT NULL,
  `parent_lagerbuch_id` int(10) unsigned NOT NULL,
  `bestell_id` int(11) NOT NULL,
  `warenkorb_id` int(10) unsigned NOT NULL,
  `bemerkung` varchar(255) NOT NULL,
  PRIMARY KEY (`lagerbuch_id`)
) ENGINE=MyISAM  DEFAULT CHARSET=latin1 AUTO_INCREMENT=2 ;

--
-- Daten für Tabelle `randshop_lagerbuch`
--

INSERT INTO `randshop_lagerbuch` VALUES(1, 1, 3, '0003', '', 'Jacke Fake Fur', '2013-11-27 18:08:12', 3, 0, 0.00, 1, 0, 0, 0, 'Wareneinkauf');

-- --------------------------------------------------------

--
-- Tabellenstruktur für Tabelle `randshop_land`
--

CREATE TABLE `randshop_land` (
  `id` int(2) unsigned NOT NULL AUTO_INCREMENT,
  `isocode` varchar(15) NOT NULL DEFAULT '',
  `standardland` tinyint(1) unsigned NOT NULL,
  `haeufigelaender` tinyint(1) unsigned NOT NULL,
  `sort` int(2) unsigned NOT NULL,
  `aktiv` tinyint(3) unsigned NOT NULL,
  `isocode_3166` varchar(3) NOT NULL,
  `bundesstaatenliste` int(11) unsigned NOT NULL,
  PRIMARY KEY (`id`)
) ENGINE=MyISAM  DEFAULT CHARSET=utf8 AUTO_INCREMENT=55 ;

--
-- Daten für Tabelle `randshop_land`
--

INSERT INTO `randshop_land` VALUES(1, 'DE', 1, 1, 0, 1, '280', 0);
INSERT INTO `randshop_land` VALUES(2, 'AT', 0, 1, 0, 1, '', 0);
INSERT INTO `randshop_land` VALUES(3, 'CH', 0, 1, 0, 1, '', 0);
INSERT INTO `randshop_land` VALUES(4, 'BE', 0, 0, 0, 0, '', 0);
INSERT INTO `randshop_land` VALUES(5, 'MC', 0, 0, 0, 0, '', 0);
INSERT INTO `randshop_land` VALUES(6, 'BG', 0, 0, 0, 0, '', 0);
INSERT INTO `randshop_land` VALUES(7, 'NL', 0, 0, 0, 0, '', 0);
INSERT INTO `randshop_land` VALUES(8, 'DK', 0, 0, 0, 0, '', 0);
INSERT INTO `randshop_land` VALUES(9, 'EE', 0, 0, 0, 0, '', 0);
INSERT INTO `randshop_land` VALUES(10, 'PL', 0, 0, 0, 0, '', 0);
INSERT INTO `randshop_land` VALUES(11, 'FI', 0, 0, 0, 0, '', 0);
INSERT INTO `randshop_land` VALUES(12, 'PT', 0, 0, 0, 0, '', 0);
INSERT INTO `randshop_land` VALUES(13, 'FR', 0, 0, 0, 0, '', 0);
INSERT INTO `randshop_land` VALUES(14, 'RO', 0, 0, 0, 0, '', 0);
INSERT INTO `randshop_land` VALUES(15, 'GR', 0, 0, 0, 0, '', 0);
INSERT INTO `randshop_land` VALUES(16, 'SE', 0, 0, 0, 0, '', 0);
INSERT INTO `randshop_land` VALUES(17, 'GB', 0, 0, 0, 0, '', 0);
INSERT INTO `randshop_land` VALUES(18, 'SK', 0, 0, 0, 0, '', 0);
INSERT INTO `randshop_land` VALUES(19, 'IE', 0, 0, 0, 0, '', 0);
INSERT INTO `randshop_land` VALUES(20, 'SI', 0, 0, 0, 0, '', 0);
INSERT INTO `randshop_land` VALUES(21, 'IT', 0, 0, 0, 0, '', 0);
INSERT INTO `randshop_land` VALUES(22, 'ES', 0, 0, 0, 0, '', 0);
INSERT INTO `randshop_land` VALUES(23, 'LV', 0, 0, 0, 0, '', 0);
INSERT INTO `randshop_land` VALUES(24, 'CZ', 0, 0, 0, 0, '', 0);
INSERT INTO `randshop_land` VALUES(25, 'LT', 0, 0, 0, 0, '', 0);
INSERT INTO `randshop_land` VALUES(26, 'HU', 0, 0, 0, 0, '', 0);
INSERT INTO `randshop_land` VALUES(27, 'LU', 0, 0, 0, 0, '', 0);
INSERT INTO `randshop_land` VALUES(28, 'CY', 0, 0, 0, 0, '', 0);
INSERT INTO `randshop_land` VALUES(29, 'MT', 0, 0, 0, 0, '', 0);
INSERT INTO `randshop_land` VALUES(30, 'AX', 0, 0, 0, 0, '', 0);
INSERT INTO `randshop_land` VALUES(31, 'AD', 0, 0, 0, 0, '', 0);
INSERT INTO `randshop_land` VALUES(32, 'HR', 0, 0, 0, 0, '', 0);
INSERT INTO `randshop_land` VALUES(33, 'AL', 0, 0, 0, 0, '', 0);
INSERT INTO `randshop_land` VALUES(34, 'LI', 0, 0, 0, 0, '', 0);
INSERT INTO `randshop_land` VALUES(35, 'AM', 0, 0, 0, 0, '', 0);
INSERT INTO `randshop_land` VALUES(36, 'AZ', 0, 0, 0, 0, '', 0);
INSERT INTO `randshop_land` VALUES(37, 'MK', 0, 0, 0, 0, '', 0);
INSERT INTO `randshop_land` VALUES(38, 'BY', 0, 0, 0, 0, '', 0);
INSERT INTO `randshop_land` VALUES(39, 'MD', 0, 0, 0, 0, '', 0);
INSERT INTO `randshop_land` VALUES(40, 'BA', 0, 0, 0, 0, '', 0);
INSERT INTO `randshop_land` VALUES(41, 'ME', 0, 0, 0, 0, '', 0);
INSERT INTO `randshop_land` VALUES(42, 'NO', 0, 0, 0, 0, '', 0);
INSERT INTO `randshop_land` VALUES(43, 'RU', 0, 0, 0, 0, '', 0);
INSERT INTO `randshop_land` VALUES(44, 'FO', 0, 0, 0, 0, '', 0);
INSERT INTO `randshop_land` VALUES(45, 'SM', 0, 0, 0, 0, '', 0);
INSERT INTO `randshop_land` VALUES(46, 'GE', 0, 0, 0, 0, '', 0);
INSERT INTO `randshop_land` VALUES(47, 'GI', 0, 0, 0, 0, '', 0);
INSERT INTO `randshop_land` VALUES(48, 'RS', 0, 0, 0, 0, '', 0);
INSERT INTO `randshop_land` VALUES(49, 'GL', 0, 0, 0, 0, '', 0);
INSERT INTO `randshop_land` VALUES(50, 'TR', 0, 0, 0, 0, '', 0);
INSERT INTO `randshop_land` VALUES(51, 'IS', 0, 0, 0, 0, '', 0);
INSERT INTO `randshop_land` VALUES(52, 'UA', 0, 0, 0, 0, '', 0);
INSERT INTO `randshop_land` VALUES(53, 'VA', 0, 0, 0, 0, '', 0);
INSERT INTO `randshop_land` VALUES(54, 'KZ', 0, 0, 0, 0, '', 0);

-- --------------------------------------------------------

--
-- Tabellenstruktur für Tabelle `randshop_land_langu`
--

CREATE TABLE `randshop_land_langu` (
  `land_id` int(10) unsigned NOT NULL DEFAULT '0',
  `language_id` int(10) unsigned NOT NULL DEFAULT '0',
  `name` varchar(255) NOT NULL DEFAULT '',
  PRIMARY KEY (`land_id`,`language_id`)
) ENGINE=MyISAM DEFAULT CHARSET=utf8;

--
-- Daten für Tabelle `randshop_land_langu`
--

INSERT INTO `randshop_land_langu` VALUES(1, 1, 'Deutschland');
INSERT INTO `randshop_land_langu` VALUES(2, 1, 'Österreich');
INSERT INTO `randshop_land_langu` VALUES(3, 1, 'Schweiz');
INSERT INTO `randshop_land_langu` VALUES(4, 1, 'Belgien');
INSERT INTO `randshop_land_langu` VALUES(5, 1, 'Monaco');
INSERT INTO `randshop_land_langu` VALUES(6, 1, 'Bulgarien');
INSERT INTO `randshop_land_langu` VALUES(7, 1, 'Niederlande');
INSERT INTO `randshop_land_langu` VALUES(8, 1, 'Dänemark');
INSERT INTO `randshop_land_langu` VALUES(9, 1, 'Estland');
INSERT INTO `randshop_land_langu` VALUES(10, 1, 'Polen');
INSERT INTO `randshop_land_langu` VALUES(11, 1, 'Finnland');
INSERT INTO `randshop_land_langu` VALUES(12, 1, 'Portugal');
INSERT INTO `randshop_land_langu` VALUES(13, 1, 'Frankreich');
INSERT INTO `randshop_land_langu` VALUES(14, 1, 'Rumänien');
INSERT INTO `randshop_land_langu` VALUES(15, 1, 'Griechenland');
INSERT INTO `randshop_land_langu` VALUES(16, 1, 'Schweden');
INSERT INTO `randshop_land_langu` VALUES(17, 1, 'Großbritannien');
INSERT INTO `randshop_land_langu` VALUES(18, 1, 'Slowakei');
INSERT INTO `randshop_land_langu` VALUES(19, 1, 'Irland');
INSERT INTO `randshop_land_langu` VALUES(20, 1, 'Slowenien');
INSERT INTO `randshop_land_langu` VALUES(21, 1, 'Italien');
INSERT INTO `randshop_land_langu` VALUES(22, 1, 'Spanien');
INSERT INTO `randshop_land_langu` VALUES(23, 1, 'Lettland');
INSERT INTO `randshop_land_langu` VALUES(24, 1, 'Tschechische Republik');
INSERT INTO `randshop_land_langu` VALUES(25, 1, 'Litauen');
INSERT INTO `randshop_land_langu` VALUES(26, 1, 'Ungarn');
INSERT INTO `randshop_land_langu` VALUES(27, 1, 'Luxemburg');
INSERT INTO `randshop_land_langu` VALUES(28, 1, 'Zypern');
INSERT INTO `randshop_land_langu` VALUES(29, 1, 'Malta');
INSERT INTO `randshop_land_langu` VALUES(30, 1, 'Älandinseln (Finnland)');
INSERT INTO `randshop_land_langu` VALUES(31, 1, 'Andorra');
INSERT INTO `randshop_land_langu` VALUES(32, 1, 'Kroatien');
INSERT INTO `randshop_land_langu` VALUES(33, 1, 'Albanien');
INSERT INTO `randshop_land_langu` VALUES(34, 1, 'Lichtenstein');
INSERT INTO `randshop_land_langu` VALUES(35, 1, 'Armenien');
INSERT INTO `randshop_land_langu` VALUES(36, 1, 'Aserbaidschan');
INSERT INTO `randshop_land_langu` VALUES(37, 1, 'Mazedonien');
INSERT INTO `randshop_land_langu` VALUES(38, 1, 'Belarus (Weißrussland)');
INSERT INTO `randshop_land_langu` VALUES(39, 1, 'Moldawien');
INSERT INTO `randshop_land_langu` VALUES(40, 1, 'Bosnien-Herzegovina');
INSERT INTO `randshop_land_langu` VALUES(41, 1, 'Montenegro');
INSERT INTO `randshop_land_langu` VALUES(42, 1, 'Norwegen');
INSERT INTO `randshop_land_langu` VALUES(43, 1, 'Russische Föderation');
INSERT INTO `randshop_land_langu` VALUES(44, 1, 'Färöer-Inseln (Dänemark)');
INSERT INTO `randshop_land_langu` VALUES(45, 1, 'San Marino');
INSERT INTO `randshop_land_langu` VALUES(46, 1, 'Georgien');
INSERT INTO `randshop_land_langu` VALUES(47, 1, 'Gibraltar (Großbritannien)');
INSERT INTO `randshop_land_langu` VALUES(48, 1, 'Serbien');
INSERT INTO `randshop_land_langu` VALUES(49, 1, 'Grönland (Dänemark)');
INSERT INTO `randshop_land_langu` VALUES(50, 1, 'Türkei');
INSERT INTO `randshop_land_langu` VALUES(51, 1, 'Island');
INSERT INTO `randshop_land_langu` VALUES(52, 1, 'Ukraine');
INSERT INTO `randshop_land_langu` VALUES(53, 1, 'Vatikanstadt');
INSERT INTO `randshop_land_langu` VALUES(54, 1, 'Kasachstan');

-- --------------------------------------------------------

--
-- Tabellenstruktur für Tabelle `randshop_languages`
--

CREATE TABLE `randshop_languages` (
  `language_id` int(10) unsigned NOT NULL AUTO_INCREMENT,
  `language_isocode` varchar(255) NOT NULL DEFAULT '',
  `language_name` varchar(255) NOT NULL DEFAULT '',
  `language_active` tinyint(1) unsigned NOT NULL DEFAULT '0',
  `language_standard` tinyint(1) unsigned NOT NULL DEFAULT '0',
  `language_image_shop` varchar(255) NOT NULL DEFAULT '',
  `language_image_shop_width` int(10) unsigned NOT NULL DEFAULT '0',
  `language_image_shop_height` int(10) unsigned NOT NULL DEFAULT '0',
  `language_image_admintool_active` varchar(255) NOT NULL DEFAULT '',
  `language_image_admintool_active_width` int(10) unsigned NOT NULL DEFAULT '0',
  `language_image_admintool_active_height` int(10) unsigned NOT NULL DEFAULT '0',
  `language_image_admintool_inactive` varchar(255) NOT NULL DEFAULT '',
  `language_image_admintool_inactive_width` int(10) unsigned NOT NULL DEFAULT '0',
  `language_image_admintool_inactive_height` int(10) unsigned NOT NULL DEFAULT '0',
  `url_name` varchar(255) NOT NULL,
  `url_name_vorgabe` varchar(255) NOT NULL,
  `locale` varchar(10) DEFAULT NULL,
  PRIMARY KEY (`language_id`)
) ENGINE=MyISAM  DEFAULT CHARSET=utf8 AUTO_INCREMENT=5 ;

--
-- Daten für Tabelle `randshop_languages`
--

INSERT INTO `randshop_languages` VALUES(1, 'de', 'Deutsch', 1, 1, 'language_0000001_s.gif', 21, 13, 'language_0000001_aa.gif', 21, 13, 'language_0000001_ai.gif', 21, 13, 'de', '', NULL);
INSERT INTO `randshop_languages` VALUES(2, 'en', 'Englisch', 1, 0, 'language_0000002_s.gif', 21, 13, 'language_0000002_aa.gif', 21, 13, 'language_0000002_ai.gif', 21, 13, 'en', '', NULL);

-- --------------------------------------------------------

--
-- Tabellenstruktur für Tabelle `randshop_layout`
--

CREATE TABLE `randshop_layout` (
  `id` int(1) unsigned NOT NULL DEFAULT '0',
  `tabellen_breite` varchar(6) NOT NULL DEFAULT '',
  `tabellen_hoehe` int(4) NOT NULL DEFAULT '0',
  `back1` varchar(7) NOT NULL DEFAULT '',
  `back2` varchar(7) NOT NULL DEFAULT '',
  `back3` varchar(7) NOT NULL DEFAULT '',
  `schrift_art` varchar(150) NOT NULL DEFAULT '',
  `schriftfarb1` varchar(7) NOT NULL DEFAULT '',
  `schriftfarb2` varchar(10) NOT NULL DEFAULT '',
  `schriftfarb3` varchar(10) NOT NULL DEFAULT '',
  `schriftfarb4` varchar(10) NOT NULL DEFAULT '',
  `schriftfarb5` varchar(10) NOT NULL DEFAULT '',
  `schriftfarb6` varchar(10) NOT NULL DEFAULT '',
  `schriftgr1` int(2) NOT NULL DEFAULT '0',
  `schriftgr2` int(2) NOT NULL DEFAULT '0',
  `schriftgr3` int(2) NOT NULL DEFAULT '0',
  `schriftgr4` int(2) NOT NULL DEFAULT '0',
  PRIMARY KEY (`id`)
) ENGINE=MyISAM DEFAULT CHARSET=utf8;

--
-- Daten für Tabelle `randshop_layout`
--

INSERT INTO `randshop_layout` VALUES(1, '100%', 550, '#ffffff', '#BFC8D4', '#edeff1', 'verdana,arial,helvetica,sans serif', '#545570', '#000000', '#ff8000', '#545570', '#545570', '', 11, 10, 13, 10);

-- --------------------------------------------------------

--
-- Tabellenstruktur für Tabelle `randshop_lieferanten_artikel_statistik`
--

CREATE TABLE `randshop_lieferanten_artikel_statistik` (
  `artikel_id` int(11) NOT NULL,
  `artikel_nr` varchar(30) NOT NULL,
  `artikel_name` varchar(255) NOT NULL,
  `artikel_bestellnummer` varchar(50) NOT NULL,
  `ek_menge` int(11) NOT NULL,
  `ek_summe` decimal(12,2) NOT NULL,
  `ek_avg` decimal(12,2) NOT NULL,
  `vk_menge` int(11) NOT NULL,
  `vk_summe` decimal(12,2) NOT NULL,
  `vk_avg` decimal(12,2) NOT NULL,
  `gewinn_prozent` decimal(12,2) NOT NULL,
  `gewinn_absolut` decimal(12,2) NOT NULL,
  PRIMARY KEY (`artikel_id`)
) ENGINE=MyISAM DEFAULT CHARSET=latin1;

--
-- Daten für Tabelle `randshop_lieferanten_artikel_statistik`
--


-- --------------------------------------------------------

--
-- Tabellenstruktur für Tabelle `randshop_lieferstatus`
--

CREATE TABLE `randshop_lieferstatus` (
  `id` int(11) NOT NULL AUTO_INCREMENT,
  `sort` int(11) NOT NULL DEFAULT '0',
  `nichtauflager` int(11) NOT NULL DEFAULT '0',
  `standard` tinyint(1) unsigned NOT NULL DEFAULT '0',
  `verkaufstop` tinyint(1) NOT NULL DEFAULT '0',
  `language_independent` tinyint(1) unsigned NOT NULL DEFAULT '0',
  `imagesmall` varchar(255) NOT NULL DEFAULT '',
  PRIMARY KEY (`id`)
) ENGINE=MyISAM  DEFAULT CHARSET=utf8 AUTO_INCREMENT=4 ;

--
-- Daten für Tabelle `randshop_lieferstatus`
--

INSERT INTO `randshop_lieferstatus` VALUES(1, 1, 2, 1, 0, 0, 'lieferstatus_s_00001.gif');
INSERT INTO `randshop_lieferstatus` VALUES(2, 2, 0, 0, 0, 0, 'lieferstatus_s_00002.gif');
INSERT INTO `randshop_lieferstatus` VALUES(3, 3, 0, 0, 0, 0, 'lieferstatus_s_00003.gif');

-- --------------------------------------------------------

--
-- Tabellenstruktur für Tabelle `randshop_lieferstatus_langu`
--

CREATE TABLE `randshop_lieferstatus_langu` (
  `lieferstatus_id` int(10) unsigned NOT NULL DEFAULT '0',
  `language_id` int(10) unsigned NOT NULL DEFAULT '0',
  `name` varchar(255) NOT NULL DEFAULT '',
  `image` varchar(255) NOT NULL DEFAULT '',
  `beschreibung` text NOT NULL,
  KEY `lieferstatus_id` (`lieferstatus_id`)
) ENGINE=MyISAM DEFAULT CHARSET=utf8;

--
-- Daten für Tabelle `randshop_lieferstatus_langu`
--

INSERT INTO `randshop_lieferstatus_langu` VALUES(1, 1, 'Lieferbar', 'lieferstatus_00001_1.gif', 'Beschreibung zum Lieferstatus');
INSERT INTO `randshop_lieferstatus_langu` VALUES(2, 1, 'Lieferbar in 3-4 Tagen', 'lieferstatus_00002_1.gif', 'Beschreibung zum Lieferstatus');
INSERT INTO `randshop_lieferstatus_langu` VALUES(3, 1, 'Lieferbar in 2-3 Wochen', 'lieferstatus_00003_1.gif', 'Beschreibung zum Lieferstatus');

-- --------------------------------------------------------

--
-- Tabellenstruktur für Tabelle `randshop_mail_log`
--

CREATE TABLE `randshop_mail_log` (
  `log_id` int(11) unsigned NOT NULL AUTO_INCREMENT,
  `e_mail` varchar(150) COLLATE utf8_unicode_ci NOT NULL,
  `bestell_id` int(11) unsigned NOT NULL,
  `session` varchar(50) COLLATE utf8_unicode_ci NOT NULL,
  `kunden_id` int(11) unsigned NOT NULL,
  `maildatum` datetime NOT NULL,
  `ip` varchar(20) COLLATE utf8_unicode_ci NOT NULL,
  `datei` varchar(50) COLLATE utf8_unicode_ci NOT NULL,
  `typ` tinyint(1) NOT NULL,
  `betreff` varchar(100) COLLATE utf8_unicode_ci NOT NULL,
  PRIMARY KEY (`log_id`),
  KEY `bestell_id` (`bestell_id`),
  KEY `kunden_id` (`kunden_id`),
  KEY `session` (`session`),
  KEY `e_mail` (`e_mail`)
) ENGINE=MyISAM DEFAULT CHARSET=utf8 COLLATE=utf8_unicode_ci AUTO_INCREMENT=1 ;

--
-- Daten für Tabelle `randshop_mail_log`
--


-- --------------------------------------------------------

--
-- Tabellenstruktur für Tabelle `randshop_merkmalauswahl`
--

CREATE TABLE `randshop_merkmalauswahl` (
  `artikelid` int(11) NOT NULL DEFAULT '0',
  `variantenid` int(10) unsigned NOT NULL DEFAULT '0',
  `merkmalid` int(10) unsigned NOT NULL DEFAULT '0',
  `selected` tinyint(4) NOT NULL DEFAULT '0',
  PRIMARY KEY (`artikelid`,`variantenid`,`merkmalid`)
) ENGINE=MyISAM DEFAULT CHARSET=utf8;

--
-- Daten für Tabelle `randshop_merkmalauswahl`
--

INSERT INTO `randshop_merkmalauswahl` VALUES(11, 2, 6, 0);
INSERT INTO `randshop_merkmalauswahl` VALUES(11, 2, 5, 0);
INSERT INTO `randshop_merkmalauswahl` VALUES(11, 2, 4, 0);
INSERT INTO `randshop_merkmalauswahl` VALUES(11, 2, 3, 0);
INSERT INTO `randshop_merkmalauswahl` VALUES(11, 1, 11, 0);
INSERT INTO `randshop_merkmalauswahl` VALUES(11, 1, 10, 0);
INSERT INTO `randshop_merkmalauswahl` VALUES(11, 1, 9, 0);
INSERT INTO `randshop_merkmalauswahl` VALUES(11, 1, 8, 0);
INSERT INTO `randshop_merkmalauswahl` VALUES(11, 1, 7, 0);

-- --------------------------------------------------------

--
-- Tabellenstruktur für Tabelle `randshop_mwst`
--

CREATE TABLE `randshop_mwst` (
  `id` int(2) unsigned NOT NULL AUTO_INCREMENT,
  `mwst` decimal(12,2) NOT NULL DEFAULT '0.00',
  `standard` tinyint(1) unsigned NOT NULL DEFAULT '0',
  PRIMARY KEY (`id`)
) ENGINE=MyISAM  DEFAULT CHARSET=utf8 AUTO_INCREMENT=5 ;

--
-- Daten für Tabelle `randshop_mwst`
--

INSERT INTO `randshop_mwst` VALUES(1, 19.00, 1);
INSERT INTO `randshop_mwst` VALUES(2, 7.00, 0);

-- --------------------------------------------------------

--
-- Tabellenstruktur für Tabelle `randshop_news`
--

CREATE TABLE `randshop_news` (
  `id` int(5) unsigned NOT NULL AUTO_INCREMENT,
  `datum` datetime NOT NULL DEFAULT '0000-00-00 00:00:00',
  `aktiv` int(1) NOT NULL DEFAULT '0',
  `language_independent` tinyint(1) unsigned NOT NULL,
  PRIMARY KEY (`id`)
) ENGINE=MyISAM  DEFAULT CHARSET=utf8 AUTO_INCREMENT=2 ;

--
-- Daten für Tabelle `randshop_news`
--

INSERT INTO `randshop_news` VALUES(1, '2013-06-19 12:46:43', 1, 0);

--
-- Daten für Tabelle `randshop_newsletter`
--


-- --------------------------------------------------------

--
-- Tabellenstruktur für Tabelle `randshop_newsletter_archive`
--

CREATE TABLE `randshop_newsletter_archive` (
  `id` int(6) unsigned NOT NULL AUTO_INCREMENT,
  `betreff` varchar(150) NOT NULL DEFAULT '',
  `text` longtext NOT NULL,
  `datum` datetime NOT NULL DEFAULT '0000-00-00 00:00:00',
  `datum_verschickt` datetime NOT NULL DEFAULT '0000-00-00 00:00:00',
  `status` int(1) unsigned NOT NULL DEFAULT '0',
  `template` varchar(255) NOT NULL DEFAULT '',
  `newslettertype` tinyint(3) unsigned NOT NULL DEFAULT '0',
  `kundengruppen_id` int(10) unsigned NOT NULL DEFAULT '0',
  `gutscheinaktion_id` int(10) unsigned DEFAULT NULL,
  `gutschein_platzhalter` varchar(20) DEFAULT NULL,
  PRIMARY KEY (`id`)
) ENGINE=MyISAM DEFAULT CHARSET=utf8 AUTO_INCREMENT=1 ;

--
-- Daten für Tabelle `randshop_newsletter_archive`
--


-- --------------------------------------------------------

--
-- Tabellenstruktur für Tabelle `randshop_newsletter_archive_beitrag`
--

CREATE TABLE `randshop_newsletter_archive_beitrag` (
  `newsletter_beitrag_id` int(10) unsigned NOT NULL AUTO_INCREMENT,
  `newsletter_id` int(10) unsigned NOT NULL DEFAULT '0',
  `language_independent` tinyint(3) unsigned NOT NULL DEFAULT '0',
  `artikel_id` int(10) unsigned NOT NULL DEFAULT '0',
  `sort` int(10) unsigned NOT NULL DEFAULT '0',
  PRIMARY KEY (`newsletter_beitrag_id`)
) ENGINE=MyISAM DEFAULT CHARSET=utf8 AUTO_INCREMENT=1 ;

--
-- Daten für Tabelle `randshop_newsletter_archive_beitrag`
--


-- --------------------------------------------------------

--
-- Tabellenstruktur für Tabelle `randshop_newsletter_archive_beitrag_langu`
--

CREATE TABLE `randshop_newsletter_archive_beitrag_langu` (
  `newsletter_beitrag_id` int(10) unsigned NOT NULL DEFAULT '0',
  `language_id` int(10) unsigned NOT NULL DEFAULT '0',
  `ueberschrift` varchar(255) NOT NULL DEFAULT '',
  `text` text NOT NULL,
  `image` varchar(255) NOT NULL DEFAULT '',
  `link` varchar(255) NOT NULL,
  PRIMARY KEY (`newsletter_beitrag_id`,`language_id`)
) ENGINE=MyISAM DEFAULT CHARSET=utf8;

--
-- Daten für Tabelle `randshop_newsletter_archive_beitrag_langu`
--


-- --------------------------------------------------------

--
-- Tabellenstruktur für Tabelle `randshop_newsletter_archive_langu`
--

CREATE TABLE `randshop_newsletter_archive_langu` (
  `newsletter_id` int(10) unsigned NOT NULL DEFAULT '0',
  `language_id` int(10) unsigned NOT NULL DEFAULT '0',
  `betreff` varchar(255) NOT NULL DEFAULT '',
  PRIMARY KEY (`newsletter_id`)
) ENGINE=MyISAM DEFAULT CHARSET=utf8;

--
-- Daten für Tabelle `randshop_newsletter_archive_langu`
--


-- --------------------------------------------------------

--
-- Tabellenstruktur für Tabelle `randshop_newsletter_verschickt`
--

CREATE TABLE `randshop_newsletter_verschickt` (
  `newsletter_id` int(10) unsigned NOT NULL DEFAULT '0',
  `newsletter_kunden_id` int(10) unsigned NOT NULL DEFAULT '0',
  `status` tinyint(1) unsigned NOT NULL DEFAULT '0',
  `datum_verschickt` datetime NOT NULL DEFAULT '0000-00-00 00:00:00',
  `versuche` tinyint(4) NOT NULL DEFAULT '0',
  `kunden_id` int(11) NOT NULL DEFAULT '0',
  `email` varchar(255) NOT NULL DEFAULT '',
  `language_id` int(10) unsigned NOT NULL,
  PRIMARY KEY (`newsletter_id`,`newsletter_kunden_id`),
  KEY `status` (`status`)
) ENGINE=MyISAM DEFAULT CHARSET=utf8;

--
-- Daten für Tabelle `randshop_newsletter_verschickt`
--


-- --------------------------------------------------------

--
-- Tabellenstruktur für Tabelle `randshop_news_langu`
--

CREATE TABLE `randshop_news_langu` (
  `news_id` int(10) unsigned NOT NULL,
  `language_id` int(10) unsigned NOT NULL,
  `headline` varchar(255) NOT NULL,
  `bigImage` varchar(255) NOT NULL,
  `textEintrag` text NOT NULL,
  PRIMARY KEY (`news_id`,`language_id`)
) ENGINE=MyISAM DEFAULT CHARSET=utf8;

--
-- Daten für Tabelle `randshop_news_langu`
--

INSERT INTO `randshop_news_langu` VALUES(1, 1, 'Eine Testnews', '', '<p>\r\n	Eine Testnews mit ein wenig Inhalt.</p>\r\n');

-- --------------------------------------------------------

--
-- Tabellenstruktur für Tabelle `randshop_paketnummer`
--

CREATE TABLE `randshop_paketnummer` (
  `paket_id` int(11) unsigned NOT NULL AUTO_INCREMENT,
  `paket_url` varchar(150) NOT NULL DEFAULT '',
  `paketnummer` varchar(150) NOT NULL DEFAULT '',
  PRIMARY KEY (`paket_id`)
) ENGINE=MyISAM DEFAULT CHARSET=utf8 AUTO_INCREMENT=1 ;

--
-- Daten für Tabelle `randshop_paketnummer`
--


-- --------------------------------------------------------

--
-- Tabellenstruktur für Tabelle `randshop_partner`
--

CREATE TABLE `randshop_partner` (
  `partner_email` varchar(255) NOT NULL DEFAULT '',
  `partner_key` varchar(255) NOT NULL DEFAULT '',
  `partner_aktiv` tinyint(1) unsigned NOT NULL DEFAULT '0',
  PRIMARY KEY (`partner_email`)
) ENGINE=MyISAM DEFAULT CHARSET=utf8;

--
-- Daten für Tabelle `randshop_partner`
--


-- --------------------------------------------------------

--
-- Tabellenstruktur für Tabelle `randshop_partnerprogramm_einstellungen`
--

CREATE TABLE `randshop_partnerprogramm_einstellungen` (
  `provision_prozent` double(12,2) unsigned NOT NULL DEFAULT '0.00',
  `provision_fix` double(12,2) unsigned NOT NULL DEFAULT '0.00',
  `provision_dauer` int(10) unsigned NOT NULL DEFAULT '0',
  `provision_artikelbasiert` tinyint(1) unsigned NOT NULL DEFAULT '0',
  `provision_bestellbasiert` tinyint(1) unsigned NOT NULL DEFAULT '0'
) ENGINE=MyISAM DEFAULT CHARSET=utf8;

--
-- Daten für Tabelle `randshop_partnerprogramm_einstellungen`
--

INSERT INTO `randshop_partnerprogramm_einstellungen` VALUES(5.00, 0.00, 3, 0, 1);

-- --------------------------------------------------------

--
-- Tabellenstruktur für Tabelle `randshop_partner_provisionen`
--

CREATE TABLE `randshop_partner_provisionen` (
  `provision_id` int(10) unsigned NOT NULL AUTO_INCREMENT,
  `partner_key` varchar(255) NOT NULL DEFAULT '0',
  `kunden_id` int(10) unsigned NOT NULL DEFAULT '0',
  `bestell_id` int(10) unsigned NOT NULL DEFAULT '0',
  `provision_summe` double(12,2) unsigned NOT NULL DEFAULT '0.00',
  `provision_mwst` double(12,2) unsigned NOT NULL DEFAULT '0.00',
  `provision_datum` date NOT NULL DEFAULT '0000-00-00',
  `provision_art` varchar(255) NOT NULL DEFAULT '',
  `provision_bezahlt` tinyint(1) unsigned NOT NULL DEFAULT '0',
  `provision_aktiv` tinyint(1) unsigned NOT NULL DEFAULT '0',
  PRIMARY KEY (`provision_id`),
  KEY `partner_id` (`partner_key`,`kunden_id`,`bestell_id`)
) ENGINE=MyISAM DEFAULT CHARSET=utf8 AUTO_INCREMENT=1 ;

--
-- Daten für Tabelle `randshop_partner_provisionen`
--


-- --------------------------------------------------------

--
-- Tabellenstruktur für Tabelle `randshop_partner_provisionen_artikel`
--

CREATE TABLE `randshop_partner_provisionen_artikel` (
  `provision_id` int(10) unsigned NOT NULL DEFAULT '0',
  `artikel_id` int(10) unsigned NOT NULL DEFAULT '0',
  `artikel_menge` int(10) unsigned NOT NULL DEFAULT '0',
  `artikel_brutto` decimal(12,2) unsigned NOT NULL DEFAULT '0.00',
  PRIMARY KEY (`provision_id`,`artikel_id`)
) ENGINE=MyISAM DEFAULT CHARSET=utf8;

-- --------------------------------------------------------

--
-- Tabellenstruktur für Tabelle `randshop_preisstaffeln`
--

CREATE TABLE `randshop_preisstaffeln` (
  `id` int(4) unsigned NOT NULL AUTO_INCREMENT,
  `artikel_id` int(10) unsigned DEFAULT NULL,
  `menge` int(4) unsigned DEFAULT NULL,
  `preis_brutto` float DEFAULT NULL,
  `preis_netto` float DEFAULT NULL,
  PRIMARY KEY (`id`)
) ENGINE=MyISAM  DEFAULT CHARSET=utf8 AUTO_INCREMENT=3 ;

--
-- Daten für Tabelle `randshop_preisstaffeln`
--

INSERT INTO `randshop_preisstaffeln` VALUES(1, 7, 3, 8, 6.72);
INSERT INTO `randshop_preisstaffeln` VALUES(2, 7, 6, 5, 4.2);

-- --------------------------------------------------------

--
-- Tabellenstruktur für Tabelle `randshop_produktgruppen`
--

CREATE TABLE `randshop_produktgruppen` (
  `id` int(11) NOT NULL AUTO_INCREMENT,
  `name` varchar(255) NOT NULL DEFAULT '',
  `beschreibung` text NOT NULL,
  `default` tinyint(4) NOT NULL DEFAULT '0',
  PRIMARY KEY (`id`)
) ENGINE=MyISAM DEFAULT CHARSET=utf8 AUTO_INCREMENT=1 ;

--
-- Daten für Tabelle `randshop_produktgruppen`
--


-- --------------------------------------------------------

--
-- Tabellenstruktur für Tabelle `randshop_rabatte`
--

CREATE TABLE `randshop_rabatte` (
  `id` int(11) NOT NULL AUTO_INCREMENT,
  `rabattstaffelid` int(11) NOT NULL DEFAULT '0',
  `typ_stueckzahl` int(11) NOT NULL DEFAULT '0',
  `typ_gesamtpreis_netto` decimal(12,2) unsigned NOT NULL DEFAULT '0.00',
  `typ_gesamtpreis_brutto` decimal(12,2) unsigned NOT NULL DEFAULT '0.00',
  `art_prozent` int(11) NOT NULL DEFAULT '0',
  `art_festpreis` decimal(12,2) NOT NULL DEFAULT '0.00',
  PRIMARY KEY (`id`)
) ENGINE=MyISAM  DEFAULT CHARSET=utf8 AUTO_INCREMENT=4 ;

--
-- Daten für Tabelle `randshop_rabatte`
--

INSERT INTO `randshop_rabatte` VALUES(3, 1, 0, 168.07, 200.00, 30, 0.00);
INSERT INTO `randshop_rabatte` VALUES(2, 1, 0, 84.03, 100.00, 15, 0.00);

-- --------------------------------------------------------

--
-- Tabellenstruktur für Tabelle `randshop_rabattstaffeln`
--

CREATE TABLE `randshop_rabattstaffeln` (
  `id` int(11) NOT NULL AUTO_INCREMENT,
  `rabatttyp` tinyint(4) NOT NULL DEFAULT '0',
  `rabattart` tinyint(4) NOT NULL DEFAULT '0',
  PRIMARY KEY (`id`)
) ENGINE=MyISAM  DEFAULT CHARSET=utf8 AUTO_INCREMENT=2 ;

--
-- Daten für Tabelle `randshop_rabattstaffeln`
--

INSERT INTO `randshop_rabattstaffeln` VALUES(1, 2, 1);

-- --------------------------------------------------------

--
-- Tabellenstruktur für Tabelle `randshop_rabattstaffeln_langu`
--

CREATE TABLE `randshop_rabattstaffeln_langu` (
  `rabattstaffel_id` int(10) unsigned NOT NULL DEFAULT '0',
  `language_id` int(10) unsigned NOT NULL DEFAULT '0',
  `name` varchar(255) NOT NULL DEFAULT '',
  `beschreibung` text NOT NULL,
  PRIMARY KEY (`rabattstaffel_id`,`language_id`)
) ENGINE=MyISAM DEFAULT CHARSET=utf8;

--
-- Daten für Tabelle `randshop_rabattstaffeln_langu`
--

INSERT INTO `randshop_rabattstaffeln_langu` VALUES(1, 1, 'Rabatt', '');
INSERT INTO `randshop_rabattstaffeln_langu` VALUES(1, 2, 'Skonto', '');

-- --------------------------------------------------------

--
-- Tabellenstruktur für Tabelle `randshop_schema`
--

CREATE TABLE `randshop_schema` (
  `id` int(6) unsigned NOT NULL AUTO_INCREMENT,
  `root` int(1) NOT NULL DEFAULT '0',
  `parent` int(3) NOT NULL DEFAULT '0',
  `sort` int(11) NOT NULL DEFAULT '0',
  PRIMARY KEY (`id`)
) ENGINE=MyISAM  DEFAULT CHARSET=utf8 AUTO_INCREMENT=12 ;

--
-- Daten für Tabelle `randshop_schema`
--

INSERT INTO `randshop_schema` VALUES(1, 1, 0, 0);
INSERT INTO `randshop_schema` VALUES(2, 1, 0, 0);
INSERT INTO `randshop_schema` VALUES(3, 0, 2, 21);
INSERT INTO `randshop_schema` VALUES(4, 0, 2, 22);
INSERT INTO `randshop_schema` VALUES(5, 0, 2, 23);
INSERT INTO `randshop_schema` VALUES(6, 0, 2, 24);
INSERT INTO `randshop_schema` VALUES(7, 0, 1, 11);
INSERT INTO `randshop_schema` VALUES(8, 0, 1, 12);
INSERT INTO `randshop_schema` VALUES(9, 0, 1, 13);
INSERT INTO `randshop_schema` VALUES(10, 0, 1, 14);
INSERT INTO `randshop_schema` VALUES(11, 0, 1, 15);

-- --------------------------------------------------------

--
-- Tabellenstruktur für Tabelle `randshop_schema_langu`
--

CREATE TABLE `randshop_schema_langu` (
  `variante_id` int(10) unsigned NOT NULL DEFAULT '0',
  `language_id` int(10) unsigned NOT NULL DEFAULT '0',
  `name` varchar(255) NOT NULL DEFAULT '',
  PRIMARY KEY (`variante_id`,`language_id`)
) ENGINE=MyISAM DEFAULT CHARSET=utf8;

--
-- Daten für Tabelle `randshop_schema_langu`
--

INSERT INTO `randshop_schema_langu` VALUES(1, 1, 'Kleidergrößen');
INSERT INTO `randshop_schema_langu` VALUES(2, 1, 'Farben');
INSERT INTO `randshop_schema_langu` VALUES(3, 1, 'rot');
INSERT INTO `randshop_schema_langu` VALUES(4, 1, 'weiß');
INSERT INTO `randshop_schema_langu` VALUES(5, 1, 'gelb');
INSERT INTO `randshop_schema_langu` VALUES(6, 1, 'blau');
INSERT INTO `randshop_schema_langu` VALUES(7, 1, 'S');
INSERT INTO `randshop_schema_langu` VALUES(8, 1, 'M');
INSERT INTO `randshop_schema_langu` VALUES(9, 1, 'L');
INSERT INTO `randshop_schema_langu` VALUES(10, 1, 'XL');
INSERT INTO `randshop_schema_langu` VALUES(11, 1, 'XXL');

-- --------------------------------------------------------

--
-- Tabellenstruktur für Tabelle `randshop_seourls`
--

CREATE TABLE `randshop_seourls` (
  `seourl_id` int(10) unsigned NOT NULL AUTO_INCREMENT,
  `url` varchar(510) COLLATE utf8_unicode_ci NOT NULL,
  `http_status` int(10) unsigned NOT NULL,
  `redirect_seourl_id` int(10) unsigned NOT NULL,
  `delete_date` datetime NOT NULL,
  `type` tinyint(3) unsigned NOT NULL,
  `language_id` int(10) unsigned NOT NULL,
  `kategorie_id` int(10) unsigned NOT NULL,
  `artikel_id` int(10) unsigned NOT NULL,
  `hersteller_id` int(10) unsigned NOT NULL,
  `menue_id` int(10) unsigned NOT NULL,
  `aktions_id` int(10) unsigned NOT NULL,
  PRIMARY KEY (`seourl_id`),
  UNIQUE KEY `url_unique` (`url`(200))
) ENGINE=InnoDB  DEFAULT CHARSET=utf8 COLLATE=utf8_unicode_ci AUTO_INCREMENT=55 ;

--
-- Daten für Tabelle `randshop_seourls`
--

INSERT INTO `randshop_seourls` VALUES(1, 'Neue-Testkategorie/Fashion', 0, 0, '0000-00-00 00:00:00', 1, 1, 1, 0, 0, 0, 0);
INSERT INTO `randshop_seourls` VALUES(2, 'Neue-Testkategorie', 0, 0, '0000-00-00 00:00:00', 1, 1, 2, 0, 0, 0, 0);
INSERT INTO `randshop_seourls` VALUES(3, 'en/Neue-Testkategorie/Fashion', 0, 0, '0000-00-00 00:00:00', 1, 2, 1, 0, 0, 0, 0);
INSERT INTO `randshop_seourls` VALUES(4, 'en/Neue-Testkategorie', 0, 0, '0000-00-00 00:00:00', 1, 2, 2, 0, 0, 0, 0);
INSERT INTO `randshop_seourls` VALUES(5, 'Top', 0, 0, '0000-00-00 00:00:00', 2, 1, 0, 1, 0, 0, 0);
INSERT INTO `randshop_seourls` VALUES(6, 'Beispiel-Hersteller/Top', 0, 0, '0000-00-00 00:00:00', 2, 1, 0, 1, 1, 0, 0);
INSERT INTO `randshop_seourls` VALUES(7, 'Neue-Testkategorie/Fashion/Top', 0, 0, '0000-00-00 00:00:00', 2, 1, 1, 1, 0, 0, 0);
INSERT INTO `randshop_seourls` VALUES(8, 'Longpulli-Minikleid', 0, 0, '0000-00-00 00:00:00', 2, 1, 0, 2, 0, 0, 0);
INSERT INTO `randshop_seourls` VALUES(9, 'Beispiel-Hersteller/Longpulli-Minikleid', 0, 0, '0000-00-00 00:00:00', 2, 1, 0, 2, 1, 0, 0);
INSERT INTO `randshop_seourls` VALUES(10, 'Fashion-Aktion/Longpulli-Minikleid', 0, 0, '0000-00-00 00:00:00', 2, 1, 0, 2, 0, 0, 1);
INSERT INTO `randshop_seourls` VALUES(11, 'Neue-Testkategorie/Fashion/Longpulli-Minikleid', 0, 0, '0000-00-00 00:00:00', 2, 1, 1, 2, 0, 0, 0);
INSERT INTO `randshop_seourls` VALUES(12, 'Jacke-Fake-Fur', 0, 0, '0000-00-00 00:00:00', 2, 1, 0, 3, 0, 0, 0);
INSERT INTO `randshop_seourls` VALUES(13, 'Neue-Testkategorie/Fashion/Jacke-Fake-Fur', 0, 0, '0000-00-00 00:00:00', 2, 1, 1, 3, 0, 0, 0);
INSERT INTO `randshop_seourls` VALUES(14, 'Pullover-ohne-Guertel', 0, 0, '0000-00-00 00:00:00', 2, 1, 0, 4, 0, 0, 0);
INSERT INTO `randshop_seourls` VALUES(15, 'Fashion-Aktion/Pullover-ohne-Guertel', 0, 0, '0000-00-00 00:00:00', 2, 1, 0, 4, 0, 0, 1);
INSERT INTO `randshop_seourls` VALUES(16, 'Neue-Testkategorie/Fashion/Pullover-ohne-Guertel', 0, 0, '0000-00-00 00:00:00', 2, 1, 1, 4, 0, 0, 0);
INSERT INTO `randshop_seourls` VALUES(17, 'Pullover', 0, 0, '0000-00-00 00:00:00', 2, 1, 0, 5, 0, 0, 0);
INSERT INTO `randshop_seourls` VALUES(18, 'Neue-Testkategorie/Fashion/Pullover', 0, 0, '0000-00-00 00:00:00', 2, 1, 1, 5, 0, 0, 0);
INSERT INTO `randshop_seourls` VALUES(19, 'Longpulli-Streifen', 0, 0, '0000-00-00 00:00:00', 2, 1, 0, 6, 0, 0, 0);
INSERT INTO `randshop_seourls` VALUES(20, 'Neue-Testkategorie/Fashion/Longpulli-Streifen', 0, 0, '0000-00-00 00:00:00', 2, 1, 1, 6, 0, 0, 0);
INSERT INTO `randshop_seourls` VALUES(21, 'en/Top', 0, 0, '0000-00-00 00:00:00', 2, 2, 0, 1, 0, 0, 0);
INSERT INTO `randshop_seourls` VALUES(22, 'en/Beispiel-Hersteller/Top', 0, 0, '0000-00-00 00:00:00', 2, 2, 0, 1, 1, 0, 0);
INSERT INTO `randshop_seourls` VALUES(23, 'en/Neue-Testkategorie/Fashion/Top', 0, 0, '0000-00-00 00:00:00', 2, 2, 1, 1, 0, 0, 0);
INSERT INTO `randshop_seourls` VALUES(24, 'en/longeng', 0, 0, '0000-00-00 00:00:00', 2, 2, 0, 2, 0, 0, 0);
INSERT INTO `randshop_seourls` VALUES(25, 'en/Beispiel-Hersteller/longeng', 0, 0, '0000-00-00 00:00:00', 2, 2, 0, 2, 1, 0, 0);
INSERT INTO `randshop_seourls` VALUES(26, 'en//longeng', 0, 0, '0000-00-00 00:00:00', 2, 2, 0, 2, 0, 0, 1);
INSERT INTO `randshop_seourls` VALUES(27, 'en/Neue-Testkategorie/Fashion/longeng', 0, 0, '0000-00-00 00:00:00', 2, 2, 1, 2, 0, 0, 0);
INSERT INTO `randshop_seourls` VALUES(28, 'en/Jacke-Fake-Fur', 0, 0, '0000-00-00 00:00:00', 2, 2, 0, 3, 0, 0, 0);
INSERT INTO `randshop_seourls` VALUES(29, 'en/Neue-Testkategorie/Fashion/Jacke-Fake-Fur', 0, 0, '0000-00-00 00:00:00', 2, 2, 1, 3, 0, 0, 0);
INSERT INTO `randshop_seourls` VALUES(30, 'en/Pullover-ohne-Guertel', 0, 0, '0000-00-00 00:00:00', 2, 2, 0, 4, 0, 0, 0);
INSERT INTO `randshop_seourls` VALUES(31, 'en//Pullover-ohne-Guertel', 0, 0, '0000-00-00 00:00:00', 2, 2, 0, 4, 0, 0, 1);
INSERT INTO `randshop_seourls` VALUES(32, 'en/Neue-Testkategorie/Fashion/Pullover-ohne-Guertel', 0, 0, '0000-00-00 00:00:00', 2, 2, 1, 4, 0, 0, 0);
INSERT INTO `randshop_seourls` VALUES(33, 'en/Pullover', 0, 0, '0000-00-00 00:00:00', 2, 2, 0, 5, 0, 0, 0);
INSERT INTO `randshop_seourls` VALUES(34, 'en/Neue-Testkategorie/Fashion/Pullover', 0, 0, '0000-00-00 00:00:00', 2, 2, 1, 5, 0, 0, 0);
INSERT INTO `randshop_seourls` VALUES(35, 'en/Longpulli-Streifen', 0, 0, '0000-00-00 00:00:00', 2, 2, 0, 6, 0, 0, 0);
INSERT INTO `randshop_seourls` VALUES(36, 'en/Neue-Testkategorie/Fashion/Longpulli-Streifen', 0, 0, '0000-00-00 00:00:00', 2, 2, 1, 6, 0, 0, 0);
INSERT INTO `randshop_seourls` VALUES(37, 'Beispiel-Hersteller', 0, 0, '0000-00-00 00:00:00', 3, 1, 0, 0, 1, 0, 0);
INSERT INTO `randshop_seourls` VALUES(38, 'en/Beispiel-Hersteller', 0, 0, '0000-00-00 00:00:00', 3, 2, 0, 0, 1, 0, 0);
INSERT INTO `randshop_seourls` VALUES(39, 'Fashion-Aktion', 0, 0, '0000-00-00 00:00:00', 6, 1, 0, 0, 0, 0, 1);
INSERT INTO `randshop_seourls` VALUES(40, 'en/', 0, 0, '0000-00-00 00:00:00', 6, 2, 0, 0, 0, 0, 1);
INSERT INTO `randshop_seourls` VALUES(41, 'Impressum', 0, 0, '0000-00-00 00:00:00', 4, 1, 0, 0, 0, 1, 0);
INSERT INTO `randshop_seourls` VALUES(42, 'AGB', 0, 0, '0000-00-00 00:00:00', 4, 1, 0, 0, 0, 2, 0);
INSERT INTO `randshop_seourls` VALUES(43, 'Datenschutz', 0, 0, '0000-00-00 00:00:00', 4, 1, 0, 0, 0, 3, 0);
INSERT INTO `randshop_seourls` VALUES(44, 'Kontakt', 0, 0, '0000-00-00 00:00:00', 4, 1, 0, 0, 0, 4, 0);
INSERT INTO `randshop_seourls` VALUES(45, 'Versandkosten', 0, 0, '0000-00-00 00:00:00', 4, 1, 0, 0, 0, 5, 0);
INSERT INTO `randshop_seourls` VALUES(46, 'Widerrufsrecht', 0, 0, '0000-00-00 00:00:00', 4, 1, 0, 0, 0, 6, 0);
INSERT INTO `randshop_seourls` VALUES(47, 'en/Impressum', 0, 0, '0000-00-00 00:00:00', 4, 2, 0, 0, 0, 1, 0);
INSERT INTO `randshop_seourls` VALUES(48, 'en/AGB', 0, 0, '0000-00-00 00:00:00', 4, 2, 0, 0, 0, 2, 0);
INSERT INTO `randshop_seourls` VALUES(49, 'en/Datenschutz', 0, 0, '0000-00-00 00:00:00', 4, 2, 0, 0, 0, 3, 0);
INSERT INTO `randshop_seourls` VALUES(50, 'en/Contact', 0, 0, '0000-00-00 00:00:00', 4, 2, 0, 0, 0, 4, 0);
INSERT INTO `randshop_seourls` VALUES(51, 'en/Versandkosten', 0, 0, '0000-00-00 00:00:00', 4, 2, 0, 0, 0, 5, 0);
INSERT INTO `randshop_seourls` VALUES(52, 'en/Widerrufsrecht', 0, 0, '0000-00-00 00:00:00', 4, 2, 0, 0, 0, 6, 0);
INSERT INTO `randshop_seourls` VALUES(53, 'CMS-Menuepunkt', 0, 0, '0000-00-00 00:00:00', 5, 1, 1, 0, 0, 0, 0);
INSERT INTO `randshop_seourls` VALUES(54, 'en/CMS-Menuepunkt', 0, 0, '0000-00-00 00:00:00', 5, 2, 1, 0, 0, 0, 0);

-- --------------------------------------------------------

--
-- Tabellenstruktur für Tabelle `randshop_seourls_elements`
--

CREATE TABLE `randshop_seourls_elements` (
  `seourl_element_id` int(10) unsigned NOT NULL AUTO_INCREMENT,
  `seourl_id` int(10) unsigned NOT NULL,
  `artikel_id` int(10) unsigned NOT NULL,
  `kategorie_id` int(10) unsigned NOT NULL,
  `language_id` int(10) unsigned NOT NULL,
  `translated` int(10) unsigned NOT NULL,
  `seo_name` varchar(255) COLLATE utf8_unicode_ci NOT NULL,
  PRIMARY KEY (`seourl_element_id`),
  KEY `seo_url_id` (`seourl_id`)
) ENGINE=InnoDB  DEFAULT CHARSET=utf8 COLLATE=utf8_unicode_ci AUTO_INCREMENT=33 ;

--
-- Daten für Tabelle `randshop_seourls_elements`
--

INSERT INTO `randshop_seourls_elements` VALUES(1, 1, 0, 2, 1, 1, 'Neue-Testkategorie');
INSERT INTO `randshop_seourls_elements` VALUES(2, 1, 0, 1, 1, 1, 'Fashion');
INSERT INTO `randshop_seourls_elements` VALUES(3, 2, 0, 2, 1, 1, 'Neue-Testkategorie');
INSERT INTO `randshop_seourls_elements` VALUES(4, 3, 0, 2, 2, 0, 'Neue-Testkategorie');
INSERT INTO `randshop_seourls_elements` VALUES(5, 3, 0, 1, 2, 0, 'Fashion');
INSERT INTO `randshop_seourls_elements` VALUES(6, 4, 0, 2, 2, 0, 'Neue-Testkategorie');
INSERT INTO `randshop_seourls_elements` VALUES(7, 7, 1, 2, 1, 1, 'Neue-Testkategorie');
INSERT INTO `randshop_seourls_elements` VALUES(8, 7, 1, 1, 1, 1, 'Fashion');
INSERT INTO `randshop_seourls_elements` VALUES(9, 11, 2, 2, 1, 1, 'Neue-Testkategorie');
INSERT INTO `randshop_seourls_elements` VALUES(10, 11, 2, 1, 1, 1, 'Fashion');
INSERT INTO `randshop_seourls_elements` VALUES(11, 13, 3, 2, 1, 1, 'Neue-Testkategorie');
INSERT INTO `randshop_seourls_elements` VALUES(12, 13, 3, 1, 1, 1, 'Fashion');
INSERT INTO `randshop_seourls_elements` VALUES(13, 16, 4, 2, 1, 1, 'Neue-Testkategorie');
INSERT INTO `randshop_seourls_elements` VALUES(14, 16, 4, 1, 1, 1, 'Fashion');
INSERT INTO `randshop_seourls_elements` VALUES(15, 18, 5, 2, 1, 1, 'Neue-Testkategorie');
INSERT INTO `randshop_seourls_elements` VALUES(16, 18, 5, 1, 1, 1, 'Fashion');
INSERT INTO `randshop_seourls_elements` VALUES(17, 20, 6, 2, 1, 1, 'Neue-Testkategorie');
INSERT INTO `randshop_seourls_elements` VALUES(18, 20, 6, 1, 1, 1, 'Fashion');
INSERT INTO `randshop_seourls_elements` VALUES(19, 23, 1, 2, 2, 0, 'Neue-Testkategorie');
INSERT INTO `randshop_seourls_elements` VALUES(20, 23, 1, 1, 2, 0, 'Fashion');
INSERT INTO `randshop_seourls_elements` VALUES(21, 27, 2, 2, 2, 0, 'Neue-Testkategorie');
INSERT INTO `randshop_seourls_elements` VALUES(22, 27, 2, 1, 2, 0, 'Fashion');
INSERT INTO `randshop_seourls_elements` VALUES(23, 29, 3, 2, 2, 0, 'Neue-Testkategorie');
INSERT INTO `randshop_seourls_elements` VALUES(24, 29, 3, 1, 2, 0, 'Fashion');
INSERT INTO `randshop_seourls_elements` VALUES(25, 32, 4, 2, 2, 0, 'Neue-Testkategorie');
INSERT INTO `randshop_seourls_elements` VALUES(26, 32, 4, 1, 2, 0, 'Fashion');
INSERT INTO `randshop_seourls_elements` VALUES(27, 34, 5, 2, 2, 0, 'Neue-Testkategorie');
INSERT INTO `randshop_seourls_elements` VALUES(28, 34, 5, 1, 2, 0, 'Fashion');
INSERT INTO `randshop_seourls_elements` VALUES(29, 36, 6, 2, 2, 0, 'Neue-Testkategorie');
INSERT INTO `randshop_seourls_elements` VALUES(30, 36, 6, 1, 2, 0, 'Fashion');
INSERT INTO `randshop_seourls_elements` VALUES(31, 53, 0, 1, 1, 1, 'CMS-Menuepunkt');
INSERT INTO `randshop_seourls_elements` VALUES(32, 54, 0, 1, 2, 0, 'CMS-Menuepunkt');

-- --------------------------------------------------------

--
-- Tabellenstruktur für Tabelle `randshop_slider`
--

CREATE TABLE `randshop_slider` (
  `sliderid` int(11) unsigned NOT NULL AUTO_INCREMENT,
  `bigImage` varchar(155) COLLATE utf8_unicode_ci NOT NULL,
  `url` varchar(155) COLLATE utf8_unicode_ci NOT NULL,
  `kategorieid` int(11) NOT NULL,
  PRIMARY KEY (`sliderid`)
) ENGINE=InnoDB DEFAULT CHARSET=utf8 COLLATE=utf8_unicode_ci AUTO_INCREMENT=1 ;

--
-- Daten für Tabelle `randshop_slider`
--


-- --------------------------------------------------------

--
-- Tabellenstruktur für Tabelle `randshop_statistik_artikelview`
--

CREATE TABLE `randshop_statistik_artikelview` (
  `timestamp` datetime NOT NULL,
  `kunden_id` int(11) unsigned DEFAULT NULL,
  `artikel_id` int(11) unsigned NOT NULL,
  `verweis_typ` int(2) unsigned NOT NULL COMMENT 'von was für einem Element kam der Klick auf den Artikel, zb. Kategorie, Newsletter, anderer Artikel (Crosselling) etc. ',
  `verweis_id` int(11) unsigned NOT NULL COMMENT 'id des verweisenden Elements',
  `referer_id` int(4) unsigned DEFAULT NULL,
  `ip` int(4) unsigned DEFAULT NULL,
  KEY `kunden_id` (`kunden_id`),
  KEY `artikel_id` (`artikel_id`)
) ENGINE=MyISAM DEFAULT CHARSET=utf8 COLLATE=utf8_unicode_ci;

--
-- Daten für Tabelle `randshop_statistik_artikelview`
--


-- --------------------------------------------------------

--
-- Tabellenstruktur für Tabelle `randshop_statistik_kategorieview`
--

CREATE TABLE `randshop_statistik_kategorieview` (
  `id` int(10) unsigned NOT NULL AUTO_INCREMENT,
  `timestamp` datetime NOT NULL,
  `kunden_id` int(11) unsigned NOT NULL,
  `kategorie_id` int(10) unsigned NOT NULL,
  `seite` int(4) unsigned NOT NULL,
  PRIMARY KEY (`id`),
  KEY `kunden_id` (`kunden_id`),
  KEY `kategorie_id` (`kategorie_id`)
) ENGINE=MyISAM DEFAULT CHARSET=utf8 COLLATE=utf8_unicode_ci AUTO_INCREMENT=1 ;

--
-- Daten für Tabelle `randshop_statistik_kategorieview`
--


-- --------------------------------------------------------

--
-- Tabellenstruktur für Tabelle `randshop_statistik_refererdomains`
--

CREATE TABLE `randshop_statistik_refererdomains` (
  `id` int(4) unsigned NOT NULL AUTO_INCREMENT,
  `domain` varchar(255) CHARACTER SET utf8 NOT NULL,
  PRIMARY KEY (`id`)
) ENGINE=MyISAM  DEFAULT CHARSET=utf8 COLLATE=utf8_unicode_ci AUTO_INCREMENT=4 ;

--
-- Daten für Tabelle `randshop_statistik_refererdomains`
--

INSERT INTO `randshop_statistik_refererdomains` VALUES(1, 'localhost');
INSERT INTO `randshop_statistik_refererdomains` VALUES(2, '192.168.1.9');
INSERT INTO `randshop_statistik_refererdomains` VALUES(3, '192.168.1.6');

-- --------------------------------------------------------

--
-- Tabellenstruktur für Tabelle `randshop_statistik_suchanfragen`
--

CREATE TABLE `randshop_statistik_suchanfragen` (
  `id` int(10) unsigned NOT NULL AUTO_INCREMENT,
  `timestamp` datetime NOT NULL,
  `suchekategorie_id` int(10) unsigned NOT NULL,
  `sucheallgemein` varchar(50) CHARACTER SET utf8 NOT NULL,
  `sucheartikelnr` varchar(50) CHARACTER SET utf8 NOT NULL,
  `sucheartikelname` varchar(50) CHARACTER SET utf8 NOT NULL,
  `sucheartikelbeschreibung` varchar(255) CHARACTER SET utf8 NOT NULL,
  `suchehersteller_id` int(10) unsigned NOT NULL,
  `kunden_id` int(11) unsigned NOT NULL,
  `anzahl_ergebnisse` int(4) unsigned NOT NULL,
  PRIMARY KEY (`id`),
  KEY `kunden_id` (`kunden_id`)
) ENGINE=MyISAM  DEFAULT CHARSET=utf8 COLLATE=utf8_unicode_ci AUTO_INCREMENT=39 ;

--
-- Daten für Tabelle `randshop_statistik_suchanfragen`
--


-- --------------------------------------------------------

--
-- Tabellenstruktur für Tabelle `randshop_symbollib`
--

CREATE TABLE `randshop_symbollib` (
  `symbol_id` int(11) unsigned NOT NULL AUTO_INCREMENT,
  `name` varchar(150) NOT NULL DEFAULT '',
  `smallImage` varchar(150) NOT NULL DEFAULT '',
  PRIMARY KEY (`symbol_id`)
) ENGINE=MyISAM  DEFAULT CHARSET=utf8 AUTO_INCREMENT=3 ;

--
-- Daten für Tabelle `randshop_symbollib`
--

INSERT INTO `randshop_symbollib` VALUES(1, 'Musik', 'symbol_0000001.gif');
INSERT INTO `randshop_symbollib` VALUES(2, 'PDF', 'symbol_0000002.gif');

-- --------------------------------------------------------

--
-- Tabellenstruktur für Tabelle `randshop_templates`
--

CREATE TABLE `randshop_templates` (
  `id` int(2) unsigned NOT NULL AUTO_INCREMENT,
  `name` varchar(20) NOT NULL DEFAULT '',
  `design` varchar(30) NOT NULL,
  `beschreibung` text NOT NULL,
  `aktiv` int(1) NOT NULL DEFAULT '0',
  PRIMARY KEY (`id`)
) ENGINE=MyISAM  DEFAULT CHARSET=utf8 AUTO_INCREMENT=2 ;

--
-- Daten für Tabelle `randshop_templates`
--

INSERT INTO `randshop_templates` VALUES(1, 'standard', 'blau', '', 1);

-- --------------------------------------------------------

--
-- Tabellenstruktur für Tabelle `randshop_topnavi`
--

CREATE TABLE `randshop_topnavi` (
  `id` int(5) unsigned NOT NULL AUTO_INCREMENT,
  `datum` datetime NOT NULL DEFAULT '0000-00-00 00:00:00',
  `aktiv` int(1) NOT NULL DEFAULT '0',
  `gaestebuch` tinyint(1) NOT NULL DEFAULT '0',
  `kontakt` tinyint(1) NOT NULL DEFAULT '0',
  `benutzer_agb_text` tinyint(1) NOT NULL DEFAULT '0',
  `sortierung` int(3) NOT NULL DEFAULT '0',
  `language_independent` tinyint(1) unsigned NOT NULL DEFAULT '0',
  `cms` tinyint(1) NOT NULL,
  `agb_hosting_id` int(11) unsigned NOT NULL,
  PRIMARY KEY (`id`)
) ENGINE=MyISAM  DEFAULT CHARSET=utf8 AUTO_INCREMENT=12 ;

--
-- Daten für Tabelle `randshop_topnavi`
--

INSERT INTO `randshop_topnavi` VALUES(1, '0000-00-00 00:00:00', 1, 0, 0, 0, 12, 0, 0, 0);
INSERT INTO `randshop_topnavi` VALUES(2, '0000-00-00 00:00:00', 1, 0, 0, 0, 15, 0, 0, 0);
INSERT INTO `randshop_topnavi` VALUES(3, '0000-00-00 00:00:00', 1, 0, 0, 0, 10, 0, 0, 0);
INSERT INTO `randshop_topnavi` VALUES(4, '0000-00-00 00:00:00', 1, 0, 1, 0, 6, 0, 0, 0);
INSERT INTO `randshop_topnavi` VALUES(5, '0000-00-00 00:00:00', 1, 0, 0, 0, 15, 0, 0, 0);
INSERT INTO `randshop_topnavi` VALUES(6, '0000-00-00 00:00:00', 0, 0, 0, 0, 40, 0, 0, 0);
INSERT INTO `randshop_topnavi` VALUES(11, '0000-00-00 00:00:00', 1, 0, 0, 0, 1, 0, 0, 0);

-- --------------------------------------------------------

--
-- Tabellenstruktur für Tabelle `randshop_topnavi_langu`
--

CREATE TABLE `randshop_topnavi_langu` (
  `menue_id` int(10) unsigned NOT NULL DEFAULT '0',
  `language_id` int(10) unsigned NOT NULL DEFAULT '0',
  `headline` varchar(255) NOT NULL DEFAULT '',
  `bigImage` varchar(255) NOT NULL DEFAULT '',
  `textEintrag` text NOT NULL,
  `url_name_vorgabe` varchar(255) NOT NULL,
  `url_name` varchar(255) NOT NULL,
  PRIMARY KEY (`menue_id`,`language_id`)
) ENGINE=MyISAM DEFAULT CHARSET=utf8;

--
-- Daten für Tabelle `randshop_topnavi_langu`
--

INSERT INTO `randshop_topnavi_langu` VALUES(1, 1, 'Impressum', '', '<p><strong>Firmenname</strong><br />\r\nInhaber oder Gesch&auml;ftsf&uuml;hrer<br />\r\nPlanegger Str. 21<br />\r\n81241 M&uuml;nchen<br />\r\n<br />\r\nTel.: 089/ 1234567<br />\r\nFax: 089/ 1234567-10<br />\r\nE-Mail: mail@shopbetreiber.de<br />\r\n<br />\r\nUst-IdNr.: DE123456789</p>\r\n<p>Bei GmbHs sind noch folgende Daten abzubilden:</p>\r\n<p>Sitz der Gesellschaft<br />\r\nHandelsregisternummer<br />\r\nAmtsgericht</p>\r\n<p><br />\r\n<br />\r\n<strong>1. Inhalt des Onlineangebotes</strong><br />\r\nDer Autor &uuml;bernimmt keinerlei Gew&auml;hr f&uuml;r die Aktualit&auml;t, Korrektheit, Vollst&auml;ndigkeit oder Qualit&auml;t der bereitgestellten Informationen. Haftungsanspr&uuml;che gegen den Autor, welche sich auf Sch&auml;den materieller oder ideeller Art beziehen, die durch die Nutzung oder Nichtnutzung der dargebotenen Informationen bzw. durch die Nutzung fehlerhafter und unvollst&auml;ndiger Informationen verursacht wurden sind grunds&auml;tzlich ausgeschlossen, sofern seitens des Autors kein nachweislich vors&auml;tzliches oder grob fahrl&auml;ssiges Verschulden vorliegt. Alle Angebote sind freibleibend und unverbindlich. Der Autor beh&auml;lt es sich ausdr&uuml;cklich vor,<br />\r\nTeile der Seiten oder das gesamte Angebot ohne gesonderte Ank&uuml;ndigung zu ver&auml;ndern, zu erg&auml;nzen, zu l&ouml;schen oder die Ver&ouml;ffentlichung zeitweise oder endg&uuml;ltig einzustellen.<br />\r\n<br />\r\n<strong>2. Verweise und Links</strong><br />\r\nBei direkten oder indirekten Verweisen auf fremde Internetseiten (&quot;Links&quot;), die au&szlig;erhalb des Verantwortungsbereiches des Autors liegen, w&uuml;rde eine Haftungsverpflichtung ausschlie&szlig;lich in dem Fall in Kraft treten, in dem der Autor von den Inhalten Kenntnis hat und es ihm technisch m&ouml;glich und zumutbar w&auml;re, die Nutzung im Falle rechtswidriger Inhalte zu verhindern. Der Autor erkl&auml;rt daher ausdr&uuml;cklich, dass zum Zeitpunkt der Linksetzung die entsprechenden verlinkten Seiten frei von illegalen Inhalten waren. Der Autor hat keinerlei Einfluss auf die aktuelle und zuk&uuml;nftige Gestaltung und auf die Inhalte der gelinkten/ verkn&uuml;pften Seiten. Deshalb distanziert er sich hiermit ausdr&uuml;cklich von allen Inhalten aller gelinkten /verkn&uuml;pften Seiten, die nach der Linksetzung ver&auml;ndert wurden. Diese Feststellung gilt f&uuml;r alle innerhalb des eigenen Internetangebotes gesetzten Links und Verweise sowie f&uuml;r Fremdeintr&auml;ge in vom Autor eingerichteten G&auml;steb&uuml;chern, Diskussionsforen und Mailinglisten. F&uuml;r illegale, fehlerhafte oder unvollst&auml;ndige Inhalte und insbesondere f&uuml;r Sch&auml;den, die aus der Nutzung oder Nichtnutzung solcherart dargebotener Informationen entstehen, haftet allein der Anbieter der Seite, auf welche verwiesen wurde, nicht derjenige, der &uuml;ber Links auf die jeweilige Ver&ouml;ffentlichung lediglich verweist<br />\r\n<br />\r\n<strong>3. Urheber- und Kennzeichenrecht</strong><br />\r\nDer Autor ist bestrebt, in allen Publikationen die Urheberrechte der verwendeten Grafiken, Tondokumente, Videosequenzen und Texte zu beachten, von ihm selbst erstellte Grafiken, Tondokumente, Videosequenzen und Texte zu nutzen oder auf lizenzfreie Grafiken, Tondokumente, Videosequenzen und Texte zur&uuml;ckzugreifen.<br />\r\n<br />\r\nAlle innerhalb des Internetangebotes genannten und ggf. durch Dritte gesch&uuml;tzten Marken- und Warenzeichen unterliegen uneingeschr&auml;nkt den Bestimmungen des jeweils g&uuml;ltigen Kennzeichenrechts und den Besitzrechten der jeweiligen eingetragenen Eigent&uuml;mer. Allein aufgrund der blo&szlig;en Nennung ist nicht der Schlu&szlig; zu ziehen, dass Markenzeichen nicht durch Rechte Dritter gesch&uuml;tzt sind!<br />\r\nDas Copyright f&uuml;r ver&ouml;ffentlichte, vom Autor selbst erstellte Objekte bleibt<br />\r\nallein beim Autor der Seiten. Eine Vervielf&auml;ltigung oder Verwendung solcher Grafiken, Tondokumente, Videosequenzen und Texte in anderen elektronischen oder gedruckten Publikationen ist ohne ausdr&uuml;ckliche Zustimmung des Autors nicht gestattet.<br />\r\n<br />\r\n<strong>4. Rechtswirksamkeit dieses Haftungsausschlusses</strong><br />\r\nDieser Haftungsausschluss ist als Teil des Internetangebotes zu betrachten, von dem aus auf diese Seite verwiesen wurde. Sofern Teile oder einzelne Formulierungen dieses Textes der geltenden Rechtslage nicht, nicht mehr oder nicht vollst&auml;ndig entsprechen<br />\r\nsollten, bleiben die &uuml;brigen Teile des Dokumentes in ihrem Inhalt und ihrer G&uuml;ltigkeit davon unber&uuml;hrt.</p>', '', 'Impressum');
INSERT INTO `randshop_topnavi_langu` VALUES(2, 1, 'AGB', '', '<p><strong>Allgemeine Gesch&auml;ftsbedingungen</strong></p>\r\n<p><strong>&sect;1) Bestellungen</strong><br />\r\nAlle Bestellungen werden nur zu unseren Allgemeinen Liefer- und Zahlungsbedingungen angenommen. Unsere Angebote sind freibleibend. Wir &uuml;bernehmen keine Gew&auml;hr, dass die von uns zum Kauf angebotenen Waren auch tats&auml;chlich und zu den genannten Preisen lieferbar sein werden.<br />\r\n<br />\r\n<strong>&sect;2) Lieferung</strong><br />\r\nLieferfristen sind nur soweit verbindlich, als sie von uns schriftlich best&auml;tigt worden sind. Die Lieferung erfolgt ab M&uuml;nchen. In allen F&auml;llen tr&auml;gt der K&auml;ufer die Versandkosten au&szlig;er es wurde der Grenzbetrag zum Versandkosten freien Betrag &uuml;berschritten. Unsere Preise schlie&szlig;en eine handels&uuml;bliche und f&uuml;r den normalen Versand geeignete Verpackung ein. Auslandssendungen k&ouml;nnen nur gegen Vorkasse ausgef&uuml;hrt werden.<br />\r\nBei Bestellannahme wird die Ware umgehend nach Zahlungseingang abgesendet. Der Zahlungseingang erfolgt auf folgendem Konto:<br />\r\nFirmenname<br />\r\nKto.: 1234567<br />\r\nBLZ: 12345678 Bank M&uuml;nchen<br />\r\n<br />\r\n<strong>&sect;3) Widerufsrecht</strong><br />\r\n<br />\r\nSie k&ouml;nnen Ihre Vertragserkl&auml;rung innerhalb von 14 Tagen ohne Angabe von  Gr&uuml;nden in Textform (z.B. Brief, Fax, E-Mail) oder wenn Ihnen die Sache  vor Fristablauf &uuml;berlassen wird auch durch R&uuml;cksendung der Sache  widerrufen. Die Frist beginnt nach Erhalt dieser Belehrung in Textform.  Zur Wahrung der Widerrufsfrist genügt die rechtzeitige Absendung des  Widerrufs oder der Sache. Der Widerruf ist zu richten an:</p>\r\n<p>Musterfirma<br />\r\nMario Mustermann<br />\r\nMusterstr. 12<br />\r\n12345 Musterstadt</p>\r\n<p><strong>Widerrufsfolgen</strong><br />\r\nIm Falle eines wirksamen Widerrufs sind die beiderseits empfangenen Leistungen<br />\r\nzurückzugewähren und ggf. gezogene Nutzungen (z.B. Zinsen)  herauszugeben.&nbsp; Können Sie uns die empfangene Leistung sowie Nutzungen  (z.B. Gebrauchsvorteile) nicht oder teilweise nicht oder nur in  verschlechtertem Zustand zurückgewähren beziehungsweise herausgeben,  müssen Sie uns insoweit Wertersatz leisten. Für die Verschlechterung  der Sache müssen Sie Wertersatz nur leisten, soweit die  Verschlechterung auf einen Umgang mit der Sache zurückzuführen ist,  der über<br />\r\ndie Prüfung der Eigenschaften und der Funktionsweise hinausgeht. Unter &quot;Prüfung der<br />\r\nEigenschaften und der Funktionsweise&quot; versteht man das Testen und  Ausprobieren der jeweiligen Ware, wie es etwa im Ladengeschäft möglich  und üblich ist. <br />\r\nPaketversandfähige Sachen sind auf unsere Gefahr  zurückzusenden. Sie haben die regelmä&szlig;igen Kosten der Rücksendung zu  tragen, wenn die  gelieferte Ware der bestellten entspricht und wenn der Preis der  zurückzusendenden Sache einen Betrag von 40 Euro nicht übersteigt oder  wenn Sie bei einem höheren Preis der Sache zum Zeitpunkt des Widerrufs  noch nicht die Gegenleistung oder eine vertraglich vereinbarte  Teilzahlung erbracht haben. Andernfalls ist die Rücksendung für Sie  kostenfrei. Nicht paketversandfähige Sachen werden bei Ihnen abgeholt.  Verpflichtungen zur Erstattung von Zahlungen müssen innerhalb von 30  Tagen erfüllt werden. Die Frist beginnt für Sie mit der Absendung  Ihrer Widerrufserklärung oder der Sache, für uns mit deren Empfang.</p>\r\n<p><br />\r\n<strong>&sect;4) Preise</strong><br />\r\nAlle Preise sind incl. der gesetzlichen  Mehrwertsteuer.<br />\r\n<br />\r\n<strong>&sect;5) Zahlung</strong><br />\r\nWenn Sie den Rechnungsbetrag per Vorkasse bezahlen m&ouml;chten, erfolgt der Versand bei Bestellannahme.<br />\r\n<br />\r\n<br />\r\n<strong>&sect;6) Eigentumsvorbehalt</strong><br />\r\nAlle Waren bleiben unser Eigentum, bis der Kaufpreis einschlie&szlig;lich Zinsen und sonstigen Auslagen bezahlt ist oder solange wir noch Anspr&uuml;che an den K&auml;ufer haben.<br />\r\n<br />\r\n<strong>&sect;7) Sonstiges</strong><br />\r\nWir weisen darauf hin, dass wir im Rahmen des &uuml;blichen Gesch&auml;ftsverkehrs anfallende personenbezogene Daten unserer Kunden im Sinne des Datenschutzgesetzes speichern und verarbeiten.<br />\r\n<br />\r\n<strong>&sect;8) Geistige Eigentumsrechte</strong><br />\r\nDie geistigen Eigentumsrechte f&uuml;r die Nostalgiefilm Internet-Seiten einschlie&szlig;lich ihrer Gestaltung und Inhalte, insbesondere aller Dokumente, Elemente und Programme, stehen ausschlie&szlig;lich Nostalgiefilm und d&uuml;rfen ohne vorherige ausdr&uuml;ckliche Einwilligung nicht vervielf&auml;ltigt, verbreitet, bearbeitet oder &ouml;ffentlich wiedergegeben werden. Au&szlig;nahmen gelten f&uuml;r die Teile unseres Onlineanbotes das uns von anderen Firmen zu Verf&uuml;gung gestellt wurde.<br />\r\n<br />\r\nDie Reproduktion oder sonstige Verwendung der ver&ouml;ffentlichten Dokumente ist nur zu informativen Zwecken oder zum pers&ouml;nlichen Gebrauch zul&auml;ssig. Jede andere Reproduktion und jeder andere Gebrauch ist ausdr&uuml;cklich untersagt.<br />\r\n<br />\r\nLinks auf unsere Internet-Seiten sind ohne unsere vorherige Zustimmung unzul&auml;ssig.<br />\r\n<br />\r\n<br />\r\n<strong>&sect;9) Wichtige Kundeninformation</strong><br />\r\nMit Kauf dieser gekennzeichneten Ware verpflichten Sie sich, f&uuml;r eine fachgerechte Verarbeitung zu sorgen. Die Abbildungen in unserem Katalog sind unverbindlich. Sie k&ouml;nnen sich in Farbe, Form und Gr&ouml;&szlig;e etwas von den Originalprodukten unterscheiden. &Auml;nderungen, Druckfehler und Irrt&uuml;mer jeglicher Art behalten wir uns vor. Der Vertrag unterliegt deutschem Recht. Die Unwirksamkeit einzelner Punkte dieser Allgemeinen Gesch&auml;ftsbedingung ber&uuml;hrt die Wirksamkeit der &uuml;brigen Bestimmungen nicht. Der Vertrag unterliegt deutschem Recht. Die Unwirksamkeit einzelner Punkte dieser Allgemeinen Gesch&auml;ftsbedingung ber&uuml;hrt die Wirksamkeit der &uuml;brigen Bestimmungen nicht.<br />\r\n<br />\r\n<strong>&sect;10) Datenschutzerkl&auml;rung</strong><br />\r\nDie Datenschutzerkl&auml;rung entnehmen sie bitte diesem Link: Link einsetzen</p>\r\n<p><strong>&sect;11) Bonit&auml;tspr&uuml;fung</strong><br />\r\nZum Zwecke der Kreditpr&uuml;fung wird uns die B&uuml;rgel  Wirtschaftsinformationen GmbH &amp; Co. KG, Postfach 500 166, 22701  Hamburg, die in ihrer Datenbank zu Ihrer Person gespeicherten Adress-  und Bonit&auml;tsdaten einschliesslich solcher, die auf der Basis  mathematisch-statistischer Verfahren ermittelt werden, zur Verf&uuml;gung  stellen, sofern wir unser berechtigtes Interesse glaubhaft dargelegt  haben. Ferner erheben oder verwenden wir zum Zweck der Entscheidung &uuml;ber  die Begr&uuml;ndung, Durchf&uuml;hrung oder Beendigung des Vertragsverh&auml;ltnisses  Wahrscheinlichkeitswerte, in deren Berechnung unter anderem  Anschriftendaten einflie&szlig;en.</p>', '', 'AGB');
INSERT INTO `randshop_topnavi_langu` VALUES(3, 1, 'Datenschutz', '', '<p>Die zur Bestellung notwendigen, personenbezogenen Daten die durch den Bestellvorgang an uns &uuml;bermittelt werden, werden garantiert dem Bundesdatenschutzgesetz (BDSG) und Teledienstdatenschutzgesetz (TDDSG) entsprechend in unserem Haus verwaltet.<br />\r\n<br />\r\nDie &uuml;bermittelten Daten werden w&auml;rend und nach dem Bestellprozess streng vertraulich und gesch&uuml;tzt vor dem Zugriff oder der Einsicht Dritter in unseren Datenbest&auml;nden gespeichert.<br />\r\n<br />\r\nDie Daten werden in unserem EDV System vor zuf&auml;lliger oder vors&auml;tzlicher Manipulation, Verlust, Zerst&ouml;rung oder den Zugriff unberechtigter Personen gesch&uuml;tzt.<br />\r\n<br />\r\nEinzig und allein die im Bestellprozess integrierten Dienstleister (Versandunternehmen und ggf. Kreditinstitut) m&uuml;ssen im Zuge der Warenbezahlung und -lieferung die notwendigen Daten erhalten.<br />\r\n<br />\r\nDarunter fallen:<br />\r\n<br />\r\n- Lieferanschrift (Empf&auml;ngername, Anschrift und ggf. Telefon f&uuml;r R&uuml;cksprachen.<br />\r\n- Bankverbindung (Kontonummer, -Inhaber und Bankleitzahl)<br />\r\n<br />\r\nDiese Dienstleister sind ebenfalls an das BDSG und TDDSG gebunden.<br />\r\n<br />\r\nSie k&ouml;nnen zu jeder Zeit von Ihrem Recht gebrauch machen, und die kostenlose Einsicht, &Auml;nderung, Sperrung sowie L&ouml;schung Ihrer bei uns gespeicherten Daten verlangen.<br />\r\n<br />\r\nIn diesem Fall kontaktieren Sie uns bitte.<br />\r\n<br />\r\nTel.: 089/ 1234567<br />\r\nFax: 089/ 1234567-10<br />\r\n<br />\r\noder auf dem Postweg &uuml;ber:<br />\r\n<br />\r\nMusterfirma<br />\r\nMario M&uuml;stermann<br />\r\nMusterstr. 1<br />\r\n81241 Musterstadt<br />\r\n<br />\r\nF&uuml;r evtl. auftretende Fragen zum Datenschutz in unserem Hause stehen wir Ihnen gerne zur Verf&uuml;gung.<br />\r\n<br />\r\n<br />\r\nIn unserem Online-Shop werden in sog. Session-Cookies SitzungsIdentifikationsnummern gespeichert, welche dazu benutzt werden, Sprachen sowie Versandoptionen speichert. Diese Cookies werden nach dem Verlassen des Shops bzw. Beendigung Ihres Browser Programmes wieder gel&ouml;scht.</p>', '', 'Datenschutz');
INSERT INTO `randshop_topnavi_langu` VALUES(4, 1, 'Kontakt', '', '<p>\r\n	Haben Sie Fragen zu unseren Produkten oder der Lieferzeit, gerne beantworten wir diese, nehmen Sie dazu einfach Kontakt mit uns auf.</p>\r\n', '', 'Kontakt');
INSERT INTO `randshop_topnavi_langu` VALUES(5, 1, 'Versandkosten', '', '<p>Eine Tabellarische Aufstellung bietet sich hier an.</p>\r\n<p>Ein Beispiel:</p>\r\n<table width="100%" cellspacing="0" cellpadding="2" border="0">\r\n    <tbody>\r\n        <tr>\r\n            <td colspan="3"><strong>Deutschland</strong></td>\r\n        </tr>\r\n        <tr>\r\n            <td>Vorkasse durch &Uuml;berweisung</td>\r\n            <td>Keine Versandkostenfreigrenze</td>\r\n            <td><strong>3,50 EUR</strong></td>\r\n        </tr>\r\n        <tr>\r\n            <td>Rechnung (ab 3. Bestellung)</td>\r\n            <td>Keine Versandkostenfreigrenze</td>\r\n            <td><strong>3,50 EUR</strong></td>\r\n        </tr>\r\n        <tr>\r\n            <td>Nachnahme</td>\r\n            <td>Keine Versandkostenfreigrenze</td>\r\n            <td><strong>8,00 EUR</strong></td>\r\n        </tr>\r\n        <tr>\r\n            <td colspan="3">&nbsp;</td>\r\n        </tr>\r\n        <tr>\r\n            <td colspan="3"><strong>&Ouml;sterreich, Niederlande, Belgien, Luxemburg</strong></td>\r\n        </tr>\r\n        <tr>\r\n            <td>Vorkasse durch &Uuml;berweisung</td>\r\n            <td>Keine Versandkostenfreigrenze</td>\r\n            <td><strong>7,00 EUR</strong></td>\r\n        </tr>\r\n        <tr>\r\n            <td>Bar (Brief)</td>\r\n            <td>Keine Versandkostenfreigrenze</td>\r\n            <td><strong>7,00 EUR</strong></td>\r\n        </tr>\r\n    </tbody>\r\n</table>', '', 'Versandkosten');
INSERT INTO `randshop_topnavi_langu` VALUES(6, 1, 'Widerrufsrecht', '', '<p><strong>Widerrufsrecht</strong><br />\r\nSie k&ouml;nnen Ihre Vertragserkl&auml;rung innerhalb von 14 Tagen ohne Angabe von Gr&uuml;nden in Textform (z.B. Brief, Fax, E-Mail) oder wenn Ihnen die Sache vor Fristablauf &uuml;berlassen wird auch durch R&uuml;cksendung der Sache widerrufen. Die Frist beginnt nach Erhalt dieser Belehrung in Textform. Zur Wahrung der Widerrufsfrist genügt die rechtzeitige Absendung des Widerrufs oder der Sache. Der Widerruf ist zu richten an:</p>\r\n<p>Musterfirma<br />\r\nMario Mustermann<br />\r\nMusterstr. 12<br />\r\n12345 Musterstadt</p>\r\n<p><strong>Widerrufsfolgen</strong><br />\r\nIm Falle eines wirksamen Widerrufs sind die beiderseits empfangenen Leistungen<br />\r\nzurückzugewähren und ggf. gezogene Nutzungen (z.B. Zinsen) herauszugeben.&nbsp; Können Sie uns die empfangene Leistung sowie Nutzungen (z.B. Gebrauchsvorteile) nicht oder teilweise nicht oder nur in verschlechtertem Zustand zurückgewähren beziehungsweise herausgeben, müssen Sie uns insoweit Wertersatz leisten. Für die Verschlechterung der Sache müssen Sie Wertersatz nur leisten, soweit die Verschlechterung auf einen Umgang mit der Sache zurückzuführen ist, der über<br />\r\ndie Prüfung der Eigenschaften und der Funktionsweise hinausgeht. Unter &quot;Prüfung der<br />\r\nEigenschaften und der Funktionsweise&quot; versteht man das Testen und Ausprobieren der jeweiligen Ware, wie es etwa im Ladengeschäft möglich und üblich ist. <br />\r\nPaketversandfähige Sachen sind auf unsere Gefahr zurückzusenden. Sie haben die regelmä&szlig;igen Kosten der Rücksendung zu tragen, wenn die  gelieferte Ware der bestellten entspricht und wenn der Preis der  zurückzusendenden Sache einen Betrag von 40 Euro nicht übersteigt oder  wenn Sie bei einem höheren Preis der Sache zum Zeitpunkt des Widerrufs  noch nicht die Gegenleistung oder eine vertraglich vereinbarte  Teilzahlung erbracht haben. Andernfalls ist die Rücksendung für Sie  kostenfrei. Nicht paketversandfähige Sachen werden bei Ihnen abgeholt. Verpflichtungen zur Erstattung von Zahlungen müssen innerhalb von 30 Tagen erfüllt werden. Die Frist beginnt für Sie mit der Absendung Ihrer Widerrufserklärung oder der Sache, für uns mit deren Empfang.</p>', '', 'Widerrufsrecht');
INSERT INTO `randshop_topnavi_langu` VALUES(4, 2, 'Contact', '', '<p>\r\n	Contact Text</p>\r\n', '', 'Contact');
INSERT INTO `randshop_topnavi_langu` VALUES(11, 1, 'test', '', '<p>\r\n	dsfgsdfg</p>\r\n', '', '');

--
-- Daten für Tabelle `randshop_user`
--


-- --------------------------------------------------------

--
-- Tabellenstruktur für Tabelle `randshop_versandart`
--

CREATE TABLE `randshop_versandart` (
  `id` int(11) NOT NULL AUTO_INCREMENT,
  `landid` int(11) NOT NULL DEFAULT '0',
  `laendergruppeid` int(11) NOT NULL DEFAULT '0',
  `paket_url` varchar(75) NOT NULL DEFAULT '',
  `aktiv` int(11) NOT NULL DEFAULT '0',
  `artikel_download` tinyint(1) unsigned NOT NULL DEFAULT '0',
  `kostenfrei_netto` decimal(12,2) NOT NULL,
  `kostenfrei_brutto` decimal(12,2) NOT NULL,
  `sort` tinyint(2) NOT NULL,
  `image` varchar(155) NOT NULL,
  `spedition` tinyint(1) unsigned NOT NULL DEFAULT '0',
  PRIMARY KEY (`id`)
) ENGINE=MyISAM  DEFAULT CHARSET=utf8 AUTO_INCREMENT=10 ;

--
-- Daten für Tabelle `randshop_versandart`
--

INSERT INTO `randshop_versandart` VALUES(1, 1, 0, 'http://nolp.dhl.de/nextt-online-public/report_popup.jsp?lang=de', 1, 0, 168.07, 200.00, 1, '', 0);
INSERT INTO `randshop_versandart` VALUES(2, 0, 2, 'http://nolp.dhl.de/nextt-online-public/report_popup.jsp?lang=de', 0, 0, 0.00, 0.00, 1, '', 0);
INSERT INTO `randshop_versandart` VALUES(3, 0, 3, 'http://nolp.dhl.de/nextt-online-public/report_popup.jsp?lang=de', 0, 0, 0.00, 0.00, 1, '', 0);
INSERT INTO `randshop_versandart` VALUES(4, 1, 0, 'http://www.dpd.com/de/', 1, 0, 168.07, 200.00, 2, '', 0);
INSERT INTO `randshop_versandart` VALUES(5, 0, 4, 'http://www.dpd.com/de/', 0, 0, 0.00, 0.00, 2, '', 0);
INSERT INTO `randshop_versandart` VALUES(6, 0, 5, 'http://www.dpd.com/de/', 0, 0, 0.00, 0.00, 2, '', 0);
INSERT INTO `randshop_versandart` VALUES(7, 0, 6, 'http://www.dpd.com/de/', 0, 0, 0.00, 0.00, 2, '', 0);
INSERT INTO `randshop_versandart` VALUES(8, 0, 7, 'http://www.dpd.com/de/', 0, 0, 0.00, 0.00, 0, '', 0);
INSERT INTO `randshop_versandart` VALUES(9, 0, 8, 'http://www.dpd.com/de/', 0, 0, 0.00, 0.00, 2, '', 0);

-- --------------------------------------------------------

--
-- Tabellenstruktur für Tabelle `randshop_versandartgewicht`
--

CREATE TABLE `randshop_versandartgewicht` (
  `id` int(11) NOT NULL AUTO_INCREMENT,
  `versandid` int(11) NOT NULL DEFAULT '0',
  `gewicht` decimal(12,2) NOT NULL DEFAULT '0.00',
  `preis_netto` decimal(12,2) unsigned NOT NULL DEFAULT '0.00',
  `preis_brutto` decimal(12,2) unsigned NOT NULL DEFAULT '0.00',
  PRIMARY KEY (`id`)
) ENGINE=MyISAM  DEFAULT CHARSET=utf8 AUTO_INCREMENT=21 ;

--
-- Daten für Tabelle `randshop_versandartgewicht`
--

INSERT INTO `randshop_versandartgewicht` VALUES(1, 1, 0.00, 2.94, 3.50);
INSERT INTO `randshop_versandartgewicht` VALUES(2, 1, 2.00, 6.72, 8.00);
INSERT INTO `randshop_versandartgewicht` VALUES(3, 2, 0.00, 6.72, 8.00);
INSERT INTO `randshop_versandartgewicht` VALUES(4, 2, 2.00, 13.45, 16.00);
INSERT INTO `randshop_versandartgewicht` VALUES(5, 3, 0.00, 13.45, 16.00);
INSERT INTO `randshop_versandartgewicht` VALUES(6, 3, 2.00, 20.17, 24.00);
INSERT INTO `randshop_versandartgewicht` VALUES(7, 4, 0.00, 3.28, 3.90);
INSERT INTO `randshop_versandartgewicht` VALUES(8, 4, 3.50, 6.72, 8.00);
INSERT INTO `randshop_versandartgewicht` VALUES(9, 5, 0.00, 13.45, 16.00);
INSERT INTO `randshop_versandartgewicht` VALUES(10, 5, 2.00, 20.17, 24.00);
INSERT INTO `randshop_versandartgewicht` VALUES(11, 0, 0.00, 13.45, 16.00);
INSERT INTO `randshop_versandartgewicht` VALUES(12, 0, 2.00, 20.17, 24.00);
INSERT INTO `randshop_versandartgewicht` VALUES(13, 6, 0.00, 13.45, 16.00);
INSERT INTO `randshop_versandartgewicht` VALUES(14, 6, 2.00, 20.17, 24.00);
INSERT INTO `randshop_versandartgewicht` VALUES(15, 7, 0.00, 13.45, 16.00);
INSERT INTO `randshop_versandartgewicht` VALUES(16, 7, 2.00, 20.17, 24.00);
INSERT INTO `randshop_versandartgewicht` VALUES(17, 8, 0.00, 13.45, 16.00);
INSERT INTO `randshop_versandartgewicht` VALUES(18, 8, 2.00, 20.17, 24.00);
INSERT INTO `randshop_versandartgewicht` VALUES(19, 9, 0.00, 13.45, 16.00);
INSERT INTO `randshop_versandartgewicht` VALUES(20, 9, 2.00, 13.45, 16.00);

-- --------------------------------------------------------

--
-- Tabellenstruktur für Tabelle `randshop_versandart_ebay`
--

CREATE TABLE `randshop_versandart_ebay` (
  `versandart_id` int(10) unsigned NOT NULL,
  `shipping_id` int(10) unsigned NOT NULL,
  `shipping_cost` decimal(12,2) unsigned NOT NULL,
  PRIMARY KEY (`versandart_id`,`shipping_id`)
) ENGINE=MyISAM DEFAULT CHARSET=utf8;

--
-- Daten für Tabelle `randshop_versandart_ebay`
--


-- --------------------------------------------------------

--
-- Tabellenstruktur für Tabelle `randshop_versandart_langu`
--

CREATE TABLE `randshop_versandart_langu` (
  `versandart_id` int(10) unsigned NOT NULL DEFAULT '0',
  `language_id` int(10) unsigned NOT NULL DEFAULT '0',
  `name` varchar(255) NOT NULL DEFAULT '',
  `beschreibung` text NOT NULL,
  KEY `versandart_id` (`versandart_id`)
) ENGINE=MyISAM DEFAULT CHARSET=utf8;

--
-- Daten für Tabelle `randshop_versandart_langu`
--

INSERT INTO `randshop_versandart_langu` VALUES(1, 1, 'DHL National', 'Die Gewichtsstaffeln sind nur Beispieldaten! Bitte tragen sie hier ihre eigenen Daten ein!\r\n\r\nDie Ware per DHL versenden.');
INSERT INTO `randshop_versandart_langu` VALUES(2, 1, 'DHL Zone 1', 'Die Gewichtsstaffeln sind nur Beispieldaten! Bitte tragen sie hier ihre eigenen Daten ein!\r\n\r\nDie Ware per DHL versenden.');
INSERT INTO `randshop_versandart_langu` VALUES(3, 1, 'DHL Zone 2', 'Die Gewichtsstaffeln sind nur Beispieldaten! Bitte tragen sie hier ihre eigenen Daten ein!\r\n\r\nDie Ware per DHL versenden.');
INSERT INTO `randshop_versandart_langu` VALUES(4, 1, 'DPD National', 'Die Gewichtsstaffeln sind nur Beispieldaten! Bitte tragen sie hier ihre eigenen Daten ein!\r\n\r\nDie Ware per DPD versenden.');
INSERT INTO `randshop_versandart_langu` VALUES(5, 1, 'DPD Zone A', 'Die Gewichtsstaffeln sind nur Beispieldaten! Bitte tragen sie hier ihre eigenen Daten ein!\r\n\r\nDie Ware per DPD versenden.');
INSERT INTO `randshop_versandart_langu` VALUES(6, 1, 'DPD Zone B', 'Die Gewichtsstaffeln sind nur Beispieldaten! Bitte tragen sie hier ihre eigenen Daten ein!\r\n\r\nDie Ware per DPD versenden.');
INSERT INTO `randshop_versandart_langu` VALUES(7, 1, 'DPD Zone C', 'Die Gewichtsstaffeln sind nur Beispieldaten! Bitte tragen sie hier ihre eigenen Daten ein!\r\n\r\nDie Ware per DPD versenden.');
INSERT INTO `randshop_versandart_langu` VALUES(8, 1, 'DPD Zone D', 'Die Gewichtsstaffeln sind nur Beispieldaten! Bitte tragen sie hier ihre eigenen Daten ein!\r\n\r\nDie Ware per DPD versenden.');
INSERT INTO `randshop_versandart_langu` VALUES(9, 1, 'DPD Zone E', 'Die Gewichtsstaffeln sind nur Beispieldaten! Bitte tragen sie hier ihre eigenen Daten ein!\r\n\r\nDie Ware per DPD versenden.');

-- --------------------------------------------------------

--
-- Tabellenstruktur für Tabelle `randshop_waehrung`
--

CREATE TABLE `randshop_waehrung` (
  `id` int(4) unsigned NOT NULL AUTO_INCREMENT,
  `symbol` varchar(10) NOT NULL DEFAULT '',
  `umrechnung` varchar(10) NOT NULL DEFAULT '',
  `prio` int(1) NOT NULL DEFAULT '0',
  `aktiv` int(1) NOT NULL DEFAULT '0',
  `isocode` char(3) NOT NULL DEFAULT '',
  PRIMARY KEY (`id`)
) ENGINE=MyISAM  DEFAULT CHARSET=utf8 AUTO_INCREMENT=10 ;

--
-- Daten für Tabelle `randshop_waehrung`
--

INSERT INTO `randshop_waehrung` VALUES(8, 'EUR', '', 1, 1, 'EUR');

-- --------------------------------------------------------

--
-- Tabellenstruktur für Tabelle `randshop_warenkorb`
--

CREATE TABLE `randshop_warenkorb` (
  `id` int(6) unsigned NOT NULL AUTO_INCREMENT,
  `artikel_id` int(10) unsigned NOT NULL DEFAULT '0',
  `artikel_name` varchar(150) NOT NULL DEFAULT '',
  `kunden_id` int(11) unsigned NOT NULL DEFAULT '0',
  `menge` int(5) unsigned NOT NULL DEFAULT '0',
  `preis_brutto` decimal(12,2) NOT NULL,
  `preis_netto` decimal(12,2) NOT NULL,
  `variante1` varchar(150) NOT NULL DEFAULT '',
  `variante1id` int(10) unsigned NOT NULL DEFAULT '0',
  `variante2` varchar(150) NOT NULL DEFAULT '',
  `variante2id` int(10) unsigned NOT NULL DEFAULT '0',
  `variante3` varchar(150) NOT NULL DEFAULT '',
  `variante3id` int(10) unsigned NOT NULL DEFAULT '0',
  `variante4` varchar(150) NOT NULL DEFAULT '',
  `variante4id` int(10) unsigned NOT NULL DEFAULT '0',
  `session` varchar(60) NOT NULL DEFAULT '0',
  `timestamp` varchar(50) NOT NULL DEFAULT '',
  `artikel_nr` varchar(30) NOT NULL DEFAULT '',
  `pf_transactionid` varchar(255) NOT NULL DEFAULT '',
  `mwst` decimal(12,2) NOT NULL DEFAULT '0.00',
  `mwstid` int(10) unsigned NOT NULL DEFAULT '0',
  `voe_datum` date NOT NULL DEFAULT '0000-00-00',
  `gewicht` decimal(12,2) unsigned NOT NULL DEFAULT '0.00',
  `artikel_download` int(10) NOT NULL DEFAULT '0',
  `verweis_typ` int(2) unsigned DEFAULT NULL,
  `verweis_id` int(11) unsigned DEFAULT NULL,
  `is_giveaway` tinyint(1) unsigned NOT NULL DEFAULT '0',
  `beschreibung` text NOT NULL,
  `lieferant_geliefert` int(10) unsigned NOT NULL,
  `lieferant_storniert` int(10) unsigned NOT NULL,
  `menge_storniert` int(5) unsigned NOT NULL DEFAULT '0',
  `stornierungsgrund` varchar(255) DEFAULT NULL,
  `parent_warenkorb_id` int(10) unsigned NOT NULL DEFAULT '0',
  `konfig_artikel` int(11) NOT NULL,
  `lieferstatus` int(10) unsigned DEFAULT NULL,
  `spedition_versandart_id` int(10) unsigned NOT NULL DEFAULT '0',
  `spedition_versandart_name` varchar(255) DEFAULT NULL,
  `spedition_preis_netto` decimal(12,2) DEFAULT NULL,
  `spedition_preis_brutto` decimal(12,2) DEFAULT NULL,
  PRIMARY KEY (`id`),
  KEY `session` (`session`(32)),
  KEY `kunden_id` (`kunden_id`),
  KEY `artikel_id` (`artikel_id`)
) ENGINE=MyISAM DEFAULT CHARSET=utf8 AUTO_INCREMENT=1 ;

--
-- Daten für Tabelle `randshop_warenkorb`
--


-- --------------------------------------------------------

--
-- Tabellenstruktur für Tabelle `randshop_wunschzettel`
--

CREATE TABLE `randshop_wunschzettel` (
  `id` int(10) unsigned NOT NULL AUTO_INCREMENT,
  `artikelid` int(10) unsigned NOT NULL DEFAULT '0',
  `kundenid` int(10) unsigned NOT NULL DEFAULT '0',
  `timestamp` varchar(14) DEFAULT NULL,
  PRIMARY KEY (`id`),
  KEY `artikelid` (`artikelid`),
  KEY `kundenid` (`kundenid`)
) ENGINE=MyISAM  DEFAULT CHARSET=utf8 AUTO_INCREMENT=6 ;

--
-- Daten für Tabelle `randshop_wunschzettel`
--

INSERT INTO `randshop_wunschzettel` VALUES(2, 3, 1000, '1385632018');
INSERT INTO `randshop_wunschzettel` VALUES(3, 7, 1000, '1385632034');
INSERT INTO `randshop_wunschzettel` VALUES(5, 6, 1000, '1385632086');

-- --------------------------------------------------------

--
-- Tabellenstruktur für Tabelle `randshop_zahlungen`
--

CREATE TABLE `randshop_zahlungen` (
  `id` int(4) unsigned NOT NULL,
  `absender_name` varchar(255) CHARACTER SET utf8 DEFAULT NULL,
  `betrag` float DEFAULT NULL,
  `waehrung` varchar(10) CHARACTER SET utf8 DEFAULT NULL,
  `buchungstag` date DEFAULT NULL,
  `verwendungszweck` varchar(500) CHARACTER SET utf8 DEFAULT NULL,
  `bestell_id` int(10) unsigned DEFAULT NULL,
  `matchscore` int(1) unsigned DEFAULT NULL,
  `verarbeitet` tinyint(1) DEFAULT '0',
  PRIMARY KEY (`id`)
) ENGINE=MyISAM DEFAULT CHARSET=utf8 COLLATE=utf8_unicode_ci;

--
-- Daten für Tabelle `randshop_zahlungen`
--


-- --------------------------------------------------------

--
-- Tabellenstruktur für Tabelle `randshop_zahlungsart`
--

CREATE TABLE `randshop_zahlungsart` (
  `id` int(4) unsigned NOT NULL AUTO_INCREMENT,
  `status` tinyint(1) unsigned NOT NULL,
  `preis_netto` decimal(12,2) unsigned NOT NULL DEFAULT '0.00',
  `preis_brutto` decimal(12,2) unsigned NOT NULL DEFAULT '0.00',
  `frei_netto` decimal(12,2) unsigned NOT NULL DEFAULT '0.00',
  `frei_brutto` decimal(12,2) unsigned NOT NULL DEFAULT '0.00',
  `bankdaten` tinyint(1) NOT NULL DEFAULT '0',
  `kreditkarte` tinyint(1) NOT NULL DEFAULT '0',
  `aktiv` tinyint(1) NOT NULL DEFAULT '0',
  `paymentsystem` tinyint(1) NOT NULL DEFAULT '0',
  `landId` int(3) NOT NULL DEFAULT '0',
  `laendergruppeid` int(11) NOT NULL DEFAULT '0',
  `ab` int(2) NOT NULL DEFAULT '0',
  `artikel_download` tinyint(1) NOT NULL DEFAULT '0',
  `bestellen_status_id` int(10) unsigned NOT NULL DEFAULT '1',
  `image` varchar(150) NOT NULL,
  `bezahlstatus` tinyint(1) NOT NULL DEFAULT '0',
  `sort` tinyint(2) NOT NULL,
  `trustedid` int(11) NOT NULL,
  `rabattstaffel` int(11) unsigned DEFAULT NULL,
  `bonitaetspruefung_vendor_id` int(11) unsigned NOT NULL DEFAULT '0',
  `bonitaetspruefung_score` decimal(12,2) unsigned NOT NULL,
  `bonitaetspruefung_aktiv_vendor_id` int(11) unsigned NOT NULL DEFAULT '0',
  `zahlungsschnittstelle_id` int(10) unsigned NOT NULL DEFAULT '0',
  `preis_prozent` decimal(4,2) DEFAULT NULL,
  PRIMARY KEY (`id`)
) ENGINE=MyISAM  DEFAULT CHARSET=utf8 AUTO_INCREMENT=8 ;

--
-- Daten für Tabelle `randshop_zahlungsart`
--

INSERT INTO `randshop_zahlungsart` VALUES(1, 0, 0.00, 0.00, 0.00, 0.00, 0, 0, 1, 0, 0, 1, 0, 0, 3, '', 0, 1, 0, 0, 0, 0.00, 0, 0, NULL);
INSERT INTO `randshop_zahlungsart` VALUES(2, 0, 2.52, 3.00, 0.00, 0.00, 0, 0, 1, 0, 0, 1, 0, 0, 3, '', 0, 2, 0, NULL, 0, 0.00, 0, 0, NULL);
INSERT INTO `randshop_zahlungsart` VALUES(3, 0, 0.00, 0.00, 0.00, 0.00, 0, 0, 0, 12, 0, 1, 0, 0, 3, '', 0, 3, 0, NULL, 0, 0.00, 0, 0, NULL);
INSERT INTO `randshop_zahlungsart` VALUES(4, 0, 0.00, 0.00, 0.00, 0.00, 0, 0, 0, 0, 0, 1, 0, 0, 3, '', 0, 4, 0, NULL, 0, 0.00, 0, 0, NULL);
INSERT INTO `randshop_zahlungsart` VALUES(5, 0, 0.00, 0.00, 0.00, 0.00, 0, 0, 0, 0, 0, 1, 0, 0, 3, '', 0, 5, 0, 0, 0, 0.00, 0, 0, NULL);
INSERT INTO `randshop_zahlungsart` VALUES(6, 0, 0.00, 0.00, 0.00, 0.00, 0, 0, 0, 0, 1, 0, 0, 0, 1, '', 0, 6, 0, NULL, 0, 2.50, 0, 0, NULL);

-- --------------------------------------------------------

--
-- Tabellenstruktur für Tabelle `randshop_zahlungsart_langu`
--

CREATE TABLE `randshop_zahlungsart_langu` (
  `zahlungsart_id` int(10) unsigned NOT NULL DEFAULT '0',
  `language_id` int(10) unsigned NOT NULL DEFAULT '0',
  `name` varchar(255) NOT NULL DEFAULT '',
  `beschreibung` text NOT NULL,
  `mailbeschreibung` text NOT NULL,
  `bonitaetspruefung_zusatztext` text NOT NULL,
  `bonitaetspruefung_ablehnungstext` text NOT NULL,
  PRIMARY KEY (`zahlungsart_id`,`language_id`)
) ENGINE=MyISAM DEFAULT CHARSET=utf8;

--
-- Daten für Tabelle `randshop_zahlungsart_langu`
--

INSERT INTO `randshop_zahlungsart_langu` VALUES(1, 1, 'Vorkasse', 'Überweisen Sie den Rechnungsbetrag auf unser Konto. Die Kontodaten gehen Ihnen bei Bestellannahme per Email zu.', 'Bitte die Sortierung übenehmen und die Grafiken im Anhang übernehmen (aktuell sind es nur die mit den Schnittstellen). Bei der Beschreibung für die Mail einfach nur:  Hier können noch weitere Informationen hinterlegt werden, die der Kunde erst mit der Bestellbestätigungsmail bekommt. \r\n\r\nZahlung per Vorkasse.', 'Schreiben Sie hier Ihren Zusatztext für die Bonitätsprüfung', 'Formulieren Sie hier einen höflichen und freundlichen Ablehnungstext');
INSERT INTO `randshop_zahlungsart_langu` VALUES(2, 1, 'Nachnahme', 'Bei Zahlung per Nachnahme wird eine zusätzliche Gebühr in Höhe von 3,50 € fällig, die der Zusteller vor Ort erhebt.', 'Hier können noch weitere Informationen hinterlegt werden, die der Kunde erst mit der Bestellbestätigungsmail bekommt. \r\n\r\nZahlung per Nachnahme.', 'Schreiben Sie hier Ihren Zusatztext für die Bonitätsprüfung', 'Formulieren Sie hier einen höflichen und freundlichen Ablehnungstext');
INSERT INTO `randshop_zahlungsart_langu` VALUES(3, 1, 'Sofortüberweisung', 'Wenn Sie per Sofortüberweisung bezahlen möchten werden Sie im Anschluss auf die Sofortüberweisung Seite weitergeleitet wo Sie Ihre Zahlung tätigen können. Bitte halten Sie dafür Ihre Bankdaten bereit.<b>Deaktivieren Sie bitte Ihren Popup Blocker!</b>', 'Hier können noch weitere Informationen hinterlegt werden, die der Kunde erst mit der Bestellbestätigungsmail bekommt.   Zahlung per Sofortüberweisung.', 'Schreiben Sie hier Ihren Zusatztext für die Bonitätsprüfung', 'Formulieren Sie hier einen höflichen und freundlichen Ablehnungstext');
INSERT INTO `randshop_zahlungsart_langu` VALUES(4, 1, 'PayPal', 'Wenn Sie per PayPal bezahlen möchten werden Sie im Anschluss auf die PayPal Seite weitergeleitet wo Sie Ihre Zahlung tätigen können. <b>Deaktivieren Sie bitte Ihren Popup Blocker!</b>', 'Hier können noch weitere Informationen hinterlegt werden, die der Kunde erst mit der Bestellbestätigungsmail bekommt. \r\n\r\nZahlung per PayPal.', 'Schreiben Sie hier Ihren Zusatztext für die Bonitätsprüfung', 'Formulieren Sie hier einen höflichen und freundlichen Ablehnungstext');
INSERT INTO `randshop_zahlungsart_langu` VALUES(5, 1, 'Kreditkarte', 'Wenn Sie per Kreditkarte bezahlen möchten, können Sie im Anschluß, wenn Sie Ihre Bestellung abgeschickt haben, die Zahlung tätigen.', 'Hier können noch weitere Informationen hinterlegt werden, die der Kunde erst mit der Bestellbestätigungsmail bekommt. \r\n\r\nZahlung per Kreditkarte.', 'Schreiben Sie hier Ihren Zusatztext für die Bonitätsprüfung', 'Formulieren Sie hier einen höflichen und freundlichen Ablehnungstext');
INSERT INTO `randshop_zahlungsart_langu` VALUES(6, 1, 'Rechnung', 'Bezahlen Sie bequem Ihre Rechnung nach Erhalt der Ware.', 'Hier können noch weitere Informationen hinterlegt werden, die der Kunde erst mit der Bestellbestätigungsmail bekommt. \r\n\r\nZahlung per Rechnung.', 'Mit der Auswahl dieser Zahlungsart erklären sie sich einverstanden, ihre Daten über eine Bonitätsauskunft prüfen zu lassen.', 'Es konnte bei der Prüfung kein oder ein nicht ausreichend aussagekräftiger Wert übermittelt werden.\r\nWir bitten Sie um Verständnis, dass wir die Zahlungsart Rechnung für Ihre Bestellung nicht freigeben können.');

-- --------------------------------------------------------

--
-- Tabellenstruktur für Tabelle `randshop_zahlungsart_versandart`
--

CREATE TABLE `randshop_zahlungsart_versandart` (
  `zahlungsart_id` int(10) unsigned NOT NULL,
  `versandart_id` int(10) NOT NULL,
  PRIMARY KEY (`zahlungsart_id`,`versandart_id`)
) ENGINE=MyISAM DEFAULT CHARSET=latin1;

--
-- Daten für Tabelle `randshop_zahlungsart_versandart`
--


-- --------------------------------------------------------

--
-- Tabellenstruktur für Tabelle `randshop_zahlungsimport_zahlungsarten`
--

CREATE TABLE `randshop_zahlungsimport_zahlungsarten` (
  `zahlungsart_id` int(4) unsigned NOT NULL,
  `match_status` int(4) unsigned DEFAULT NULL,
  `bezahlt_status` int(4) unsigned DEFAULT NULL,
  PRIMARY KEY (`zahlungsart_id`)
) ENGINE=MyISAM DEFAULT CHARSET=latin1;

--
-- Daten für Tabelle `randshop_zahlungsimport_zahlungsarten`
--


-- --------------------------------------------------------

--
-- Tabellenstruktur für Tabelle `randshop_zahlungsschnittstellen`
--

CREATE TABLE `randshop_zahlungsschnittstellen` (
  `id` int(11) unsigned NOT NULL AUTO_INCREMENT,
  `classname` varchar(30) COLLATE utf8_unicode_ci DEFAULT NULL,
  PRIMARY KEY (`id`)
) ENGINE=InnoDB  DEFAULT CHARSET=utf8 COLLATE=utf8_unicode_ci AUTO_INCREMENT=12 ;

--
-- Daten für Tabelle `randshop_zahlungsschnittstellen`
--

INSERT INTO `randshop_zahlungsschnittstellen` VALUES(1, 'ClickAndBuy');
INSERT INTO `randshop_zahlungsschnittstellen` VALUES(2, 'ipaymentCC');
INSERT INTO `randshop_zahlungsschnittstellen` VALUES(3, 'ipaymentDirectDebit');
INSERT INTO `randshop_zahlungsschnittstellen` VALUES(4, 'NovalnetCC');
INSERT INTO `randshop_zahlungsschnittstellen` VALUES(5, 'NovalnetCCPCI');
INSERT INTO `randshop_zahlungsschnittstellen` VALUES(6, 'PaypalExpress');
INSERT INTO `randshop_zahlungsschnittstellen` VALUES(7, 'SecupayCreditCard');
INSERT INTO `randshop_zahlungsschnittstellen` VALUES(8, 'SecupayDirectDebit');
INSERT INTO `randshop_zahlungsschnittstellen` VALUES(9, 'WirecardQPayCC');
INSERT INTO `randshop_zahlungsschnittstellen` VALUES(10, 'KlarnaDeferredPayment');
INSERT INTO `randshop_zahlungsschnittstellen` VALUES(11, 'KlarnaInvoice');

-- --------------------------------------------------------

--
-- Tabellenstruktur für Tabelle `randshop_zahlungsschnittstellen_bestellparams`
--

CREATE TABLE `randshop_zahlungsschnittstellen_bestellparams` (
  `id` int(11) unsigned NOT NULL AUTO_INCREMENT,
  `bestell_id` int(11) unsigned NOT NULL,
  `param_name` varchar(255) COLLATE utf8_unicode_ci DEFAULT NULL,
  `param_value` varchar(255) COLLATE utf8_unicode_ci DEFAULT NULL,
  PRIMARY KEY (`id`)
) ENGINE=InnoDB DEFAULT CHARSET=utf8 COLLATE=utf8_unicode_ci AUTO_INCREMENT=1 ;

--
-- Daten für Tabelle `randshop_zahlungsschnittstellen_bestellparams`
--


-- --------------------------------------------------------

--
-- Tabellenstruktur für Tabelle `randshop_zahlungsschnittstellen_config`
--

CREATE TABLE `randshop_zahlungsschnittstellen_config` (
  `zahlungsschnittstelle_id` int(11) unsigned NOT NULL,
  `param_name` varchar(30) COLLATE utf8_unicode_ci NOT NULL DEFAULT '',
  `param_value` varchar(255) COLLATE utf8_unicode_ci DEFAULT NULL,
  PRIMARY KEY (`zahlungsschnittstelle_id`,`param_name`)
) ENGINE=InnoDB DEFAULT CHARSET=utf8 COLLATE=utf8_unicode_ci;

--
-- Daten für Tabelle `randshop_zahlungsschnittstellen_config`
--

INSERT INTO `randshop_zahlungsschnittstellen_config` VALUES(10, 'merchantId', '');
INSERT INTO `randshop_zahlungsschnittstellen_config` VALUES(10, 'sharedSecret', '');
